NOAA-Style Climate Reports

Select a Year or Month report
2022: Jan Feb Mar Apr May Jun Jul Aug Sep Oct Nov Dec
2021: Jan Feb Mar Apr May Jun Jul Aug Sep Oct Nov Dec
2020: Jan Feb Mar Apr May Jun Jul Aug Sep Oct Nov Dec
2019: Jan Feb Mar Apr May Jun Jul Aug Sep Oct Nov Dec
2018: Jan Feb Mar Apr May Jun Jul Aug Sep Oct Nov Dec
2017: Jan Feb Mar Apr May Jun Jul Aug Sep Oct Nov Dec
2016: Jan Feb Mar Apr May Jun Jul Aug Sep Oct Nov Dec
2015: Jan Feb Mar Apr May Jun Jul Aug Sep Oct Nov Dec
2014: Jan Feb Mar Apr May Jun Jul Aug Sep Oct Nov Dec
2013: Jan Feb Mar Apr May Jun Jul Aug Sep Oct Nov Dec
2012: Jan Feb Mar Apr May Jun Jul Aug Sep Oct Nov Dec
2011: Jan Feb Mar Apr May Jun Jul Aug Sep Oct Nov Dec
2010: Jan Feb Mar Apr May Jun Jul Aug Sep Oct Nov Dec

Report for 2021 March
                   MONTHLY CLIMATOLOGICAL SUMMARY for MAR. 2021

NAME: Wamuran   CITY: Wamuran   STATE: Queensland 
ELEV:    75 m  LAT:  27° 00' 16" S  LONG: 152° 51' 49" E

                   TEMPERATURE (°C), RAIN  (mm), WIND SPEED (km/hr)

                                      HEAT  COOL        AVG
    MEAN                              DEG   DEG         WIND                 DOM
DAY TEMP  HIGH   TIME   LOW    TIME   DAYS  DAYS  RAIN  SPEED HIGH   TIME    DIR
------------------------------------------------------------------------------------
 1  24.7  73.3   1:30p -67.8   2:30p   0.0   0.5   0.0   0.0   0.0     ---   ---
 2   4.3  53.4   1:30p -67.8  11:30a   2.9   0.8  10.4   0.0   0.0     ---   ---
 3  22.2  22.8  12:00p -67.8   9:00a   0.0   1.0   0.0   0.0   0.0     ---   ---
 4  21.2  43.3   5:00a  18.8   6:00p   0.0   1.3   0.0   0.0   0.0     ---   ---
 5  22.8  29.7   8:00a  17.3   2:30a   0.0   1.4   0.0   0.0   0.0     ---   ---
 6  23.4  43.0   4:30a -67.8  11:30p   0.0   3.4   0.0   0.0   1.6   6:00a     N
 7  24.2  36.8   4:30p -67.8   4:30p   0.0   3.9   0.0   0.0   0.0     ---   ---
 8  25.3  31.5   1:30p  19.8   7:30a   0.0   4.4   0.0   0.0   0.0     ---   ---
 9  24.9  51.2  11:00a  20.6  12:00m   0.0   3.9   0.0   0.0   0.0     ---   ---
10  25.4  28.7  12:00p  20.7  10:30p   0.0   3.7   1.0   0.0   0.0     ---   ---
11  22.0  46.0  11:30a  19.9   7:30p   0.0   1.4  20.0   0.0   0.0     ---   ---
12  22.7  26.9  11:00a -67.8   8:00p   0.0   0.9   0.0   0.0   0.0     ---   ---
13  25.5  29.4   2:00p  20.0   7:00a   0.0   2.5   0.0   0.0   0.0     ---   ---
14  27.2  32.4   1:30p -67.8   7:00p   0.0   3.3   2.6   0.0   0.0     ---   ---
15  22.4  24.5   9:00a  19.8   5:00p   0.0   1.9   3.8   0.0   0.0     ---   ---
16  20.6  23.0  11:30a  18.6   8:30p   0.0   1.2   6.4   0.0   0.0     ---   ---
17  19.7  21.0   9:30a  18.4  10:00p   0.0   0.8  12.8   0.0   0.0     ---   ---
18  21.5  23.6   6:00p  19.3   7:30a   0.0   1.2   0.0   0.0   0.0     ---   ---
19  21.9  24.1   6:30p  20.3   7:00a   0.0   1.0   1.2   0.0   0.0     ---   ---
20  23.0  24.7   5:00p  21.8   7:00a   0.0   1.9  11.4   0.0   0.0     ---   ---
21  22.6  23.4   3:00p  21.7   7:00a   0.0   1.6 120.4   0.0   0.0     ---   ---
22  21.9  23.1   1:30p  21.3  10:30p   0.0   2.4  38.4   0.0   0.0     ---   ---
23  23.2  23.8   6:00p  22.3   8:00a   0.0   2.1  23.4   0.0   0.0     ---   ---
24  -8.3  24.3   6:30p -67.8   7:00a   9.8   0.4  10.2   0.0   0.0     ---   ---
25 -28.1  22.8   8:30a -67.8   8:30a  36.2   0.5   0.0   0.0   1.6   8:00p    NE
26 -19.4  25.4   5:30p -67.8   8:30a  31.6   0.9   0.0   0.0   0.0     ---   ---
27 -15.4  26.4   5:00p -67.8   8:30a  27.0   1.0   0.0   0.0   0.0     ---   ---
28 -21.5  24.7   6:00p -67.8   8:30a  34.0   0.8  10.2   0.0   0.0     ---   ---
29 -13.3  25.5   4:30p -67.8   8:30a  27.2   0.9  10.2   0.0   0.0     ---   ---
30  10.5  24.6  10:30a -67.8   9:30a   8.1   1.7   0.0   0.0   0.0     ---   ---
31  21.3  25.4   2:00p  16.3   7:30a   0.0   2.4   0.0   0.0   0.0     ---   ---
-------------------------------------------------------------------------------------
    14.1  73.3     1   -67.8     1   176.9  55.4 282.4   0.0   1.6     6      NE

Max >=  32.0:  8
Max <=   0.0:  0
Min <=   0.0: 14
Min <= -18.0: 14
Max Rain: 120.40 ON 21/03/21
Days of Rain: 15 (> .2 mm) 13 (> 2 mm) 3 (> 20 mm)
Heat Base:  18.3  Cool Base:  18.3  Method: Integration