NOAA-Style Climate Reports

Select a Year or Month report
2022: Jan Feb Mar Apr May Jun Jul Aug Sep Oct Nov Dec
2021: Jan Feb Mar Apr May Jun Jul Aug Sep Oct Nov Dec
2020: Jan Feb Mar Apr May Jun Jul Aug Sep Oct Nov Dec
2019: Jan Feb Mar Apr May Jun Jul Aug Sep Oct Nov Dec
2018: Jan Feb Mar Apr May Jun Jul Aug Sep Oct Nov Dec
2017: Jan Feb Mar Apr May Jun Jul Aug Sep Oct Nov Dec
2016: Jan Feb Mar Apr May Jun Jul Aug Sep Oct Nov Dec
2015: Jan Feb Mar Apr May Jun Jul Aug Sep Oct Nov Dec
2014: Jan Feb Mar Apr May Jun Jul Aug Sep Oct Nov Dec
2013: Jan Feb Mar Apr May Jun Jul Aug Sep Oct Nov Dec
2012: Jan Feb Mar Apr May Jun Jul Aug Sep Oct Nov Dec
2011: Jan Feb Mar Apr May Jun Jul Aug Sep Oct Nov Dec
2010: Jan Feb Mar Apr May Jun Jul Aug Sep Oct Nov Dec

Report for 2021
                            ANNUAL CLIMATOLOGICAL SUMMARY

NAME: Wamuran  CITY: Wamuran   STATE: Queensland  
ELEV:    75 m  LAT:  27° 00' 16" S  LONG: 152° 51' 49" E

               TEMPERATURE (°C), HEAT BASE 18.3, COOL BASE 18.3
                          DEP.  HEAT  COOL                                          
        MEAN  MEAN        FROM  DEG   DEG                        MAX  MAX  MIN  MIN 
 YR MO  MAX   MIN   MEAN  NORM  DAYS  DAYS  HI  DATE  LOW  DATE  >=32 <=0  <=0  <=-18 
------------------------------------------------------------------------------------
 20  1  33.2  20.6  26.0   0.0     0   216  37.9  21  18.2    4   22    0    0    0
 20  2  30.9  20.9  24.7   0.0     0   187  40.4   3  19.5    2   12    0    0    0
 20  3  28.3  18.6  23.2   0.0     1   133  35.8   2  15.7   19    4    0    0    0
 20  4  27.1  16.6  21.7   0.0     8    86  31.1  17  14.7   13    0    0    0    0
 20  5  22.3  12.4  17.5   0.0    45    27  25.9   9   9.3    2    0    0    0    0
 20  6  20.8  11.5  16.3   0.0    58    13  23.8  14   7.6   23    0    0    0    0
 20  7  20.4  10.8  15.5   0.0    73     9  24.3  20   7.6    5    0    0    0    0
 20  8  22.6   9.7  16.3   0.0    74    26  26.9  13   7.1   24    0    0    0    0
 20  9  25.9  13.0  19.7   0.0    31    63  31.7  21   9.3   29    0    0    0    0
 20 10  29.4  14.7  21.9   0.0    15   104  34.8   9  11.3   10    4    0    0    0
 20 11  31.5  16.6  24.0   0.0     7   149  39.0  29  13.1   11   13    0    0    0
 20 12  32.0  19.8  25.5   0.0     0   189  42.2   6  16.2   26   15    0    0    0
------------------------------------------------------------------------------------
        27.0  15.4  21.0   0.0   311  1203  42.2 DEC   7.1  AUG   70    0    0    0

                                PRECIPITATION (mm)

               DEP.   MAX        DAYS OF RAIN 
               FROM   OBS.          OVER
 YR MO  TOTAL  NORM   DAY  DATE  .2   2   20
---------------------------------------------
 20  1  54.4    0.0  15.8   19   14    5    0
 20  2 122.0    0.0  40.6    6   17   11    1
 20  3 206.4    0.0  84.8    9   15    9    4
 20  4  27.2    0.0  15.8    8    8    4    0
 20  5  26.6    0.0  14.8   20   10    2    0
 20  6  45.6    0.0  18.4   14   13    4    0
 20  7  47.8    0.0  19.0   25   10    7    0
 20  8  18.2    0.0  12.4    7    5    2    0
 20  9   5.5    0.0   1.8   22   10    0    0
 20 10  99.6    0.0  48.0   27   17    5    1
 20 11  25.0    0.0   4.4    8   25    2    0
 20 12 154.9    0.0  54.2   13   26    7    2
---------------------------------------------
       833.3   0.0  84.8  MAR  170   58    8

                                WIND SPEED (km/hr)
                          DOM
 YR MO   AVG.  HI   DATE  DIR
---------------------------------
 20  1   0.2  17.7   21   SSW
 20  2   0.1  16.1   22   NNE
 20  3   0.1  19.3    7    NE
 20  4   0.0  19.3   11    NE
 20  5   0.1  22.5    1    NE
 20  6   0.1  20.9   17    NE
 20  7   0.2  27.4   14    NE
 20  8   0.3  24.1   20    NE
 20  9   0.2  32.2   26    SW
 20 10   0.3  20.9   28    SW
 20 11   0.3  17.7    5    SW
 20 12   0.2  20.9   13    SW
---------------------------------
         0.2  32.2  SEP   NE