NOAA-Style Climate Reports

Select a Year or Month report
2022: Jan Feb Mar Apr May Jun Jul Aug Sep Oct Nov Dec
2021: Jan Feb Mar Apr May Jun Jul Aug Sep Oct Nov Dec
2020: Jan Feb Mar Apr May Jun Jul Aug Sep Oct Nov Dec
2019: Jan Feb Mar Apr May Jun Jul Aug Sep Oct Nov Dec
2018: Jan Feb Mar Apr May Jun Jul Aug Sep Oct Nov Dec
2017: Jan Feb Mar Apr May Jun Jul Aug Sep Oct Nov Dec
2016: Jan Feb Mar Apr May Jun Jul Aug Sep Oct Nov Dec
2015: Jan Feb Mar Apr May Jun Jul Aug Sep Oct Nov Dec
2014: Jan Feb Mar Apr May Jun Jul Aug Sep Oct Nov Dec
2013: Jan Feb Mar Apr May Jun Jul Aug Sep Oct Nov Dec
2012: Jan Feb Mar Apr May Jun Jul Aug Sep Oct Nov Dec
2011: Jan Feb Mar Apr May Jun Jul Aug Sep Oct Nov Dec
2010: Jan Feb Mar Apr May Jun Jul Aug Sep Oct Nov Dec

Report for 2020 December
                   MONTHLY CLIMATOLOGICAL SUMMARY for DEC. 2020

NAME: Wamuran   CITY: Wamuran   STATE: Queensland 
ELEV:    75 m  LAT:  27° 00' 16" S  LONG: 152° 51' 49" E

                   TEMPERATURE (°C), RAIN  (mm), WIND SPEED (km/hr)

                                      HEAT  COOL        AVG
    MEAN                              DEG   DEG         WIND                 DOM
DAY TEMP  HIGH   TIME   LOW    TIME   DAYS  DAYS  RAIN  SPEED HIGH   TIME    DIR
------------------------------------------------------------------------------------
 1  27.7  36.3   1:30p  21.7  11:30p   0.0   7.7   0.8   0.2   8.0  11:00a    SW
 2  29.2  36.9  11:30a  20.1   4:30a   0.0   8.8   0.4   0.3  12.9  10:30a    SW
 3  27.4  34.3  12:30p  20.2  11:30p   0.0   7.4   0.6   0.3   9.7  10:00a    SW
 4  29.4  38.8  12:30p  21.7  11:30p   0.0   8.8   0.4   0.2   9.7   8:00a    SW
 5  29.0  37.7  12:00p  20.2   4:30a   0.0   8.9   0.2   0.3   9.7   9:00a    SW
 6  32.4  42.2   1:30p  21.2   4:30a   0.0  11.8   0.0   0.2  11.3  12:00p   SSW
 7  26.3  38.6  11:00a  20.8  11:30p   0.0   6.6  51.4   0.2  16.1  12:00p    SW
 8  24.9  31.4  12:30p  19.2   6:30p   0.0   5.7   1.2   0.3  11.3   8:30a    NE
 9  23.1  30.2  12:00p  16.3  11:30p   0.1   4.3   0.2   0.3   9.7   8:30a    SW
10  24.7  32.0  11:00a  17.9   3:30a   0.0   5.4   0.2   0.2   9.7  11:00a   SSW
11  22.4  26.4   7:00a  17.9  11:00p   0.0   3.4   1.4   0.2  14.5   9:00a    NE
12  20.8  26.3  12:00p  17.2   4:00a   0.1   2.3   5.4   0.2  12.9   1:30p   NNE
13  19.5  22.5   8:00a  18.4   4:00p   0.0   0.9  54.2   1.0  20.9   7:30a   NNE
14  22.3  24.4   7:30a  20.3  11:00p   0.0   3.5  12.4   0.3  14.5   6:00a    NE
15  24.7  29.5  10:00a  20.5  10:30p   0.0   5.6   0.0   0.0   9.7   9:30a    SW
16  25.8  31.6   8:30a  21.3   2:00a   0.0   6.8   4.0   0.2  11.3   8:30a   NNE
17  25.2  29.2   8:30a  21.9   2:00a   0.0   6.1   0.4   0.2   8.0   7:00a   SSW
18  26.6  32.0  10:00a  22.8   8:30p   0.0   7.0   0.4   0.2   9.7  12:00p   SSW
19  27.3  34.1   8:00a  21.8   9:30p   0.0   7.5   0.2   0.0   8.0   9:30a    SW
20  28.0  35.6   9:30a  21.7   2:00a   0.0   8.1   0.0   0.2   9.7  10:30a   SSW
21  26.3  32.2   9:30a  20.8  10:00p   0.0   6.9   0.2   0.0   8.0   9:30a    SW
22  28.3  36.4  11:00a  22.0   2:00a   0.0   8.3   0.6   0.0  11.3  12:30p   NNE
23  26.6  34.6   9:30a  19.8  10:00p   0.0   7.2   0.4   0.0  12.9  11:00a    NE
24  23.7  29.0  10:00a  19.6   1:30a   0.0   4.7   0.6   0.2  11.3   9:30a    NE
25  23.7  30.9   8:30a  17.9   9:30p   0.0   4.7   0.4   0.0  11.3  12:00p   NNE
26  23.9  30.1   8:30a  16.2  10:00p   0.1   4.9   0.0   0.3  14.5   9:00a    NE
27  23.9  31.2   8:30a  16.8   2:00a   0.1   4.9   0.2   0.3  11.3  11:00a    SW
28  25.4  34.0   8:30a  17.6   1:30a   0.0   6.4   0.0   0.3  11.3   9:30a    SW
29  26.5  31.2   8:00a  19.3   2:00a   0.0   7.0   0.6   0.0   8.0   1:00p   SSW
30  22.3  23.8   5:00a  20.2   8:30p   0.0   3.1   2.4   0.0   4.8   5:30a   SSW
31  23.3  30.1   9:00a  20.6   6:30p   0.0   4.3  15.6   0.2  14.5   8:00a   NNE
-------------------------------------------------------------------------------------
    25.5  42.2     6    16.2    26     0.4 189.0 154.9   0.2  20.9    13      SW

Max >=  32.0: 15
Max <=   0.0:  0
Min <=   0.0:  0
Min <= -18.0:  0
Max Rain: 54.20 ON 13/12/20
Days of Rain: 26 (> .2 mm) 7 (> 2 mm) 2 (> 20 mm)
Heat Base:  18.3  Cool Base:  18.3  Method: Integration