NOAA-Style Climate Reports

Select a Year or Month report
2022: Jan Feb Mar Apr May Jun Jul Aug Sep Oct Nov Dec
2021: Jan Feb Mar Apr May Jun Jul Aug Sep Oct Nov Dec
2020: Jan Feb Mar Apr May Jun Jul Aug Sep Oct Nov Dec
2019: Jan Feb Mar Apr May Jun Jul Aug Sep Oct Nov Dec
2018: Jan Feb Mar Apr May Jun Jul Aug Sep Oct Nov Dec
2017: Jan Feb Mar Apr May Jun Jul Aug Sep Oct Nov Dec
2016: Jan Feb Mar Apr May Jun Jul Aug Sep Oct Nov Dec
2015: Jan Feb Mar Apr May Jun Jul Aug Sep Oct Nov Dec
2014: Jan Feb Mar Apr May Jun Jul Aug Sep Oct Nov Dec
2013: Jan Feb Mar Apr May Jun Jul Aug Sep Oct Nov Dec
2012: Jan Feb Mar Apr May Jun Jul Aug Sep Oct Nov Dec
2011: Jan Feb Mar Apr May Jun Jul Aug Sep Oct Nov Dec
2010: Jan Feb Mar Apr May Jun Jul Aug Sep Oct Nov Dec

Report for 2020 November
                   MONTHLY CLIMATOLOGICAL SUMMARY for OCT. 2020

NAME: Wamuran   CITY: Wamuran   STATE: Queensland 
ELEV:    75 m  LAT:  27° 00' 16" S  LONG: 152° 51' 49" E

                   TEMPERATURE (°C), RAIN  (mm), WIND SPEED (km/hr)

                                      HEAT  COOL        AVG
    MEAN                              DEG   DEG         WIND                 DOM
DAY TEMP  HIGH   TIME   LOW    TIME   DAYS  DAYS  RAIN  SPEED HIGH   TIME    DIR
------------------------------------------------------------------------------------
 1  21.0  31.3  12:30p  11.7  12:30a   1.0   3.2   0.0   0.2  14.5   1:00p    SW
 2  22.9  30.6  12:30p  13.3   5:30a   0.3   3.8   0.0   0.3  11.3  11:30a    SW
 3  21.5  27.3  12:30p  14.6  11:00p   0.6   3.1   0.2   0.3  16.1  12:00p   NNE
 4  20.6  27.9  12:30p  13.9   5:30a   0.8   2.7   0.2   0.3  11.3   9:30a    SW
 5  21.1  29.1   1:00p  13.8   5:30a   0.8   3.0   0.0   0.3  11.3   9:00a    SW
 6  19.8  28.8   1:00p  13.4  11:30p   1.1   2.3   1.0   0.2  11.3   2:30p    SW
 7  20.9  28.2  12:30p  13.1  11:30p   0.9   2.9   0.0   0.3   9.7  11:00a    SW
 8  22.1  30.8  12:30p  12.4   5:30a   0.6   3.6   0.0   0.5  12.9   9:30a    SW
 9  23.6  34.8  12:00p  13.8  12:00m   0.4   4.7   1.6   0.2   9.7   1:00p    SW
10  21.2  29.1  12:00p  11.3   5:30a   0.8   3.1   0.0   0.5  12.9   8:30a    SW
11  21.8  29.5  12:00p  15.5  12:00m   0.5   3.4   0.4   0.3  12.9  12:30p    SW
12  20.7  26.7  10:30a  14.8   9:30p   0.6   2.5   0.0   0.2  12.9  10:30a    SW
13  20.8  27.8  12:30p  14.1  12:00m   0.7   2.9   0.0   0.3  12.9  12:00p    NE
14  19.7  26.4  12:00p  13.6  12:00m   0.9   2.0   6.4   0.5  17.7  11:00a   NNE
15  19.7  27.5   1:30p  12.5   1:30a   1.4   2.6   0.2   0.5  16.1  10:30a    SW
16  22.5  31.7  12:30p  13.9  11:30p   0.7   4.0   0.0   0.5   9.7   1:00p    SW
17  22.3  30.7  11:00a  14.1   5:00a   0.6   3.8   0.0   0.3   8.0  10:30a    SW
18  23.8  31.7  12:30p  13.2   5:00a   0.2   4.7   0.0   0.5  14.5  12:00m   SSW
19  23.8  31.1   1:00p  16.1   5:00a   0.1   4.4   0.0   0.6  16.1   9:30a    NE
20  22.3  27.6  12:00p  15.4   5:00a   0.1   3.3   0.0   0.3  12.9  11:30a    SW
21  20.4  26.2  10:00a  14.7   5:00a   0.3   1.9   1.6   0.0   8.0   7:00a   NNE
22  20.1  24.9  10:00a  16.7   5:30a   0.2   1.6   5.4   0.0   9.7  11:30a    SW
23  22.9  29.0  11:00a  16.8  12:30a   0.0   3.8   0.2   0.2   9.7   3:00p   SSW
24  21.8  26.9  10:30a  16.9  11:00p   0.1   2.7  17.8   0.0   8.0  11:30a   SSW
25  24.6  32.7  11:30a  17.2   5:00a   0.0   5.2   1.2   0.2  11.3   2:00p   SSW
26  24.1  30.0   1:00p  19.6   5:00a   0.0   4.9   0.4   0.2  11.3   2:00p    SW
27  20.6  24.3   9:00a  18.1  10:30p   0.0   1.7  48.0   0.0  16.1   1:00p    NE
28  20.1  28.7  12:00p  16.7   1:30p   0.4   1.8  13.8   0.0  20.9   1:30p    SW
29  22.6  31.6  12:30p  14.6  11:00p   0.6   4.1   1.0   0.3  11.3   9:30a    NE
30  24.8  33.5  11:00a  12.2   4:30a   0.3   5.6   0.2   0.2  11.3   1:00p    SW
31  24.3  34.6   1:00p  16.6   9:30p   0.2   5.1   0.0   0.3  16.1   8:30a    SE
-------------------------------------------------------------------------------------
    21.9  34.8     9    11.3    10    15.2 104.5  99.6   0.3  20.9    28      SW

Max >=  32.0:  4
Max <=   0.0:  0
Min <=   0.0:  0
Min <= -18.0:  0
Max Rain: 48.01 ON 27/10/20
Days of Rain: 17 (> .2 mm) 5 (> 2 mm) 1 (> 20 mm)
Heat Base:  18.3  Cool Base:  18.3  Method: Integration