NOAA-Style Climate Reports

Select a Year or Month report
2022: Jan Feb Mar Apr May Jun Jul Aug Sep Oct Nov Dec
2021: Jan Feb Mar Apr May Jun Jul Aug Sep Oct Nov Dec
2020: Jan Feb Mar Apr May Jun Jul Aug Sep Oct Nov Dec
2019: Jan Feb Mar Apr May Jun Jul Aug Sep Oct Nov Dec
2018: Jan Feb Mar Apr May Jun Jul Aug Sep Oct Nov Dec
2017: Jan Feb Mar Apr May Jun Jul Aug Sep Oct Nov Dec
2016: Jan Feb Mar Apr May Jun Jul Aug Sep Oct Nov Dec
2015: Jan Feb Mar Apr May Jun Jul Aug Sep Oct Nov Dec
2014: Jan Feb Mar Apr May Jun Jul Aug Sep Oct Nov Dec
2013: Jan Feb Mar Apr May Jun Jul Aug Sep Oct Nov Dec
2012: Jan Feb Mar Apr May Jun Jul Aug Sep Oct Nov Dec
2011: Jan Feb Mar Apr May Jun Jul Aug Sep Oct Nov Dec
2010: Jan Feb Mar Apr May Jun Jul Aug Sep Oct Nov Dec

Report for 2020 September
                   MONTHLY CLIMATOLOGICAL SUMMARY for SEP. 2020

NAME: Wamuran   CITY: Wamuran   STATE: Queensland 
ELEV:    75 m  LAT:  27° 00' 16" S  LONG: 152° 51' 49" E

                   TEMPERATURE (°C), RAIN  (mm), WIND SPEED (km/hr)

                                      HEAT  COOL        AVG
    MEAN                              DEG   DEG         WIND                 DOM
DAY TEMP  HIGH   TIME   LOW    TIME   DAYS  DAYS  RAIN  SPEED HIGH   TIME    DIR
------------------------------------------------------------------------------------
 1  19.2  23.8  11:00a  10.7   6:00a   0.8   1.5   0.0   0.3  12.9  11:00a    SW
 2  18.9  24.4  10:30a  13.4   6:00a   1.1   1.6   0.0   0.2   9.7   1:30p   SSW
 3  19.2  25.1   1:00p  13.5  12:30a   1.0   1.8   0.0   0.0   8.0  11:00a   SSW
 4  19.9  27.1  12:00p  14.2  12:00m   0.9   2.0   0.0   0.2   9.7   3:30p   SSW
 5  19.8  27.3  11:30a  12.3   5:30a   1.1   2.3   0.0   0.0   8.0  12:00p   SSW
 6  19.5  25.3  11:30a  13.7   6:00a   0.6   1.6   0.4   0.2  16.1   2:00p   NNE
 7  19.2  22.3  11:00a  16.1   7:00a   0.2   0.8   0.2   0.3  14.5  11:30a    NE
 8  18.4  23.4  12:00p  12.9  12:00m   1.3   1.3   0.2   0.3  12.9   6:30a    NE
 9  17.6  23.5  11:30a  10.8  12:00m   1.9   1.3   0.0   0.0  12.9   1:00p    SW
10  17.4  21.9  11:30a  11.9   6:00a   1.3   0.7   0.6   0.0  16.1   2:00p   NNE
11  18.0  21.9  11:30a  14.1  10:00p   1.0   0.7   0.0   0.6  17.7   8:30a   NNE
12  18.3  23.2  12:00p  13.8  12:00m   1.1   1.1   0.0   0.5  16.1   8:30a    NE
13  18.1  23.3  11:30a  12.6  12:00m   1.3   1.2   0.0   0.0   8.0   7:30a    SW
14  20.0  28.1  12:00p  13.8   6:00a   1.0   2.3   0.6   0.0   9.7  12:30p    SW
15  19.0  25.3  12:00p  12.7   6:00a   1.3   1.8   0.0   0.3  11.3   7:30a    NE
16  18.9  24.9   1:30p  12.6  12:00m   1.3   1.7   0.0   0.0   9.7   8:30a    SW
17  19.7  27.8  12:00p  11.6   5:30a   1.3   2.4   0.0   0.2   9.7  12:30p    SW
18  20.0  25.4  11:30a  14.1  12:00m   0.7   2.1   0.4   0.3  12.9  11:00a   NNE
19  19.0  25.0  11:00a  13.5   5:30a   1.2   1.8   0.6   0.5  14.5  10:00a    SW
20  21.3  28.4  12:30p  15.1  12:30a   0.4   2.9   0.4   0.0   8.0   1:30p    SW
21  23.9  31.7  12:30p  14.7   6:00a   0.1   4.4   0.0   0.3  12.9   3:00p   SSW
22  25.3  31.3  12:00p  18.7   5:30a   0.0   5.6   1.8   0.3   9.7  10:00a    SW
23  23.5  28.8   2:30p  19.5  10:30p   0.0   4.0   0.0   0.0   3.2  11:00a   NNE
24  21.3  30.4   1:00p  12.6  12:00m   1.1   3.5   0.0   0.3  12.9   3:00p    NE
25  23.8  31.4  12:00p  12.8   5:30a   0.3   4.6   0.2   0.5  12.9   1:30p   SSW
26  18.1  24.7   1:00p  10.0  10:30p   1.7   1.6   0.0   1.3  32.2   9:00a    NE
27  17.8  27.4   1:30p   9.6   5:30a   2.2   1.8   0.0   0.0   9.7  11:00a     N
28  18.8  24.2  12:30p  10.5   5:30a   1.0   1.4   0.0   0.3  14.5  10:00a   NNE
29  17.6  23.9   1:00p   9.3  12:00m   2.0   1.4   0.0   0.3  17.7   8:30a   NNE
30  18.9  25.2   1:00p   9.9   5:30a   1.4   1.8   0.0   0.2   9.7  11:00a    SW
-------------------------------------------------------------------------------------
    19.7  31.7    21     9.3    29    30.6  63.3   5.5   0.2  32.2    26      SW

Max >=  32.0:  0
Max <=   0.0:  0
Min <=   0.0:  0
Min <= -18.0:  0
Max Rain: 1.80 ON 22/09/20
Days of Rain: 10 (> .2 mm) 0 (> 2 mm) 0 (> 20 mm)
Heat Base:  18.3  Cool Base:  18.3  Method: Integration