NOAA-Style Climate Reports

Select a Year or Month report
2022: Jan Feb Mar Apr May Jun Jul Aug Sep Oct Nov Dec
2021: Jan Feb Mar Apr May Jun Jul Aug Sep Oct Nov Dec
2020: Jan Feb Mar Apr May Jun Jul Aug Sep Oct Nov Dec
2019: Jan Feb Mar Apr May Jun Jul Aug Sep Oct Nov Dec
2018: Jan Feb Mar Apr May Jun Jul Aug Sep Oct Nov Dec
2017: Jan Feb Mar Apr May Jun Jul Aug Sep Oct Nov Dec
2016: Jan Feb Mar Apr May Jun Jul Aug Sep Oct Nov Dec
2015: Jan Feb Mar Apr May Jun Jul Aug Sep Oct Nov Dec
2014: Jan Feb Mar Apr May Jun Jul Aug Sep Oct Nov Dec
2013: Jan Feb Mar Apr May Jun Jul Aug Sep Oct Nov Dec
2012: Jan Feb Mar Apr May Jun Jul Aug Sep Oct Nov Dec
2011: Jan Feb Mar Apr May Jun Jul Aug Sep Oct Nov Dec
2010: Jan Feb Mar Apr May Jun Jul Aug Sep Oct Nov Dec

Report for 2020 August
                   MONTHLY CLIMATOLOGICAL SUMMARY for AUG. 2020

NAME: Wamuran   CITY: Wamuran   STATE: Queensland 
ELEV:    75 m  LAT:  27° 00' 16" S  LONG: 152° 51' 49" E

                   TEMPERATURE (°C), RAIN  (mm), WIND SPEED (km/hr)

                                      HEAT  COOL        AVG
    MEAN                              DEG   DEG         WIND                 DOM
DAY TEMP  HIGH   TIME   LOW    TIME   DAYS  DAYS  RAIN  SPEED HIGH   TIME    DIR
------------------------------------------------------------------------------------
 1  15.4  20.2  12:30p  10.7  11:30p   2.5   0.3   0.0   0.0   9.7   8:00a    NE
 2  15.3  21.5  12:30p   9.6  11:30p   2.7   0.5   0.0   0.0   6.4  11:30a    SW
 3  15.6  22.1  12:00p   9.4  12:00m   2.5   0.5   0.6   0.0   4.8  12:00p   NNE
 4  15.9  22.3  12:30p   9.4  12:00m   2.6   0.8   0.0   0.0   4.8  11:00a   NNE
 5  17.7  25.7   2:00p   8.9   6:30a   2.1   1.6   0.0   0.0   6.4  10:30a   NNE
 6  17.7  24.6   1:00p   9.0   6:30a   1.7   1.3   0.0   0.0   4.8  10:30a    SW
 7  17.1  20.4   9:30a  13.7   6:30a   1.0   0.1  12.4   0.0   8.0  11:00a    SW
 8  18.3  23.4   1:30p  12.6  12:00m   1.1   1.1   0.0   0.2  14.5  10:30a    NE
 9  12.9  17.9   1:30p   7.2  12:00m   4.0   0.0   0.0   0.5  16.1   9:30a    NE
10  13.9  17.5   1:30p   8.0   6:30a   3.3   0.0   0.0   1.1  20.9  11:30a    NE
11  15.6  21.3  11:30a  10.5   6:30a   2.5   0.5   0.0   0.0   9.7  10:30a    SW
12  17.2  23.3  12:00p  11.3   6:30a   1.8   0.9   0.0   0.0   6.4   1:00p    SW
13  18.9  26.9   1:30p  10.6   6:30a   1.4   1.8   0.6   0.0   6.4   1:00p   NNE
14  19.3  24.8   2:00p  14.7   6:30a   0.6   1.3   0.0   0.0   6.4   9:30a    SW
15  17.4  26.1  12:30p   9.6  12:00m   1.9   1.2   4.4   0.2  16.1   1:00p    NE
16  15.2  21.4   1:30p   9.1   6:00a   2.9   0.5   0.0   0.6  17.7   2:30p    NE
17  14.5  21.1   1:30p   8.4   6:00a   3.4   0.4   0.0   0.6  22.5  11:00a    NE
18  16.8  24.1   1:30p   8.4   6:00a   2.4   1.2   0.0   0.0  11.3   1:00p   NNE
19  20.1  26.8   1:30p  11.2  12:00m   1.2   2.6   0.0   0.6  17.7   9:30a    NE
20  16.9  22.1   1:30p  10.3  12:00m   2.0   0.9   0.2   1.0  24.1  11:00a    NE
21  16.1  22.8   2:30p   9.4  12:00m   2.7   0.9   0.0   0.5  20.9  12:00p    NE
22  17.2  22.0  11:30a   9.2  12:30a   1.8   0.9   0.0   1.1  24.1   3:00p    NE
23  14.2  19.9   2:30p   7.9   6:00a   3.4   0.2   0.0   0.8  19.3  12:30p    NE
24  14.3  21.9   1:30p   7.1   6:00a   3.7   0.5   0.0   0.3  14.5   8:00a    NE
25  14.8  22.4   2:30p   8.1  12:30a   3.5   0.7   0.0   0.0   6.4  10:30a    SE
26  14.7  21.4  11:30a   9.0   6:00a   3.2   0.3   0.0   0.0  14.5  10:30a    NE
27  15.3  22.1  11:30a   8.6   6:00a   3.0   0.6   0.0   0.0   8.0  11:00a   NNE
28  17.2  25.6   2:30p   8.8  12:30a   2.4   1.6   0.0   0.2  12.9  11:00a    NE
29  16.6  21.6  10:30a  10.9  11:30p   2.2   0.8   0.0   0.3  12.9  10:30a    NE
30  16.3  21.8  12:00p  10.2  12:00m   2.3   0.8   0.0   0.0   8.0   9:30a    SW
31  18.0  25.7   2:30p   9.3   6:00a   1.9   1.7   0.0   0.0   9.7  12:00p    SW
-------------------------------------------------------------------------------------
    16.3  26.9    13     7.1    24    73.5  26.4  18.2   0.3  24.1    20      NE

Max >=  32.0:  0
Max <=   0.0:  0
Min <=   0.0:  0
Min <= -18.0:  0
Max Rain: 12.40 ON 07/08/20
Days of Rain: 5 (> .2 mm) 2 (> 2 mm) 0 (> 20 mm)
Heat Base:  18.3  Cool Base:  18.3  Method: Integration