NOAA-Style Climate Reports

Select a Year or Month report
2020: Jan Feb Mar Apr May Jun Jul Aug Sep Oct Nov Dec
2019: Jan Feb Mar Apr May Jun Jul Aug Sep Oct Nov Dec
2018: Jan Feb Mar Apr May Jun Jul Aug Sep Oct Nov Dec
2017: Jan Feb Mar Apr May Jun Jul Aug Sep Oct Nov Dec
2016: Jan Feb Mar Apr May Jun Jul Aug Sep Oct Nov Dec
2015: Jan Feb Mar Apr May Jun Jul Aug Sep Oct Nov Dec
2014: Jan Feb Mar Apr May Jun Jul Aug Sep Oct Nov Dec
2013: Jan Feb Mar Apr May Jun Jul Aug Sep Oct Nov Dec
2012: Jan Feb Mar Apr May Jun Jul Aug Sep Oct Nov Dec
2011: Jan Feb Mar Apr May Jun Jul Aug Sep Oct Nov Dec
2010: Jan Feb Mar Apr May Jun Jul Aug Sep Oct Nov Dec

Report for 2020 June
                   MONTHLY CLIMATOLOGICAL SUMMARY for JUN. 2020

NAME: Wamuran   CITY: Wamuran   STATE: Queensland 
ELEV:    75 m  LAT:  27° 00' 16" S  LONG: 152° 51' 49" E

                   TEMPERATURE (°C), RAIN  (mm), WIND SPEED (km/hr)

                                      HEAT  COOL        AVG
    MEAN                              DEG   DEG         WIND                 DOM
DAY TEMP  HIGH   TIME   LOW    TIME   DAYS  DAYS  RAIN  SPEED HIGH   TIME    DIR
------------------------------------------------------------------------------------
 1  18.8  23.4   2:30p  13.4  12:30a   0.7   1.0   0.6   0.0   4.8   1:00p   ESE
 2  15.1  18.6   2:30p  10.8   8:00p   2.4   0.0   0.0   0.5  19.3  11:30a    NE
 3  13.6  19.9   2:30p   9.2  12:00m   3.5   0.1   0.0   0.3  17.7  12:30a    NE
 4  15.3  20.7   1:00p   8.8   7:30a   2.4   0.3   0.0   0.0  11.3   1:00p    NE
 5  15.7  20.9   2:00p  10.4   7:30a   2.3   0.4   0.0   0.0   9.7  11:00a    NE
 6  15.1  21.2   2:00p  10.1   1:00a   2.9   0.5   0.0   0.0   9.7   1:00p    SW
 7  15.8  21.4   2:30p   9.4   1:00a   2.4   0.5   0.0   0.0  11.3   3:30p    SW
 8  15.4  21.7   1:30p  10.1  12:00m   2.5   0.4   0.0   0.0  11.3   1:30p    NE
 9  17.4  21.8   1:30p   9.4  12:30a   1.2   0.6   0.4   0.2  14.5   2:00p    NE
10  18.0  21.7   1:00p  14.2  12:30a   0.6   0.4   8.6   0.0   6.4   1:00p    NE
11  19.1  23.2   1:00p  15.4  12:30a   0.4   1.0   0.0   0.0   4.8  12:00p   NNE
12  17.4  22.1   1:00p  13.4  12:00m   1.4   0.8   0.0   0.0   9.7  10:30a    SW
13  19.1  23.2   2:30p  13.1  12:30a   0.4   1.0   0.6   0.0   4.8  11:00a   NNE
14  20.2  23.8  11:00a  17.7  12:30a   0.0   1.3  18.4   0.0   4.8  11:30a    SE
15  17.8  22.2   2:30p  14.6  12:00m   1.1   0.7   0.2   0.0   0.0     ---   ---
16  18.7  21.3  11:30a  15.3   7:30a   0.3   0.6   1.0   0.0   6.4  12:30p    NE
17  17.0  21.3   2:00p  12.4   7:00a   1.6   0.6   0.0   0.0  20.9   1:00p    NE
18  17.9  21.9   2:00p  13.6  12:30a   0.9   0.6   9.8   0.2  12.9   1:00p    NE
19  17.0  20.0   1:00p  13.3  12:00m   1.2   0.2   0.6   0.0  11.3   2:00p    NE
20  16.7  19.1   2:00p  12.6  12:30a   1.3   0.1   0.2   0.0  12.9  11:00a   NNE
21  16.9  21.1   1:30p  13.8   7:00a   1.6   0.5   0.4   0.0   6.4   3:00p    SW
22  14.1  19.1   2:00p   8.9  12:00m   3.3   0.1   0.0   0.3  20.9  11:00a    NE
23  14.2  18.0   2:30p   7.6   7:30a   3.0   0.0   0.0   0.8  19.3  12:00p    NE
24  14.2  18.9   2:30p   9.3   7:30a   3.0   0.0   0.0   0.2  14.5  10:00a    NE
25  13.6  19.4   2:30p   9.0  10:00p   3.5   0.1   0.0   0.0   8.0   8:30a   NNE
26  14.4  20.4   2:00p   9.3   1:00a   3.2   0.2   0.0   0.0   8.0   2:30p    SW
27  14.9  20.6   2:30p  10.2  12:30a   2.8   0.3   0.0   0.0   9.7  10:30a    NE
28  14.8  16.6   3:00p  10.5  12:30a   2.5   0.0   4.6   0.0   1.6   9:30a     N
29  14.7  19.8   2:00p  10.3  12:00m   2.9   0.2   0.2   0.0   9.7  12:00p   NNE
30  15.2  19.8   2:00p   9.8  12:30a   2.5   0.2   0.0   0.0   8.0  11:30a   NNE
-------------------------------------------------------------------------------------
    16.3  23.8    14     7.6    23    57.5  12.7  45.6   0.1  20.9    17      NE

Max >=  32.0:  0
Max <=   0.0:  0
Min <=   0.0:  0
Min <= -18.0:  0
Max Rain: 18.39 ON 14/06/20
Days of Rain: 13 (> .2 mm) 4 (> 2 mm) 0 (> 20 mm)
Heat Base:  18.3  Cool Base:  18.3  Method: Integration