NOAA-Style Climate Reports

Select a Year or Month report
2020: Jan Feb Mar Apr May Jun Jul Aug Sep Oct Nov Dec
2019: Jan Feb Mar Apr May Jun Jul Aug Sep Oct Nov Dec
2018: Jan Feb Mar Apr May Jun Jul Aug Sep Oct Nov Dec
2017: Jan Feb Mar Apr May Jun Jul Aug Sep Oct Nov Dec
2016: Jan Feb Mar Apr May Jun Jul Aug Sep Oct Nov Dec
2015: Jan Feb Mar Apr May Jun Jul Aug Sep Oct Nov Dec
2014: Jan Feb Mar Apr May Jun Jul Aug Sep Oct Nov Dec
2013: Jan Feb Mar Apr May Jun Jul Aug Sep Oct Nov Dec
2012: Jan Feb Mar Apr May Jun Jul Aug Sep Oct Nov Dec
2011: Jan Feb Mar Apr May Jun Jul Aug Sep Oct Nov Dec
2010: Jan Feb Mar Apr May Jun Jul Aug Sep Oct Nov Dec

Report for 2020 May
                   MONTHLY CLIMATOLOGICAL SUMMARY for MAY. 2020

NAME: Wamuran   CITY: Wamuran   STATE: Queensland 
ELEV:    75 m  LAT:  27° 00' 16" S  LONG: 152° 51' 49" E

                   TEMPERATURE (°C), RAIN  (mm), WIND SPEED (km/hr)

                                      HEAT  COOL        AVG
    MEAN                              DEG   DEG         WIND                 DOM
DAY TEMP  HIGH   TIME   LOW    TIME   DAYS  DAYS  RAIN  SPEED HIGH   TIME    DIR
------------------------------------------------------------------------------------
 1  16.4  21.6   2:30p  10.1  12:00m   1.9   0.5   0.0   0.3  22.5   2:30p    NE
 2  17.2  21.6   2:30p   9.3   7:30a   1.4   0.6   0.0   0.5  14.5  12:00p    NE
 3  17.2  22.8   2:30p  10.2  12:00m   1.8   0.9   0.0   0.2  17.7   8:30a    NE
 4  17.2  23.4   3:00p   9.5   1:00a   1.9   1.1   0.0   0.0   9.7  12:30p    NE
 5  17.8  23.3   1:00p  11.3   7:30a   1.4   1.1   0.0   0.2   9.7  12:00p    NE
 6  17.9  22.2   2:30p  13.4  12:30a   1.2   0.9   1.6   0.0  11.3   2:00p    NE
 7  18.6  23.1   1:00p  13.9  12:30a   0.9   1.1   0.8   0.0   8.0   1:00p    NE
 8  18.8  24.3   1:30p  13.9  12:00m   1.0   1.4   0.2   0.0   3.2  11:00a   SSE
 9  20.7  25.9   2:00p  14.0   7:30a   0.3   2.0   0.0   0.0   4.8  10:30a    SW
10  21.1  25.7   1:30p  16.5   7:30a   0.2   2.2   0.0   0.0   3.2   9:00a    NE
11  16.9  22.6   2:00p  10.6  12:00m   1.9   0.8   0.0   0.0  11.3  10:00a    NE
12  16.8  22.0   1:30p  10.2  12:30a   1.9   0.8   0.2   0.0   9.7   3:30p    NE
13  18.2  22.7  12:00p  12.9  12:30a   1.0   1.0   0.0   0.0   3.2  10:00a    SW
14  18.2  23.5  12:30p  13.2  12:00m   1.2   1.1   0.2   0.0   4.8  10:30a   NNE
15  16.6  22.8   2:30p  12.0  10:00p   2.2   0.9   0.0   0.0   6.4  12:00p    NE
16  19.2  23.1   2:00p  11.6  12:30a   0.5   1.2   0.0   0.2  11.3  10:30a    NE
17  19.5  23.7  12:30p  15.8   9:00p   0.4   1.3   0.0   0.2  22.5  11:30a    NE
18  19.2  23.1  12:30p  15.2  10:30p   0.5   1.1   0.8   0.2  12.9  12:00p   NNE
19  18.2  22.7   2:30p  14.2   7:30a   1.1   1.0   0.6   0.0   9.7  11:30a    NE
20  18.1  22.6   1:00p  14.4  12:30a   0.7   0.5  14.8   0.0   6.4   2:00p   NNE
21  18.4  20.5  12:00p  16.5  11:00p   0.4   0.5   6.6   0.0   3.2   5:00p    SW
22  13.9  16.4   2:30p  11.4   7:30a   3.1   0.0   0.0   0.0   6.4  10:30p    NE
23  12.4  13.8   1:30p  10.9  12:00m   4.2   0.0   0.0   0.2  12.9   9:30p    NE
24  14.9  18.6   2:30p  10.6   7:30a   2.4   0.0   0.0   0.5  12.9  11:30a    NE
25  16.7  23.6   3:00p  12.3   8:30p   1.8   0.7   0.0   0.0   6.4   8:00a    NE
26  15.8  22.1   2:30p   9.8   7:30a   2.4   0.6   0.0   0.0   6.4   9:00a    NE
27  17.0  23.3   3:00p  11.8  12:00m   1.7   0.7   0.0   0.0   4.8   2:00p    SE
28  17.5  22.8   1:30p  11.4   1:00a   1.5   0.9   0.0   0.0   3.2  12:00p    NE
29  18.3  22.5  12:30p  12.2  12:00m   1.0   1.0   0.0   0.2  14.5   3:30p    NE
30  17.4  22.2   2:30p  11.4   7:30a   1.5   0.9   0.0   0.0  14.5   1:00p    NE
31  17.3  22.6   1:00p  13.6  12:30a   1.4   0.7   0.8   0.0   3.2  11:30a     N
-------------------------------------------------------------------------------------
    17.5  25.9     9     9.3     2    44.9  27.4  26.6   0.1  22.5     1      NE

Max >=  32.0:  0
Max <=   0.0:  0
Min <=   0.0:  0
Min <= -18.0:  0
Max Rain: 14.81 ON 20/05/20
Days of Rain: 10 (> .2 mm) 2 (> 2 mm) 0 (> 20 mm)
Heat Base:  18.3  Cool Base:  18.3  Method: Integration