NOAA-Style Climate Reports

Select a Year or Month report
2020: Jan Feb Mar Apr May Jun Jul Aug Sep Oct Nov Dec
2019: Jan Feb Mar Apr May Jun Jul Aug Sep Oct Nov Dec
2018: Jan Feb Mar Apr May Jun Jul Aug Sep Oct Nov Dec
2017: Jan Feb Mar Apr May Jun Jul Aug Sep Oct Nov Dec
2016: Jan Feb Mar Apr May Jun Jul Aug Sep Oct Nov Dec
2015: Jan Feb Mar Apr May Jun Jul Aug Sep Oct Nov Dec
2014: Jan Feb Mar Apr May Jun Jul Aug Sep Oct Nov Dec
2013: Jan Feb Mar Apr May Jun Jul Aug Sep Oct Nov Dec
2012: Jan Feb Mar Apr May Jun Jul Aug Sep Oct Nov Dec
2011: Jan Feb Mar Apr May Jun Jul Aug Sep Oct Nov Dec
2010: Jan Feb Mar Apr May Jun Jul Aug Sep Oct Nov Dec

Report for 2020 April
                   MONTHLY CLIMATOLOGICAL SUMMARY for APR. 2020

NAME: Wamuran   CITY: Wamuran   STATE: Queensland 
ELEV:    75 m  LAT:  27° 00' 16" S  LONG: 152° 51' 49" E

                   TEMPERATURE (°C), RAIN  (mm), WIND SPEED (km/hr)

                                      HEAT  COOL        AVG
    MEAN                              DEG   DEG         WIND                 DOM
DAY TEMP  HIGH   TIME   LOW    TIME   DAYS  DAYS  RAIN  SPEED HIGH   TIME    DIR
------------------------------------------------------------------------------------
 1  23.3  28.3   1:30p  19.0   7:00a   0.0   4.0   3.4   0.0  12.9  12:30p    SW
 2  23.4  28.8   1:30p  18.8   1:30a   0.0   4.1   0.0   0.0  11.3   9:00a    NE
 3  23.9  29.9   1:30p  18.4   2:00a   0.0   4.6   0.0   0.0   6.4   1:00p    SW
 4  25.1  30.6   1:00p  19.9   1:30a   0.0   5.3   0.0   0.0   8.0  11:00a    NE
 5  23.0  28.8   1:30p  17.5  11:30p   0.1   3.7   0.0   0.0   8.0   3:00p    NE
 6  21.9  27.8   1:30p  16.8   7:00a   0.1   2.9   0.0   0.0   9.7   2:30p    SW
 7  22.1  26.4  12:00p  17.2   7:00a   0.0   3.0   0.4   0.0   9.7  10:30a    NE
 8  20.2  22.8  10:30a  18.2   1:30a   0.0   1.4  15.8   0.0   6.4   1:30p   NNE
 9  21.9  25.9   1:30p  18.3  11:30p   0.0   2.7   2.2   0.0  14.5   1:30p    NE
10  21.2  25.1  11:30a  17.9  12:00m   0.0   2.2   1.0   0.0   4.8  12:30p   SSW
11  23.2  30.3   3:00p  16.7  10:00p   0.2   4.0   0.0   0.2  19.3   4:00p    NE
12  20.4  27.3   1:00p  14.8   7:00a   0.7   2.4   0.0   0.0  11.3   3:00p    NE
13  19.9  26.1   1:00p  14.7   7:30a   0.7   1.9   0.0   0.0   6.4   3:00p    SW
14  20.2  26.1   1:00p  14.7   7:00a   0.8   2.3   0.0   0.0   8.0  12:00p    SW
15  20.4  26.1   1:00p  14.8   1:30a   0.6   2.2   0.0   0.0   8.0   1:30p    NE
16  21.6  27.2  12:30p  15.3   1:30a   0.2   2.7   0.0   0.0   4.8  12:00p    SW
17  24.8  31.1   4:00p  17.0   1:30a   0.1   5.1   0.0   0.0  11.3  10:00a    NE
18  23.4  25.6   1:30p  19.7   6:00p   0.0   2.7   0.0   0.0  11.3   2:00p   NNE
19  19.9  24.7   3:30p  15.8  12:00m   0.3   1.5   0.0   0.0   6.4   3:30p   SSE
20  20.4  26.7   1:00p  15.1   7:30a   0.7   2.3   0.4   0.0   6.4  12:00p   NNE
21  21.3  27.2   1:00p  15.0   7:30a   0.3   2.7   0.0   0.0   6.4  12:30p    SW
22  22.1  29.2  12:30p  15.7   7:00a   0.3   3.3   0.0   0.0   6.4   3:00p    SW
23  20.9  25.3   1:00p  16.0  12:00m   0.3   2.3   0.0   0.0   9.7  10:00a    NE
24  21.7  27.2   1:30p  16.0   7:30a   0.2   2.6   0.0   0.0   8.0   3:30p    SW
25  20.6  26.1   1:30p  15.4   7:00a   0.5   2.2   0.0   0.0   8.0   2:30p    NE
26  20.9  27.3   1:00p  16.0  12:00m   0.4   2.4   0.0   0.0   4.8   1:30p    SW
27  20.8  27.1  12:30p  15.3   1:00a   0.4   2.3   0.0   0.0   6.4  12:30p    NE
28  20.6  24.3  11:30a  17.8  12:30a   0.0   1.8   3.8   0.0   4.8  11:30a    NE
29  20.3  26.1  12:30p  15.7  12:00m   0.4   1.9   0.2   0.0   4.8  12:30p   ENE
30  22.8  28.4   3:00p  15.3   1:00a   0.2   3.6   0.0   0.2  19.3  12:00m    NE
-------------------------------------------------------------------------------------
    21.7  31.1    17    14.7    13     7.5  86.1  27.2   0.0  19.3    11      NE

Max >=  32.0:  0
Max <=   0.0:  0
Min <=   0.0:  0
Min <= -18.0:  0
Max Rain: 15.80 ON 08/04/20
Days of Rain: 8 (> .2 mm) 4 (> 2 mm) 0 (> 20 mm)
Heat Base:  18.3  Cool Base:  18.3  Method: Integration