NOAA-Style Climate Reports

Select a Year or Month report
2020: Jan Feb Mar Apr May Jun Jul Aug Sep Oct Nov Dec
2019: Jan Feb Mar Apr May Jun Jul Aug Sep Oct Nov Dec
2018: Jan Feb Mar Apr May Jun Jul Aug Sep Oct Nov Dec
2017: Jan Feb Mar Apr May Jun Jul Aug Sep Oct Nov Dec
2016: Jan Feb Mar Apr May Jun Jul Aug Sep Oct Nov Dec
2015: Jan Feb Mar Apr May Jun Jul Aug Sep Oct Nov Dec
2014: Jan Feb Mar Apr May Jun Jul Aug Sep Oct Nov Dec
2013: Jan Feb Mar Apr May Jun Jul Aug Sep Oct Nov Dec
2012: Jan Feb Mar Apr May Jun Jul Aug Sep Oct Nov Dec
2011: Jan Feb Mar Apr May Jun Jul Aug Sep Oct Nov Dec
2010: Jan Feb Mar Apr May Jun Jul Aug Sep Oct Nov Dec

Report for 2020 March
                   MONTHLY CLIMATOLOGICAL SUMMARY for MAR. 2020

NAME: Wamuran   CITY: Wamuran   STATE: Queensland 
ELEV:    75 m  LAT:  27° 00' 16" S  LONG: 152° 51' 49" E

                   TEMPERATURE (°C), RAIN  (mm), WIND SPEED (km/hr)

                                      HEAT  COOL        AVG
    MEAN                              DEG   DEG         WIND                 DOM
DAY TEMP  HIGH   TIME   LOW    TIME   DAYS  DAYS  RAIN  SPEED HIGH   TIME    DIR
------------------------------------------------------------------------------------
 1  24.6  32.0   1:00p  19.7   4:30a   0.0   6.3   0.0   0.0  11.3   9:00a    SW
 2  25.8  35.8   1:30p  19.6   4:30a   0.0   7.5   0.0   0.0   6.4  12:00p    SW
 3  25.8  33.9  12:00p  19.8   4:30a   0.0   7.6   2.8   0.0  11.3  10:30p    SW
 4  25.1  30.4  12:00p  21.1   4:30a   0.0   6.7   0.2   0.5  12.9   1:30p    SW
 5  25.1  30.1  11:30a  20.2   3:30a   0.0   6.8   0.2   0.0   8.0  12:30p    SW
 6  26.1  31.6   1:00p  23.2   4:00a   0.0   7.8  30.8   0.0   4.8  12:30p   SSW
 7  25.3  29.8  10:00a  22.6   4:30a   0.0   7.1   0.0   0.2  19.3   2:30p    NE
 8  24.0  26.4  11:00a  22.4  11:00p   0.0   5.7   0.2   0.2  16.1  12:00p   NNE
 9  20.3  23.4  12:30a  19.3  12:00m   0.0   2.0  84.8   0.0   9.7   1:00a   NNE
10  21.3  26.4  11:00a  18.5   1:30a   0.0   2.6   8.4   0.3  17.7  10:30a    NE
11  23.1  27.6  12:00p  18.4   1:00a   0.0   4.1   0.0   0.5  17.7  11:00a    NE
12  20.8  25.1   8:00a  17.3  12:00m   0.0   2.1  26.8   0.2  14.5  10:00a    NE
13  20.6  25.2  11:00a  16.4  12:00m   0.2   2.0   5.8   0.0  16.1  10:00a    NE
14  22.2  26.3  12:30p  16.2   5:00a   0.1   3.3   0.0   0.0  17.7   9:00a    NE
15  23.3  27.7   1:00p  16.9  12:30a   0.0   4.1   0.0   0.5  16.1   9:00a    NE
16  22.4  26.8  10:30a  18.1  10:00p   0.0   3.4   0.0   0.2  16.1  10:00a    NE
17  21.9  26.3  11:30a  16.2  12:00m   0.1   3.2   0.0   0.2  14.5   9:00a    NE
18  22.3  27.7  12:00p  17.3  10:30p   0.1   3.2   0.0   0.2  12.9  11:30a    NE
19  21.9  27.9  12:30p  15.7  12:00m   0.3   3.1   0.0   0.0  11.3   1:30p    NE
20  23.2  30.4   1:00p  17.3  11:30p   0.0   3.8   0.0   0.0   9.7   3:00p    SW
21  25.7  33.7   1:00p  18.4   5:00a   0.0   5.9   0.0   0.0  11.3   7:30a   NNE
22  25.4  31.9   1:00p  19.4  11:30p   0.0   5.6   0.0   0.0   4.8   9:30a    SW
23  24.2  27.7   9:00a  19.7   5:30a   0.0   4.7   2.8   0.2  14.5   2:00p    NE
24  21.1  23.5   2:00p  18.8  10:00p   0.0   2.0   3.4   0.0   8.0   4:00p    NE
25  20.6  25.4   1:00p  15.8  12:00m   0.3   2.2   1.2   0.0   4.8  11:30a    SW
26  22.5  27.0  12:00p  16.6   5:30a   0.0   3.4   0.6   0.0  12.9   9:30a    NE
27  20.3  24.4   9:00a  17.8  11:30p   0.0   1.6  37.8   0.0   9.7   4:00p    NE
28  22.4  27.1  11:00a  18.4  12:00m   0.0   3.2   0.6   0.0   9.7   9:00a    NE
29  22.4  27.4  11:30a  18.2  12:00m   0.0   3.2   0.0   0.0   6.4   8:00a    NE
30  24.0  29.1  11:30a  18.3   5:30a   0.0   4.2   0.0   0.0   4.8   9:30a    SW
31  23.9  29.1  12:30p  18.9   2:30a   0.0   4.5   0.0   0.0   6.4  11:00a   NNE
-------------------------------------------------------------------------------------
    23.2  35.8     2    15.7    19     1.3 132.9 206.4   0.1  19.3     7      NE

Max >=  32.0:  4
Max <=   0.0:  0
Min <=   0.0:  0
Min <= -18.0:  0
Max Rain: 84.81 ON 09/03/20
Days of Rain: 15 (> .2 mm) 9 (> 2 mm) 4 (> 20 mm)
Heat Base:  18.3  Cool Base:  18.3  Method: Integration