NOAA-Style Climate Reports

Select a Year or Month report
2020: Jan Feb Mar Apr May Jun Jul Aug Sep Oct Nov Dec
2019: Jan Feb Mar Apr May Jun Jul Aug Sep Oct Nov Dec
2018: Jan Feb Mar Apr May Jun Jul Aug Sep Oct Nov Dec
2017: Jan Feb Mar Apr May Jun Jul Aug Sep Oct Nov Dec
2016: Jan Feb Mar Apr May Jun Jul Aug Sep Oct Nov Dec
2015: Jan Feb Mar Apr May Jun Jul Aug Sep Oct Nov Dec
2014: Jan Feb Mar Apr May Jun Jul Aug Sep Oct Nov Dec
2013: Jan Feb Mar Apr May Jun Jul Aug Sep Oct Nov Dec
2012: Jan Feb Mar Apr May Jun Jul Aug Sep Oct Nov Dec
2011: Jan Feb Mar Apr May Jun Jul Aug Sep Oct Nov Dec
2010: Jan Feb Mar Apr May Jun Jul Aug Sep Oct Nov Dec

Report for 2020 February
                   MONTHLY CLIMATOLOGICAL SUMMARY for FEB. 2020

NAME: Wamuran   CITY: Wamuran   STATE: Queensland 
ELEV:    75 m  LAT:  27° 00' 16" S  LONG: 152° 51' 49" E

                   TEMPERATURE (°C), RAIN  (mm), WIND SPEED (km/hr)

                                      HEAT  COOL        AVG
    MEAN                              DEG   DEG         WIND                 DOM
DAY TEMP  HIGH   TIME   LOW    TIME   DAYS  DAYS  RAIN  SPEED HIGH   TIME    DIR
------------------------------------------------------------------------------------
 1  25.9  34.9  12:30p  20.3   4:30a   0.0   7.7   0.0   0.2   8.0   9:30a   SSW
 2  26.9  37.3   2:00p  19.5   5:00a   0.0   8.6   0.0   0.2   9.7   2:30p   SSW
 3  29.0  40.4   2:30p  21.1   5:00a   0.0  10.7   0.2   0.3  11.3   9:30a   NNE
 4  23.2  25.8  11:30a  20.1  12:00m   0.0   4.9  10.8   0.2  14.5  11:30a     N
 5  21.0  22.8   1:00p  19.9  12:30a   0.0   2.7  14.8   0.2  12.9   1:00p     N
 6  21.7  24.2  12:00p  20.1  12:30a   0.0   3.4  40.6   0.0   4.8   3:00a     N
 7  23.7  28.7   3:00p  21.3  12:30a   0.0   5.4   1.8   0.0   8.0  12:00p     N
 8  24.7  30.7  12:30p  21.9   3:00a   0.0   6.4   4.2   0.0   8.0   1:00p   SSE
 9  23.9  28.6  10:30a  21.9  12:00m   0.0   5.6  12.0   0.0   6.4  10:30a   SSW
10  24.8  30.7   1:00p  20.6   4:00a   0.0   6.5   7.6   0.2   9.7  11:30a   SSW
11  24.1  29.9   1:00p  21.1   3:30a   0.0   5.8   0.0   0.0   6.4   1:00p   SSE
12  23.1  26.9   9:30a  21.3   4:00a   0.0   4.8   0.0   0.0   8.0   8:00p   NNE
13  23.7  28.4   1:30p  21.2   4:30a   0.0   5.4   0.4   0.0   8.0   2:30p    NE
14  25.3  32.6   1:00p  20.7   5:00a   0.0   7.0   0.0   0.0   8.0   1:30p    SW
15  25.7  33.1   1:00p  20.9   4:00a   0.0   7.4   1.2   0.0   6.4  12:30p    SW
16  26.5  34.2   1:30p  21.7   4:30a   0.0   8.2   0.0   0.0   9.7   1:00p    SW
17  26.1  32.4  11:00a  21.3   3:30a   0.0   7.8   0.0   0.0   8.0   8:00a    SW
18  26.6  33.9  12:30p  21.2   4:30a   0.0   8.2   0.0   0.0   8.0   9:00a    SW
19  27.8  35.8   1:00p  21.8  12:00m   0.0   9.5   3.6   0.0   8.0   1:30p    NE
20  26.7  34.8   1:30p  21.1   5:00a   0.0   8.3   0.0   0.0   8.0   9:30a    SW
21  24.3  30.2  10:30a  20.0   4:30a   0.0   6.0  12.8   0.2   8.0   9:00a    NE
22  23.9  29.6  10:00a  20.2   4:30a   0.0   5.6   2.2   0.2  16.1   2:00p    NE
23  22.8  27.3  10:00a  20.7   3:00a   0.0   4.5   6.0   0.0  12.9  11:30a   NNE
24  22.6  25.8   8:30a  20.3   2:30a   0.0   4.3   3.4   0.0   8.0   7:00p   NNE
25  23.1  26.9   9:00a  20.6   1:00a   0.0   4.8   0.0   0.0   8.0   9:30a   NNE
26  25.4  32.3  11:30a  21.2   4:30a   0.0   7.1   0.2   0.0   4.8   9:30a    SW
27  24.4  31.7  10:30a  21.2  12:00m   0.0   6.1   0.2   0.2  12.9  10:30a    SW
28  25.2  33.4  12:30p  20.5   3:30a   0.0   6.9   0.0   0.0   6.4   9:30a    SW
29  25.7  31.5   1:00p  22.2  12:00m   0.0   7.4   0.0   0.2  16.1   1:30p    NE
-------------------------------------------------------------------------------------
    24.7  40.4     3    19.5     2     0.0 187.1 122.0   0.1  16.1    22     NNE

Max >=  32.0: 12
Max <=   0.0:  0
Min <=   0.0:  0
Min <= -18.0:  0
Max Rain: 40.59 ON 06/02/20
Days of Rain: 17 (> .2 mm) 11 (> 2 mm) 1 (> 20 mm)
Heat Base:  18.3  Cool Base:  18.3  Method: Integration