NOAA-Style Climate Reports

Select a Year or Month report
2020: Jan Feb Mar Apr May Jun Jul Aug Sep Oct Nov Dec
2019: Jan Feb Mar Apr May Jun Jul Aug Sep Oct Nov Dec
2018: Jan Feb Mar Apr May Jun Jul Aug Sep Oct Nov Dec
2017: Jan Feb Mar Apr May Jun Jul Aug Sep Oct Nov Dec
2016: Jan Feb Mar Apr May Jun Jul Aug Sep Oct Nov Dec
2015: Jan Feb Mar Apr May Jun Jul Aug Sep Oct Nov Dec
2014: Jan Feb Mar Apr May Jun Jul Aug Sep Oct Nov Dec
2013: Jan Feb Mar Apr May Jun Jul Aug Sep Oct Nov Dec
2012: Jan Feb Mar Apr May Jun Jul Aug Sep Oct Nov Dec
2011: Jan Feb Mar Apr May Jun Jul Aug Sep Oct Nov Dec
2010: Jan Feb Mar Apr May Jun Jul Aug Sep Oct Nov Dec

Report for 2020 January
                   MONTHLY CLIMATOLOGICAL SUMMARY for JAN. 2020

NAME: Wamuran   CITY: Wamuran   STATE: Queensland 
ELEV:    75 m  LAT:  27° 00' 16" S  LONG: 152° 51' 49" E

                   TEMPERATURE (°C), RAIN  (mm), WIND SPEED (km/hr)

                                      HEAT  COOL        AVG
    MEAN                              DEG   DEG         WIND                 DOM
DAY TEMP  HIGH   TIME   LOW    TIME   DAYS  DAYS  RAIN  SPEED HIGH   TIME    DIR
------------------------------------------------------------------------------------
 1  26.3  34.1  10:00a  18.9  12:00m   0.0   7.0   0.0   0.5  14.5  10:30a    SW
 2  26.2  33.6  10:30a  18.9  11:30p   0.0   6.6   0.0   0.5   9.7   1:30p     S
 3  26.0  33.4  12:00p  18.3  11:30p   0.0   6.4   0.0   0.5  11.3   1:00p    SW
 4  26.3  35.0  10:30a  18.2  11:30p   0.0   6.8   0.0   0.5   9.7  10:30a     S
 5  26.7  35.2  10:30a  18.5   4:00a   0.0   7.2   0.0   0.3  12.9   8:30a     S
 6  25.8  32.2  10:30a  20.0  12:00m   0.0   6.4   0.0   0.3   9.7   6:30a     S
 7  26.4  34.4  12:00p  19.3  12:00m   0.0   6.9   0.0   0.3  11.3   9:30a     S
 8  27.0  35.3  11:30a  19.1   4:00a   0.0   7.2   0.0   0.3  12.9   1:30p     S
 9  27.3  35.2  11:00a  19.0   4:00a   0.0   7.5   0.0   0.5  12.9   1:00p     S
10  27.8  35.2  10:30a  20.8   4:00a   0.0   7.9   0.0   0.5  14.5   1:30p     S
11  27.4  37.3  10:30a  21.1   4:00a   0.0   7.8   1.4   0.2   9.7   1:30p    SW
12  23.9  27.4   9:30a  22.1   9:30p   0.0   4.2   0.0   0.3  14.5  10:30a    NE
13  23.6  27.7  11:00a  19.1  11:30p   0.0   4.4   0.0   0.5  14.5  12:00p    NE
14  25.4  30.3  12:30p  19.7  12:30a   0.0   6.2   1.6   0.3  14.5  11:00a    NE
15  25.3  31.7  12:00p  21.3   4:00a   0.0   6.0   0.8   0.2   9.7  11:00a    SW
16  23.5  26.9   2:00p  20.8  11:30p   0.0   4.5   0.4   0.0   9.7   2:30p   SSW
17  25.2  31.0  10:00a  20.6  12:30a   0.0   5.9   0.2   0.3  14.5  10:00a     S
18  23.8  29.7   3:00p  20.7   4:00a   0.0   4.1   8.6   0.0   9.7   5:30a    NE
19  25.1  33.6   1:00p  20.7   5:00a   0.0   6.7  15.8   0.0   4.8   4:30p     N
20  26.2  35.9   1:30p  21.9   5:30a   0.0   7.9   6.6   0.0  12.9   5:30p   SSE
21  26.3  37.9   1:00p  20.8   4:30p   0.0   8.0  13.0   0.2  17.7   4:30p   SSW
22  27.6  37.3   2:30p  20.0   5:00a   0.0   9.3   0.4   0.3   9.7   4:30p   SSW
23  27.2  32.3  12:30p  24.2  12:00m   0.0   8.9   1.8   0.0   6.4  10:00a   SSE
24  27.9  35.1  12:30p  23.3   3:00a   0.0   9.6   0.0   0.0   8.0  10:30a   SSE
25  26.7  34.1   1:00p  22.6  12:00m   0.0   8.4   0.0   0.2   8.0  12:30p   SSE
26  24.7  29.6  10:30a  21.6   5:30a   0.0   6.4   2.2   0.0   6.4   9:30a   SSE
27  25.2  32.5  12:30p  20.7   4:30a   0.0   6.9   0.2   0.2   8.0   2:00p   SSE
28  25.2  30.7  12:00p  21.7   1:30a   0.0   6.9   1.4   0.0   4.8   8:00a   SSE
29  27.4  36.6   1:00p  22.3  12:00m   0.0   9.2   0.0   0.2   6.4   1:00p   SSW
30  26.4  34.3   1:00p  21.5  12:00m   0.0   8.1   0.0   0.2  11.3   1:30p   SSW
31  25.4  32.6   1:30p  21.1   5:00a   0.0   7.1   0.0   0.0  11.3   1:00p   SSW
-------------------------------------------------------------------------------------
    26.0  37.9    21    18.2     4     0.0 216.3  54.4   0.2  17.7    21     SSW

Max >=  32.0: 22
Max <=   0.0:  0
Min <=   0.0:  0
Min <= -18.0:  0
Max Rain: 15.80 ON 19/01/20
Days of Rain: 14 (> .2 mm) 5 (> 2 mm) 0 (> 20 mm)
Heat Base:  18.3  Cool Base:  18.3  Method: Integration