NOAA-Style Climate Reports

Select a Year or Month report
2020: Jan Feb Mar Apr May Jun Jul Aug Sep Oct Nov Dec
2019: Jan Feb Mar Apr May Jun Jul Aug Sep Oct Nov Dec
2018: Jan Feb Mar Apr May Jun Jul Aug Sep Oct Nov Dec
2017: Jan Feb Mar Apr May Jun Jul Aug Sep Oct Nov Dec
2016: Jan Feb Mar Apr May Jun Jul Aug Sep Oct Nov Dec
2015: Jan Feb Mar Apr May Jun Jul Aug Sep Oct Nov Dec
2014: Jan Feb Mar Apr May Jun Jul Aug Sep Oct Nov Dec
2013: Jan Feb Mar Apr May Jun Jul Aug Sep Oct Nov Dec
2012: Jan Feb Mar Apr May Jun Jul Aug Sep Oct Nov Dec
2011: Jan Feb Mar Apr May Jun Jul Aug Sep Oct Nov Dec
2010: Jan Feb Mar Apr May Jun Jul Aug Sep Oct Nov Dec

Report for 2019 December
                   MONTHLY CLIMATOLOGICAL SUMMARY for DEC. 2019

NAME: Wamuran   CITY: Wamuran   STATE: Queensland 
ELEV:    75 m  LAT:  27° 00' 16" S  LONG: 152° 51' 49" E

                   TEMPERATURE (°C), RAIN  (mm), WIND SPEED (km/hr)

                                      HEAT  COOL        AVG
    MEAN                              DEG   DEG         WIND                 DOM
DAY TEMP  HIGH   TIME   LOW    TIME   DAYS  DAYS  RAIN  SPEED HIGH   TIME    DIR
------------------------------------------------------------------------------------
 1  27.1  37.8  10:30a  21.5   3:30a   0.0   7.0   5.8   0.5  24.1  12:30p     S
 2  28.9  36.1  12:00p  20.8  11:00p   0.0   8.9   0.0   1.8  27.4  11:00a    NE
 3  26.7  36.1  12:30p  17.1  11:00p   0.0   7.0   0.0   1.0  16.1  10:00a     S
 4  26.3  37.1  10:30a  15.3  11:00p   0.3   7.0   0.0   0.5  11.3  10:00a    SW
 5  27.8  40.2  11:30a  14.7   3:30a   0.3   8.3   0.0   0.8  17.7   8:30a     S
 6  30.9  41.0  11:30a  15.1   3:30a   0.1  10.6   0.0   0.8  16.1   9:00a   SSE
 7  32.5  42.6   9:30a  24.3  11:00p   0.0  11.8   0.0   0.8  14.5   5:00a    NE
 8  26.8  32.1  11:00a  22.9   4:30a   0.0   6.9   0.0   0.2  14.5  12:00p     S
 9  26.3  33.7   9:30a  19.4  11:30p   0.0   6.6   0.0   0.2  11.3   5:30a     S
10  28.5  37.0  11:00a  20.5   4:00a   0.0   8.3   0.0   0.5  12.9  11:30a    SW
11  29.1  38.7  11:00a  20.9   3:30a   0.0   8.8   0.0   0.6  16.1   9:00p     S
12  27.7  36.2   9:30a  20.8   4:00a   0.0   8.1   0.0   0.6  12.9   9:30a     S
13  24.6  32.3  10:30a  17.6  12:00m   0.0   5.4   1.0   0.5  11.3   3:30p     S
14  27.5  36.7  10:00a  20.6   4:00a   0.0   7.6   0.0   0.5  11.3  10:30a     S
15  28.7  36.9  11:00a  20.7   3:30a   0.0   8.9   0.0   0.8  12.9   8:00a     S
16  30.9  43.4  12:30p  20.7   3:30a   0.0  10.7   0.0   1.3  19.3  11:30a    NE
17  24.9  30.1  12:30p  19.2  10:00p   0.0   5.6   0.0   0.8  19.3  12:00p     S
18  24.1  30.9  11:00a  16.9  11:30p   0.1   5.0   0.0   0.6  16.1  11:30a    NE
19  24.9  32.7  11:30a  16.6  11:30p   0.1   5.7   0.0   0.5  11.3   1:00p     S
20  25.9  35.2  10:00a  16.8   3:30a   0.0   6.7   0.0   0.5  12.9  11:00a    SW
21  26.6  35.4  10:30a  18.3   3:30a   0.0   7.1   0.0   0.5  12.9  12:30p     S
22  26.8  34.8  10:30a  18.4   3:30a   0.0   7.5   0.0   0.3  12.9   9:30a    SW
23  25.5  32.6  11:30a  20.3  12:00m   0.0   5.9   0.0   0.2  11.3  11:00a     S
24  26.4  34.5  12:30p  20.5  10:30p   0.0   6.8  39.8   0.5  14.5  11:00a     S
25  22.7  26.6   8:00a  20.8   7:30p   0.0   3.8  11.4   0.2  11.3   8:30a    NE
26  24.1  29.8   9:00a  18.9  12:00m   0.0   5.2   1.8   0.5  16.1   2:30p     S
27  22.5  28.2  10:00a  17.6  12:00m   0.0   3.8   2.4   0.3  12.9   1:00p    NE
28  24.6  30.2   1:00p  18.6   3:30a   0.0   5.5   0.0   0.3  11.3   1:00p     S
29  24.7  31.8  10:30a  17.2  11:30p   0.1   5.7   0.0   0.5  12.9  10:00a     S
30  25.8  32.6  11:00a  17.7   4:00a   0.0   6.4   0.0   0.5  12.9  12:00p     S
31  25.0  30.6  10:30a  20.4  10:00p   0.0   5.9   0.0   0.3   8.0   6:00a    SW
-------------------------------------------------------------------------------------
    26.6  43.4    16    14.7     5     1.2 218.4  62.2   0.6  27.4     2       S

Max >=  32.0: 23
Max <=   0.0:  0
Min <=   0.0:  0
Min <= -18.0:  0
Max Rain: 39.80 ON 24/12/19
Days of Rain: 6 (> .2 mm) 4 (> 2 mm) 1 (> 20 mm)
Heat Base:  18.3  Cool Base:  18.3  Method: Integration