NOAA-Style Climate Reports

Select a Year or Month report
2020: Jan Feb Mar Apr May Jun Jul Aug Sep Oct Nov Dec
2019: Jan Feb Mar Apr May Jun Jul Aug Sep Oct Nov Dec
2018: Jan Feb Mar Apr May Jun Jul Aug Sep Oct Nov Dec
2017: Jan Feb Mar Apr May Jun Jul Aug Sep Oct Nov Dec
2016: Jan Feb Mar Apr May Jun Jul Aug Sep Oct Nov Dec
2015: Jan Feb Mar Apr May Jun Jul Aug Sep Oct Nov Dec
2014: Jan Feb Mar Apr May Jun Jul Aug Sep Oct Nov Dec
2013: Jan Feb Mar Apr May Jun Jul Aug Sep Oct Nov Dec
2012: Jan Feb Mar Apr May Jun Jul Aug Sep Oct Nov Dec
2011: Jan Feb Mar Apr May Jun Jul Aug Sep Oct Nov Dec
2010: Jan Feb Mar Apr May Jun Jul Aug Sep Oct Nov Dec

Report for 2019 November
                   MONTHLY CLIMATOLOGICAL SUMMARY for NOV. 2019

NAME: Wamuran   CITY: Wamuran   STATE: Queensland 
ELEV:    75 m  LAT:  27° 00' 16" S  LONG: 152° 51' 49" E

                   TEMPERATURE (°C), RAIN  (mm), WIND SPEED (km/hr)

                                      HEAT  COOL        AVG
    MEAN                              DEG   DEG         WIND                 DOM
DAY TEMP  HIGH   TIME   LOW    TIME   DAYS  DAYS  RAIN  SPEED HIGH   TIME    DIR
------------------------------------------------------------------------------------
 1  20.8  28.3  10:30a  15.6  12:00m   0.4   2.5   0.0   0.5  12.9  11:00a     S
 2  20.2  26.6  12:00p  14.8   1:30a   0.4   2.1   0.0   0.2  11.3   4:00p     S
 3  23.0  29.8   1:00p  16.6   5:30a   0.1   4.0   0.0   0.5  11.3   1:30p     S
 4  25.3  33.1  12:00p  17.4   1:00a   0.0   5.9   0.0   0.2   9.7  11:00a   SSW
 5  23.3  29.3   9:30a  12.6  12:00m   0.6   4.8   0.0   2.4  27.4  12:30p   ENE
 6  21.5  31.4  12:30p  12.6  12:30a   1.0   3.7   0.0   0.5  12.9  11:30a    SW
 7  26.0  38.0   1:00p  13.1  12:30a   0.2   6.5   0.0   0.6  12.9   9:00a    NE
 8  30.5  40.2   1:30p  15.3   5:00a   0.1  10.2   0.0   1.1  24.1   2:00p   SSW
 9  24.5  30.8  12:30p  14.3  10:30p   0.5   5.4   0.0   1.6  19.3  11:00a    NE
10  24.1  34.0   2:00p  14.6  12:30a   0.5   5.4   0.0   0.8  19.3  10:30a    NE
11  23.0  29.8  11:30a  16.2  12:00m   0.2   4.1   0.0   0.5  14.5  12:00p    NE
12  27.4  38.1   1:00p  14.6   5:00a   0.3   8.3   0.0   1.0  14.5   3:00p     S
13  26.6  37.7  12:00p  21.1  12:00m   0.0   6.9   0.0   1.4  29.0   1:00p   SSW
14  25.1  32.8  12:00p  19.9   5:00a   0.0   5.8   0.0   0.5  12.9   9:00a    SW
15  27.4  36.8  12:30p  18.8   5:00a   0.0   7.6   0.0   0.6  14.5  12:00p     S
16  25.8  39.8  12:00p  18.7   5:00a   0.0   6.1   0.4   0.5  14.5  11:30a     S
17  23.1  31.2   9:00a  19.9   6:30p   0.0   3.4   0.4   0.2  16.1  11:30a     S
18  22.0  27.9   1:00p  15.7  11:30p   0.5   3.7   0.0   0.5  14.5   9:00a    NE
19  25.2  34.6  11:00a  17.9  12:00m   0.0   5.8   0.0   0.3   9.7  12:30p     S
20  27.6  36.8  10:00a  17.8   3:30a   0.0   7.9   0.0   0.5   9.7  10:30a    SW
21  24.5  30.8   9:00a  16.3  11:30p   0.1   5.4   0.0   0.5   9.7  11:00a     S
22  24.3  32.1  10:30a  16.3   3:30a   0.1   5.2   0.0   0.6  12.9  10:30a     S
23  25.1  32.4  11:30a  16.7  11:00p   0.1   5.7   0.0   0.6  14.5  11:00a     S
24  24.7  32.8  11:00a  16.3  12:00m   0.1   5.7   0.0   0.8  11.3  12:00p     S
25  24.3  31.3  10:30a  16.0   3:30a   0.1   5.3   0.0   0.6  11.3   1:00p    SW
26  26.7  34.9  10:30a  19.7   4:00a   0.0   6.8   0.0   0.8  14.5  11:00a     S
27  27.1  35.9   9:00a  21.5   3:30a   0.0   7.3   0.0   0.3  12.9  10:30a    NE
28  22.9  28.8   1:30p  18.3  12:00m   0.0   3.8   0.0   0.0  11.3   1:30p    NE
29  26.1  34.0  11:00a  17.9  12:30a   0.0   6.6   0.0   0.3   9.7  12:00p     S
30  28.6  37.8  10:00a  19.1   3:30a   0.0   8.6   0.0   0.8  16.1  11:00a     S
-------------------------------------------------------------------------------------
    24.9  40.2     8    12.6     5     5.4 170.5   0.8   0.7  29.0    13       S

Max >=  32.0: 18
Max <=   0.0:  0
Min <=   0.0:  0
Min <= -18.0:  0
Max Rain: 0.41 ON 16/11/19
Days of Rain: 2 (> .2 mm) 0 (> 2 mm) 0 (> 20 mm)
Heat Base:  18.3  Cool Base:  18.3  Method: Integration