NOAA-Style Climate Reports

Select a Year or Month report
2019: Jan Feb Mar Apr May Jun Jul Aug Sep Oct Nov Dec
2018: Jan Feb Mar Apr May Jun Jul Aug Sep Oct Nov Dec
2017: Jan Feb Mar Apr May Jun Jul Aug Sep Oct Nov Dec
2016: Jan Feb Mar Apr May Jun Jul Aug Sep Oct Nov Dec
2015: Jan Feb Mar Apr May Jun Jul Aug Sep Oct Nov Dec
2014: Jan Feb Mar Apr May Jun Jul Aug Sep Oct Nov Dec
2013: Jan Feb Mar Apr May Jun Jul Aug Sep Oct Nov Dec
2012: Jan Feb Mar Apr May Jun Jul Aug Sep Oct Nov Dec
2011: Jan Feb Mar Apr May Jun Jul Aug Sep Oct Nov Dec
2010: Jan Feb Mar Apr May Jun Jul Aug Sep Oct Nov Dec

Report for 2019 August
                   MONTHLY CLIMATOLOGICAL SUMMARY for MAY. 2019

NAME: Wamuran   CITY: Wamuran   STATE: Queensland 
ELEV:    75 m  LAT:  27° 00' 16" S  LONG: 152° 51' 49" E

                   TEMPERATURE (°C), RAIN  (mm), WIND SPEED (km/hr)

                                      HEAT  COOL        AVG
    MEAN                              DEG   DEG         WIND                 DOM
DAY TEMP  HIGH   TIME   LOW    TIME   DAYS  DAYS  RAIN  SPEED HIGH   TIME    DIR
------------------------------------------------------------------------------------
 1  20.4  25.3  12:30p  16.9  12:00m   0.1   2.2   0.6   0.0   1.6   4:00p    NE
 2  20.3  26.7  12:30p  16.6   2:00a   0.3   2.3   0.0   0.0   4.8   1:30p    NE
 3  20.4  25.1   2:00p  16.7   3:00a   0.3   2.4   0.0   0.0   1.6   2:00p    SE
 4  19.6  23.6  12:00p  16.2  12:00m   0.2   1.5   0.0   0.0   4.8   3:30p    NE
 5  17.1  22.7   2:00p  12.9   5:30a   2.2   1.0   0.0   0.0   6.4  12:30a    NE
 6  16.1  23.3   2:00p  11.2  12:00m   3.2   1.0   0.0   0.0   4.8  10:30a   SSW
 7  16.4  24.2   1:30p  10.9   1:30a   2.9   1.0   0.0   0.0   4.8  10:30a     N
 8  17.7  25.6  12:00p  12.4  10:30p   2.5   1.9   0.0   0.0   9.7   8:30a     S
 9  17.0  24.8  11:30a  10.9   5:30a   2.8   1.5   0.0   0.0   3.2   8:30a    SW
10  19.9  27.2   1:00p  13.7   2:00a   1.1   2.7   1.4   0.2  16.1  11:30p    NE
11  15.9  21.0   1:30p  11.9   5:30a   2.8   0.4   0.0   1.4  20.9   1:00a    NE
12  16.1  22.5   2:30p  10.8   5:30a   2.9   0.7   0.0   0.0   9.7  11:30p   ESE
13  18.1  22.2  11:30a  15.3   5:30a   0.9   0.7   0.0   0.0   9.7   1:30p    NE
14  18.0  21.7  10:30a  15.3   6:00a   1.0   0.7   2.8   0.0   4.8  10:00a   SSW
15  18.1  22.2   1:30p  15.9   3:00a   1.0   0.8   0.0   0.0   8.0   2:00p    NE
16  18.2  23.3  12:00p  14.7  12:00m   1.4   1.3   0.2   0.2  12.9  11:00a   ENE
17  17.4  23.3   1:00p  14.2   3:00a   1.8   0.9   0.0   0.0   9.7  12:00p    NE
18  16.9  22.3  11:30a  13.6   5:30a   2.1   0.8   0.2   0.2   9.7   9:30a    NE
19  17.4  22.2   1:30p  13.8  12:30a   1.7   0.8   0.0   0.2  11.3   8:00a    NE
20  17.2  20.7  12:00p  14.7   4:00a   1.4   0.2   0.0   0.0   6.4   7:00p    NE
21  17.4  23.3  12:00p  13.7  10:30p   1.9   1.1   0.2   0.0   6.4  10:30a    NE
22  17.1  23.3  12:00p  12.2   4:30a   2.3   1.1   0.0   0.0  11.3   2:00p    NE
23  17.1  22.6  12:00p  13.7   3:30a   2.2   1.0   0.0   0.0   6.4   9:00a   ENE
24  17.0  23.0  12:30p  13.6  12:00m   2.3   1.0   0.0   0.0   8.0  11:00a    NE
25  17.2  23.1   2:00p  13.1   2:30a   2.1   0.9   0.0   0.0   4.8  11:00a    SE
26  17.8  24.7   1:00p  14.4  11:00p   1.8   1.4   0.0   0.0   6.4   9:00a    NE
27  19.2  26.2   2:00p  11.9  12:00m   1.3   2.1   0.0   0.3  12.9   1:30p   SSW
28  13.9  21.2   2:00p   8.6   5:30a   4.7   0.3   0.0   0.2  11.3   9:00a   SSW
29  12.8  21.7   2:00p   7.5  12:00m   5.9   0.4   0.0   0.5  16.1  10:30a   ENE
30  14.0  21.3   1:30p   6.6   2:30a   4.8   0.5   0.0   0.8  16.1  12:00p    NE
31  11.2  18.0  12:00p   5.1   5:30a   7.2   0.0   0.0   0.2   6.4  12:30a   SSW
-------------------------------------------------------------------------------------
    17.2  27.2    10     5.1    31    69.0  34.7   5.4   0.1  20.9    11      NE

Max >=  32.0:  0
Max <=   0.0:  0
Min <=   0.0:  0
Min <= -18.0:  0
Max Rain: 2.79 ON 14/05/19
Days of Rain: 6 (> .2 mm) 1 (> 2 mm) 0 (> 20 mm)
Heat Base:  18.3  Cool Base:  18.3  Method: Integration