NOAA-Style Climate Reports

Select a Year or Month report
2019: Jan Feb Mar Apr May Jun Jul Aug Sep Oct Nov Dec
2018: Jan Feb Mar Apr May Jun Jul Aug Sep Oct Nov Dec
2017: Jan Feb Mar Apr May Jun Jul Aug Sep Oct Nov Dec
2016: Jan Feb Mar Apr May Jun Jul Aug Sep Oct Nov Dec
2015: Jan Feb Mar Apr May Jun Jul Aug Sep Oct Nov Dec
2014: Jan Feb Mar Apr May Jun Jul Aug Sep Oct Nov Dec
2013: Jan Feb Mar Apr May Jun Jul Aug Sep Oct Nov Dec
2012: Jan Feb Mar Apr May Jun Jul Aug Sep Oct Nov Dec
2011: Jan Feb Mar Apr May Jun Jul Aug Sep Oct Nov Dec
2010: Jan Feb Mar Apr May Jun Jul Aug Sep Oct Nov Dec

Report for 2019 March
                   MONTHLY CLIMATOLOGICAL SUMMARY for FEB. 2019

NAME: Wamuran   CITY: Wamuran   STATE: Queensland 
ELEV:    75 m  LAT:  27° 00' 16" S  LONG: 152° 51' 49" E

                   TEMPERATURE (°C), RAIN  (mm), WIND SPEED (km/hr)

                                      HEAT  COOL        AVG
    MEAN                              DEG   DEG         WIND                 DOM
DAY TEMP  HIGH   TIME   LOW    TIME   DAYS  DAYS  RAIN  SPEED HIGH   TIME    DIR
------------------------------------------------------------------------------------
 1  25.3  34.9   1:00p  19.2   4:30a   0.0   7.0   0.4   0.0  12.9   1:00p     S
 2  24.9  30.6  11:00a  20.2   3:00a   0.0   6.6   2.0   0.2  14.5  11:00a     S
 3  23.2  28.9   3:30p  19.1  11:30p   0.0   4.9   1.8   0.0  12.9   9:00a     S
 4  24.2  31.7   2:00p  19.4  12:30a   0.0   5.9   2.4   0.2  25.7  10:30a     S
 5  24.3  32.1  12:30p  19.9   2:00a   0.0   6.1  20.6   0.3  16.1   2:00p    NE
 6  24.0  29.1   2:00p  21.9  12:30a   0.0   5.7  27.4   0.0  14.5   1:00p   SSE
 7  24.8  30.8   1:30p  21.2   3:30a   0.0   6.6   3.4   0.2  14.5  12:30p   SSE
 8  24.2  29.8   1:00p  20.8  12:00m   0.0   5.9   1.2   0.0   9.7  12:30p    NE
 9  25.9  33.8  11:30a  20.2   5:00a   0.0   7.7   0.0   0.0   9.7   3:00p   SSW
10  26.3  34.3  11:30a  21.6   4:00a   0.0   8.0   0.6   0.0  12.9  12:00p     S
11  25.6  33.1   2:00p  21.6  10:30p   0.0   7.3   0.2   0.0   8.0  12:00p   SSE
12  25.9  38.4   2:00p  20.8   3:00a   0.0   7.6  10.8   0.0  17.7   3:00p   SSE
13  28.2  38.8   1:30p  20.3   3:30a   0.0   9.9   0.0   0.0   6.4   3:30p   SSE
14  26.7  32.2   1:00p  23.9  12:00m   0.0   8.4   0.8   0.5  17.7  11:30a    NE
15  25.6  30.6  12:30p  22.1  12:00m   0.0   7.2   0.0   0.5  17.7   2:30p    NE
16  25.0  31.8   1:00p  19.2   5:30a   0.0   6.7   0.0   0.3  17.7   9:30a    NE
17  23.8  31.5   2:30p  17.6   4:00a   0.1   5.6   0.0   0.2  14.5  12:00p    NE
18  23.8  32.2   2:00p  17.6   5:00a   0.1   5.6   0.0   0.2  11.3   1:30p     S
19  25.1  36.2   2:00p  17.3   4:30a   0.1   6.9   0.0   0.0   8.0   2:30p     S
20  26.2  34.0   1:00p  20.1   5:30a   0.0   7.9   0.0   0.0   9.7   9:30a    NE
21  26.6  32.3   1:00p  21.9   4:00a   0.0   8.3   0.0   0.5  19.3   2:30p    NE
22  26.2  31.6  12:30p  21.8  12:00m   0.0   7.9   0.0   1.0  30.6  10:00a    NE
23  25.2  31.7  12:00p  20.4   6:00a   0.0   6.9   0.0   0.5  17.7   4:00p    NE
24  24.2  29.6   1:30p  20.4   1:30a   0.0   5.9   0.0   0.6  20.9   4:00p    NE
25  23.2  30.2  12:30p  19.5   5:00a   0.0   4.9   0.0   0.5  20.9   1:00p    NE
26  21.5  26.4   1:00p  16.7  12:00m   0.1   3.3   0.6   0.0  17.7   2:30p    NE
27  21.4  27.8  12:00p  15.8   3:00a   0.6   3.6   0.2   0.0  14.5  10:00a     S
28  22.6  28.9  12:30p  17.9   4:00a   0.0   4.2   0.4   0.0  16.1   1:00p     S
-------------------------------------------------------------------------------------
    24.8  38.8    13    15.8    27     0.9 182.5  72.8   0.2  30.6    22      NE

Max >=  32.0: 12
Max <=   0.0:  0
Min <=   0.0:  0
Min <= -18.0:  0
Max Rain: 27.41 ON 06/02/19
Days of Rain: 15 (> .2 mm) 6 (> 2 mm) 2 (> 20 mm)
Heat Base:  18.3  Cool Base:  18.3  Method: Integration