NOAA-Style Climate Reports

Select a Year or Month report
2019: Jan Feb Mar Apr May Jun Jul Aug Sep Oct Nov Dec
2018: Jan Feb Mar Apr May Jun Jul Aug Sep Oct Nov Dec
2017: Jan Feb Mar Apr May Jun Jul Aug Sep Oct Nov Dec
2016: Jan Feb Mar Apr May Jun Jul Aug Sep Oct Nov Dec
2015: Jan Feb Mar Apr May Jun Jul Aug Sep Oct Nov Dec
2014: Jan Feb Mar Apr May Jun Jul Aug Sep Oct Nov Dec
2013: Jan Feb Mar Apr May Jun Jul Aug Sep Oct Nov Dec
2012: Jan Feb Mar Apr May Jun Jul Aug Sep Oct Nov Dec
2011: Jan Feb Mar Apr May Jun Jul Aug Sep Oct Nov Dec
2010: Jan Feb Mar Apr May Jun Jul Aug Sep Oct Nov Dec

Report for 2019 January
                   MONTHLY CLIMATOLOGICAL SUMMARY for DEC. 2018

NAME: Wamuran   CITY: Wamuran   STATE: Queensland 
ELEV:    75 m  LAT:  27° 00' 16" S  LONG: 152° 51' 49" E

                   TEMPERATURE (°C), RAIN  (mm), WIND SPEED (km/hr)

                                      HEAT  COOL        AVG
    MEAN                              DEG   DEG         WIND                 DOM
DAY TEMP  HIGH   TIME   LOW    TIME   DAYS  DAYS  RAIN  SPEED HIGH   TIME    DIR
------------------------------------------------------------------------------------
 1  25.9  37.4   1:30p  17.9   4:00a   0.0   7.6   0.2   0.0  19.3   1:30p     S
 2  29.5  40.4   2:30p  18.3   5:00a   0.0  11.2   0.0   0.2  16.1  12:00p     S
 3  26.9  33.1   1:00p  18.7  12:00m   0.0   8.6   0.0   0.2  17.7   1:30a     S
 4  22.4  28.4  10:30a  17.9   5:00a   0.0   4.1   0.6   0.0   6.4   9:30a   NNE
 5  22.7  29.4  11:00a  18.7   5:00a   0.0   4.4   0.0   0.3  20.9   3:00p    NE
 6  21.5  26.3   3:00p  18.4   4:00a   0.0   3.2   0.2   0.3  20.9   4:30p     S
 7  21.7  25.7  11:30a  18.9   5:00a   0.0   3.4   1.0   0.0  16.1   4:30p     S
 8  21.5  25.3   9:30a  18.6  12:00m   0.0   3.2   2.2   0.0  19.3   9:00a     S
 9  21.6  27.0   2:30p  18.7  12:30a   0.0   3.3   6.4   0.0   9.7   2:30p     S
10  23.5  31.6  12:30p  18.3  12:00m   0.0   5.2   0.0   0.0   8.0   3:00p     S
11  23.0  31.8   1:30p  17.0   5:00a   0.2   4.9   0.0   0.0   9.7  11:00a     S
12  23.6  32.3   1:00p  16.9   5:00a   0.2   5.4   0.0   0.0  11.3   1:00p     S
13  24.6  33.7   2:00p  17.9   5:00a   0.0   6.4   0.0   0.0   9.7   4:00p     S
14  25.3  33.2   1:00p  20.9  12:00m   0.0   7.0  12.0   0.0   8.0   2:00p   SSW
15  25.0  30.9   3:00p  20.7  12:30a   0.0   6.7  12.8   0.0   8.0  11:30a     S
16  23.2  24.2  10:00a  22.1   8:30p   0.0   4.9  55.4   0.0   6.4   2:30p     S
17  23.7  29.6   1:00p  21.2   5:00a   0.0   5.4   5.2   0.0   9.7  11:00a     S
18  24.3  29.0   3:00p  21.6   1:00a   0.0   6.0   5.6   0.0  14.5  10:00a    SW
19  25.2  32.8   1:00p  21.3  11:00p   0.0   6.9   0.2   0.0   0.0     ---   ---
20  27.6  38.6   2:30p  20.7   2:00a   0.0   9.3   0.0   0.0   1.6  12:30p     N
21  28.9  39.4   2:30p  21.0   4:30a   0.0  10.6   1.2   0.0   0.0     ---   ---
22  26.9  36.6   4:00p  22.3  12:00m   0.0   8.6   2.6   0.0   0.0     ---   ---
23  23.7  29.1   1:00p  18.6  12:00m   0.0   5.4   0.0   0.2  20.9   3:30p     S
24  22.4  28.0   1:00p  17.2  12:00m   0.0   4.2   0.0   0.0  12.9   9:00a     S
25  21.9  29.1   2:00p  15.3   5:00a   0.6   4.3   0.0   0.0  12.9  12:00p     S
26  21.7  30.2   2:30p  14.6   5:00a   1.0   4.3   0.0   0.0  11.3  12:00p    NE
27  22.5  31.1   3:30p  14.7   5:00a   0.7   4.9   0.0   0.0   9.7   3:30p    NE
28  23.7  31.3   2:30p  17.4  12:30a   0.1   5.4   0.0   0.0  11.3  10:30a     S
29  24.1  32.3  12:30p  16.9   5:00a   0.2   6.0   1.6   0.0  11.3   9:30a     S
30  24.6  32.1   1:30p  19.2  12:00m   0.0   6.3   0.8   0.0   6.4   1:00p     S
31  24.6  33.7   2:00p  18.7   3:00a   0.0   6.2   0.0   0.0   8.0   8:00a     S
-------------------------------------------------------------------------------------
    24.1  40.4     2    14.6    26     3.0 183.3 108.0   0.0  20.9     5       S

Max >=  32.0: 13
Max <=   0.0:  0
Min <=   0.0:  0
Min <= -18.0:  0
Max Rain: 55.40 ON 16/12/18
Days of Rain: 16 (> .2 mm) 8 (> 2 mm) 1 (> 20 mm)
Heat Base:  18.3  Cool Base:  18.3  Method: Integration