NOAA-Style Climate Reports

Select a Year or Month report
2019: Jan Feb Mar Apr May Jun Jul Aug Sep Oct Nov Dec
2018: Jan Feb Mar Apr May Jun Jul Aug Sep Oct Nov Dec
2017: Jan Feb Mar Apr May Jun Jul Aug Sep Oct Nov Dec
2016: Jan Feb Mar Apr May Jun Jul Aug Sep Oct Nov Dec
2015: Jan Feb Mar Apr May Jun Jul Aug Sep Oct Nov Dec
2014: Jan Feb Mar Apr May Jun Jul Aug Sep Oct Nov Dec
2013: Jan Feb Mar Apr May Jun Jul Aug Sep Oct Nov Dec
2012: Jan Feb Mar Apr May Jun Jul Aug Sep Oct Nov Dec
2011: Jan Feb Mar Apr May Jun Jul Aug Sep Oct Nov Dec
2010: Jan Feb Mar Apr May Jun Jul Aug Sep Oct Nov Dec

Report for 2019
                            ANNUAL CLIMATOLOGICAL SUMMARY

NAME: Wamuran  CITY: Wamuran   STATE: Queensland  
ELEV:    75 m  LAT:  27° 00' 16" S  LONG: 152° 51' 49" E

               TEMPERATURE (°C), HEAT BASE 18.3, COOL BASE 18.3
                          DEP.  HEAT  COOL                                          
        MEAN  MEAN        FROM  DEG   DEG                        MAX  MAX  MIN  MIN 
 YR MO  MAX   MIN   MEAN  NORM  DAYS  DAYS  HI  DATE  LOW  DATE  >=32 <=0  <=0  <=-18 
------------------------------------------------------------------------------------
 19  1  33.1  19.5  25.2   0.0     0   215  37.2  19  17.1    2   22    0    0    0
 19  2  31.9  19.9  24.8   0.0     1   182  38.8  13  15.8   27   12    0    0    0
 19  3  31.4  19.9  24.3   0.0     2   188  37.8  12  13.9   31   17    0    0    0
 19  4  25.8  16.2  20.4   0.0    15    76  29.4   9  14.0   16    0    0    0    0
 19  5  23.2  12.9  17.2   0.0    69    35  27.2  10   5.1   31    0    0    0    0
 19  6  20.8  10.9  15.1   0.0   110    14  25.6  14   6.3    4    0    0    0    0
 19  7  21.8  10.4  15.3   0.0   107    18  25.3  24   5.7   14    0    0    0    0
 19  8  22.9  10.4  16.7   0.0    69    29  27.2  19   7.6   12    0    0    0    0
 19  9  28.0  12.5  20.2   0.0    35    80  34.1   6   8.7   10    6    0    0    0
 19 10  28.8  11.7  22.3   0.0     8    67  36.9   8 -67.8    2    5    0    1    1
 19 11
 19 12
------------------------------------------------------------------------------------
        26.7  14.5  20.1   0.0   415   905  38.8 FEB -67.8  OCT   62    0    1    1

                                PRECIPITATION (mm)

               DEP.   MAX        DAYS OF RAIN 
               FROM   OBS.          OVER
 YR MO  TOTAL  NORM   DAY  DATE  .2   2   20
---------------------------------------------
 19  1  36.0    0.0  20.0    3    6    2    0
 19  2  72.8    0.0  27.4    6   15    6    2
 19  3 229.2    0.0 118.6   15   17   13    3
 19  4 120.4    0.0  35.6   20   16   11    2
 19  5   5.4    0.0   2.8   14    6    1    0
 19  6   0.0    0.0   0.0    1    0    0    0
 19  7   0.0    0.0   0.0    1    0    0    0
 19  8   0.0    0.0   0.0    1    0    0    0
 19  9   0.0    0.0   0.0    1    0    0    0
 19 10   1.8    0.0   1.4   11    3    0    0
 19 11
 19 12
---------------------------------------------
       465.6   0.0 118.6  MAR   63   33    7

                                WIND SPEED (km/hr)
                          DOM
 YR MO   AVG.  HI   DATE  DIR
---------------------------------
 19  1   0.0  17.7    4     S
 19  2   0.2  30.6   22    NE
 19  3   0.0  41.8   15     S
 19  4   0.0  20.9   19    NE
 19  5   0.1  20.9   11    NE
 19  6   0.2  37.0    4    NE
 19  7   0.2  25.7   15    NE
 19  8   0.4  24.1   10    NE
 19  9   0.6  27.4    9     S
 19 10   0.2  25.7   11     S
 19 11
 19 12
---------------------------------
         0.2  41.8  MAR   NE