NOAA-Style Climate Reports

Select a Year or Month report
2019: Jan Feb Mar Apr May Jun Jul Aug Sep Oct Nov Dec
2018: Jan Feb Mar Apr May Jun Jul Aug Sep Oct Nov Dec
2017: Jan Feb Mar Apr May Jun Jul Aug Sep Oct Nov Dec
2016: Jan Feb Mar Apr May Jun Jul Aug Sep Oct Nov Dec
2015: Jan Feb Mar Apr May Jun Jul Aug Sep Oct Nov Dec
2014: Jan Feb Mar Apr May Jun Jul Aug Sep Oct Nov Dec
2013: Jan Feb Mar Apr May Jun Jul Aug Sep Oct Nov Dec
2012: Jan Feb Mar Apr May Jun Jul Aug Sep Oct Nov Dec
2011: Jan Feb Mar Apr May Jun Jul Aug Sep Oct Nov Dec
2010: Jan Feb Mar Apr May Jun Jul Aug Sep Oct Nov Dec

Report for 2018 December
                   MONTHLY CLIMATOLOGICAL SUMMARY for NOV. 2018

NAME: Wamuran   CITY: Wamuran   STATE: Queensland 
ELEV:    75 m  LAT:  27° 00' 16" S  LONG: 152° 51' 49" E

                   TEMPERATURE (°C), RAIN  (mm), WIND SPEED (km/hr)

                                      HEAT  COOL        AVG
    MEAN                              DEG   DEG         WIND                 DOM
DAY TEMP  HIGH   TIME   LOW    TIME   DAYS  DAYS  RAIN  SPEED HIGH   TIME    DIR
------------------------------------------------------------------------------------
 1  21.1  30.3   2:00p  14.2   4:00a   1.1   3.9   0.0   0.0   8.0  12:30p     S
 2  22.0  30.8   1:30p  16.2   1:00a   0.5   4.2   0.0   0.0   8.0   4:00p     S
 3  23.1  34.4   3:00p  14.4   4:30a   0.8   5.6   0.0   0.0   8.0  12:00p    NE
 4  26.4  39.0   2:00p  17.7   5:00a   0.0   8.1   0.0   0.0   9.7   2:30p    SW
 5  26.9  38.1   1:00p  18.6   5:00a   0.0   8.7   0.2   0.0   6.4  12:30p    SW
 6  27.9  38.0   2:30p  21.2   5:00a   0.0   9.6   0.0   0.0   8.0   1:00p     S
 7  26.9  36.5   2:00p  19.9   5:00a   0.0   8.7   0.0   0.0   8.0   3:00p     S
 8  21.2  25.3   4:00a  17.0  12:00m   0.1   3.0   0.0   0.2  14.5   3:30a    NE
 9  18.9  25.8   1:30p  12.7  12:00m   1.6   2.2   0.0   0.0  16.1   3:30p     S
10  19.8  29.1   2:00p  11.9   4:30a   1.9   3.4   0.0   0.0   9.7   2:30p     S
11  20.9  29.4   1:00p  14.3   3:00a   1.2   3.8   0.0   0.0  12.9  11:00a     S
12  21.1  28.6   2:00p  14.2   5:00a   1.0   3.7   0.0   0.2  16.1  10:00a     S
13  20.8  28.9   1:00p  15.0   3:00a   1.0   3.5   0.0   0.0  14.5   1:00p    NE
14  22.0  30.1   3:00p  15.6   4:30a   0.5   4.2   0.0   0.0  12.9  12:30p     S
15  23.2  32.7   1:00p  16.4   5:00a   0.2   5.2   0.0   0.0   8.0   1:00p     S
16  23.5  32.5   2:00p  16.9   5:00a   0.1   5.3   0.0   0.0   8.0   2:30p     S
17  23.1  33.1   1:00p  17.8   5:00a   0.0   4.8  10.4   0.0   8.0   5:00p     S
18  21.2  27.1   2:30p  17.5   5:30a   0.1   3.0   2.6   0.0  17.7  11:30a    NE
19  21.5  27.9   2:30p  16.8   4:00a   0.2   3.4   0.0   0.0  11.3   9:30a     S
20  22.2  31.7   1:00p  14.9   4:00a   0.6   4.5   0.0   0.0   6.4   2:00p     S
21  25.6  36.1   2:00p  16.1   4:00a   0.4   7.6   1.4   0.0   8.0   9:00a     S
22  24.7  31.7  12:00p  19.1  12:00m   0.0   6.4   0.4   0.2  20.9   1:30p     S
23  22.8  31.1   2:00p  14.7   5:00a   0.5   5.1   0.0   1.1  27.4  11:00a    NE
24  21.5  30.8   2:30p  12.8   5:30a   1.4   4.6   0.0   1.3  25.7   3:30p    NE
25  24.1  36.2   1:30p  14.1   5:00a   0.7   6.4   0.4   0.0  17.7   2:30p     S
26  25.2  35.1   3:00p  17.6  12:30a   0.0   6.9   0.0   0.8  27.4  11:30a    NE
27  22.9  31.2   3:30p  16.8   5:30a   0.2   4.8   0.0   0.0   4.8   4:30p   SSW
28  28.8  38.8   2:00p  20.6   5:00a   0.0  10.5   0.0   1.0  25.7   5:00p   ENE
29  25.7  33.7   2:00p  18.8   5:30a   0.0   7.3   0.0   0.3  14.5   4:00p    NE
30  24.4  33.6  12:30p  18.1   3:30a   0.0   6.1   0.0   0.0   6.4  12:30p     S
-------------------------------------------------------------------------------------
    23.3  39.0     4    11.9    10    14.3 164.8  15.4   0.2  27.4    23       S

Max >=  32.0: 14
Max <=   0.0:  0
Min <=   0.0:  0
Min <= -18.0:  0
Max Rain: 10.39 ON 17/11/18
Days of Rain: 6 (> .2 mm) 2 (> 2 mm) 0 (> 20 mm)
Heat Base:  18.3  Cool Base:  18.3  Method: Integration