NOAA-Style Climate Reports

Select a Year or Month report
2019: Jan Feb Mar Apr May Jun Jul Aug Sep Oct Nov Dec
2018: Jan Feb Mar Apr May Jun Jul Aug Sep Oct Nov Dec
2017: Jan Feb Mar Apr May Jun Jul Aug Sep Oct Nov Dec
2016: Jan Feb Mar Apr May Jun Jul Aug Sep Oct Nov Dec
2015: Jan Feb Mar Apr May Jun Jul Aug Sep Oct Nov Dec
2014: Jan Feb Mar Apr May Jun Jul Aug Sep Oct Nov Dec
2013: Jan Feb Mar Apr May Jun Jul Aug Sep Oct Nov Dec
2012: Jan Feb Mar Apr May Jun Jul Aug Sep Oct Nov Dec
2011: Jan Feb Mar Apr May Jun Jul Aug Sep Oct Nov Dec
2010: Jan Feb Mar Apr May Jun Jul Aug Sep Oct Nov Dec

Report for 2018 November
                   MONTHLY CLIMATOLOGICAL SUMMARY for OCT. 2018

NAME: Wamuran   CITY: Wamuran   STATE: Queensland 
ELEV:    75 m  LAT:  27° 00' 16" S  LONG: 152° 51' 49" E

                   TEMPERATURE (°C), RAIN  (mm), WIND SPEED (km/hr)

                                      HEAT  COOL        AVG
    MEAN                              DEG   DEG         WIND                 DOM
DAY TEMP  HIGH   TIME   LOW    TIME   DAYS  DAYS  RAIN  SPEED HIGH   TIME    DIR
------------------------------------------------------------------------------------
 1  17.1  24.2   1:30p  11.7   4:00a   2.5   1.3   0.0   0.0   9.7   2:00p   SSE
 2  16.8  24.6   2:00p  11.1   6:00a   3.1   1.6   0.2   0.0  14.5   2:30p     S
 3  17.5  26.8   2:30p  11.1   4:30a   2.9   2.0   0.0   0.0   1.6   8:30a   NNW
 4  18.7  30.0   2:00p  10.3   5:30a   2.4   2.8   0.0   0.0   9.7   3:00p     S
 5  18.9  25.2  11:00a  13.8   5:30a   1.3   2.0   2.6   0.0   1.6   7:30a     N
 6  18.0  21.8  10:30a  15.2   6:00a   1.0   0.7  30.2   0.0   4.8  11:00a   WSW
 7  19.1  26.1   2:00p  15.2  10:30p   1.1   1.8   0.0   0.0   3.2   1:30p     S
 8  20.1  28.7   1:30p  15.6  12:30a   1.0   2.8  17.4   0.0  35.4   7:30p     S
 9  18.6  28.3  12:30p  14.3   4:00a   1.3   1.6  16.6   0.0   1.6   2:30p    SW
10  22.3  33.1   2:00p  15.2   2:00a   0.7   4.8   0.0   0.0   9.7   6:30p    SW
11  19.1  24.7  11:00a  16.2  11:00p   0.5   1.3  18.6   0.0  12.9   5:00p     S
12  16.8  19.7  11:00a  15.3  12:00m   1.6   0.1  27.2   0.0   8.0   1:00p   SSW
13  16.5  18.9  11:30a  15.1   2:00a   1.8   0.0  40.4   0.0   9.7   8:30p   SSW
14  17.9  20.1  12:30p  16.7  12:30a   0.7   0.3  30.2   0.0   9.7  12:30a     S
15  18.9  21.5   3:00p  17.4   3:00a   0.2   0.8  16.0   0.0  17.7   6:00p    NE
16  20.8  25.4   2:00p  18.4  12:00m   0.0   2.5  14.0   0.2  11.3   3:30a     S
17  21.5  27.1  12:30p  17.9   2:00a   0.0   3.2   0.4   0.0   8.0  11:00a     S
18  20.1  23.7   9:30a  17.3   2:30a   0.1   1.8  33.0   0.0   6.4  10:00a   NNE
19  20.7  28.2  12:00p  16.1  12:00m   0.4   2.8   0.4   0.0   6.4   2:00p     S
20  20.7  29.6   2:00p  14.8   5:30a   0.9   3.3   0.0   0.0   8.0   4:30p     S
21  20.3  29.5   1:00p  15.3  12:00m   0.7   2.7  16.2   0.0  17.7   3:00p     S
22  20.8  29.3   2:00p  14.7   2:30a   1.0   3.5   0.0   0.0   9.7   4:00p   SSW
23  22.1  30.8  12:00p  16.1   5:00a   0.4   4.1   0.0   0.0   6.4  11:00a    SW
24  23.6  34.4   2:00p  16.4   5:00a   0.3   5.6   0.0   0.0   9.7   7:30a    NE
25  23.1  31.5   1:00p  18.1  10:30p   0.0   4.8   0.2   0.0  17.7   9:30p     S
26  25.6  36.3   2:30p  17.0   5:30a   0.1   7.3   0.0   0.2  14.5  12:00p     S
27  22.8  29.9   1:30p  17.2  12:00m   0.1   4.6   0.0   0.0   9.7   1:30p     S
28  22.8  33.7  12:30p  15.9   5:30a   0.4   5.0   0.0   0.0  11.3   2:30p     S
29  18.6  20.3  12:30a  16.6  12:00m   0.2   0.5   6.2   0.0   4.8  10:00a   NNE
30  19.4  26.8   2:30p  14.3  12:00m   1.2   2.3   0.0   0.0   8.0   8:30a     S
31  20.7  30.5   2:00p  13.8   4:30a   1.4   3.7   0.0   0.0   9.7   9:00p     S
-------------------------------------------------------------------------------------
    20.0  36.3    26    10.3     4    29.3  81.7 269.8   0.0  35.4     8       S

Max >=  32.0:  4
Max <=   0.0:  0
Min <=   0.0:  0
Min <= -18.0:  0
Max Rain: 40.41 ON 13/10/18
Days of Rain: 17 (> .2 mm) 13 (> 2 mm) 5 (> 20 mm)
Heat Base:  18.3  Cool Base:  18.3  Method: Integration