NOAA-Style Climate Reports

Select a Year or Month report
2019: Jan Feb Mar Apr May Jun Jul Aug Sep Oct Nov Dec
2018: Jan Feb Mar Apr May Jun Jul Aug Sep Oct Nov Dec
2017: Jan Feb Mar Apr May Jun Jul Aug Sep Oct Nov Dec
2016: Jan Feb Mar Apr May Jun Jul Aug Sep Oct Nov Dec
2015: Jan Feb Mar Apr May Jun Jul Aug Sep Oct Nov Dec
2014: Jan Feb Mar Apr May Jun Jul Aug Sep Oct Nov Dec
2013: Jan Feb Mar Apr May Jun Jul Aug Sep Oct Nov Dec
2012: Jan Feb Mar Apr May Jun Jul Aug Sep Oct Nov Dec
2011: Jan Feb Mar Apr May Jun Jul Aug Sep Oct Nov Dec
2010: Jan Feb Mar Apr May Jun Jul Aug Sep Oct Nov Dec

Report for 2018 September
                   MONTHLY CLIMATOLOGICAL SUMMARY for AUG. 2018

NAME: Wamuran   CITY: Wamuran   STATE: Queensland 
ELEV:    75 m  LAT:  27° 00' 16" S  LONG: 152° 51' 49" E

                   TEMPERATURE (°C), RAIN  (mm), WIND SPEED (km/hr)

                                      HEAT  COOL        AVG
    MEAN                              DEG   DEG         WIND                 DOM
DAY TEMP  HIGH   TIME   LOW    TIME   DAYS  DAYS  RAIN  SPEED HIGH   TIME    DIR
------------------------------------------------------------------------------------
 1  14.2  22.9   2:00p   8.2  12:30a   5.0   0.9   0.0   0.0   1.6   9:30a   WSW
 2  13.3  21.4   1:30p   8.0   2:30a   5.4   0.4   0.0   0.0   6.4   2:00p   SSE
 3  14.3  22.6   1:30p   8.4   6:30a   4.8   0.7   0.0   0.0   1.6  12:00p   WNW
 4  16.6  25.8   4:00p  10.3   6:00a   3.4   1.7   0.0   0.0  17.7   3:30p     S
 5  16.5  24.7   2:30p   9.6   7:00a   3.3   1.5   0.0   0.0  16.1   3:30p   SSE
 6  19.1  26.1   2:30p  12.6   5:30a   1.6   2.5   0.4   0.0  12.9   3:30p   SSE
 7  15.2  21.3   1:30p   7.6  12:00m   3.5   0.4   0.0   0.0  16.1   2:00p    NE
 8  11.8  20.4   3:00p   5.6   6:30a   6.7   0.3   0.0   0.0   9.7  11:00a     N
 9  12.9  21.2   1:30p   7.2   3:00a   5.8   0.4   0.0   0.0   1.6  11:00a    SW
10  13.9  21.3   2:00p   7.8   4:30a   5.0   0.6   0.0   0.0   8.0  10:30a   NNE
11  15.4  23.8   2:00p   8.8   6:30a   4.0   1.1   0.0   0.0   1.6  12:30p     S
12  16.3  23.2   1:00p  10.4  11:30p   3.1   1.1   0.0   0.3  24.1   3:00p    NE
13  12.2  20.6   2:30p   7.2   3:30a   6.4   0.3   0.0   0.0   3.2   6:30a   NNE
14  13.3  22.3   3:00p   7.6   5:30a   5.7   0.7   0.0   0.0   0.0     ---   ---
15  15.6  25.8   3:00p   7.9  12:30a   4.4   1.7   0.0   0.0   1.6   1:00p   NNW
16  17.8  28.2   3:00p  10.7   7:00a   3.0   2.6   0.0   0.0  12.9  10:00a    SE
17  17.7  27.9   3:00p   9.6   3:30a   3.3   2.6   0.0   0.0   9.7   3:00p    NE
18  17.5  27.2   3:00p  10.7  11:30p   3.0   2.2   0.0   0.0   8.0   1:00p    NE
19  16.1  21.9  12:00p  10.0   6:00a   3.0   0.8   0.0   1.6  27.4  12:00m    NE
20  13.1  19.4   3:00p   6.2  10:00p   5.4   0.1   0.0   0.8  24.1   3:30a    NE
21  13.2  22.1   4:00p   5.9   7:00a   5.7   0.6   0.0   0.0  11.3   9:30a    NE
22  13.1  23.0   3:00p   5.7   6:30a   6.2   1.0   0.0   0.0  14.5  10:30a    NE
23  13.2  22.5  12:30p   4.8   5:30a   5.8   0.7   0.0   0.0   4.8  10:30a   NNE
24  15.6  22.6   1:30p   9.1   6:30a   3.6   0.9   0.2   0.0   4.8  12:30p     N
25  14.8  22.1   1:00p  10.0   6:30a   4.0   0.6   0.0   0.0   4.8   2:30p   SSE
26  14.8  19.6   2:30p  11.3  12:30a   3.6   0.1  15.4   0.0   1.6   2:00p     N
27  14.8  22.8   3:30p   8.9   6:00a   4.3   0.8   0.0   0.0  14.5  11:00a    NE
28  14.3  22.2   2:30p   8.9   7:00a   3.7   0.5   0.0   0.0   3.2   3:30p    NE
29  15.3  23.5   2:30p   8.2  11:30p   4.3   1.2   0.0   0.0  19.3  11:30a    NE
30  14.5  23.2   1:00p   7.7   4:00a   4.7   0.9   0.0   0.0   3.2  11:00a   NNE
31  16.8  25.4   3:00p   8.2   6:30a   3.4   2.0   0.0   0.0  11.3   2:00p   ESE
-------------------------------------------------------------------------------------
    14.9  28.2    16     4.8    23   135.1  31.7  16.0   0.1  27.4    19      NE

Max >=  32.0:  0
Max <=   0.0:  0
Min <=   0.0:  0
Min <= -18.0:  0
Max Rain: 15.39 ON 26/08/18
Days of Rain: 3 (> .2 mm) 1 (> 2 mm) 0 (> 20 mm)
Heat Base:  18.3  Cool Base:  18.3  Method: Integration