NOAA-Style Climate Reports

Select a Year or Month report
2019: Jan Feb Mar Apr May Jun Jul Aug Sep Oct Nov Dec
2018: Jan Feb Mar Apr May Jun Jul Aug Sep Oct Nov Dec
2017: Jan Feb Mar Apr May Jun Jul Aug Sep Oct Nov Dec
2016: Jan Feb Mar Apr May Jun Jul Aug Sep Oct Nov Dec
2015: Jan Feb Mar Apr May Jun Jul Aug Sep Oct Nov Dec
2014: Jan Feb Mar Apr May Jun Jul Aug Sep Oct Nov Dec
2013: Jan Feb Mar Apr May Jun Jul Aug Sep Oct Nov Dec
2012: Jan Feb Mar Apr May Jun Jul Aug Sep Oct Nov Dec
2011: Jan Feb Mar Apr May Jun Jul Aug Sep Oct Nov Dec
2010: Jan Feb Mar Apr May Jun Jul Aug Sep Oct Nov Dec

Report for 2018 August
                   MONTHLY CLIMATOLOGICAL SUMMARY for JUL. 2018

NAME: Wamuran   CITY: Wamuran   STATE: Queensland 
ELEV:    75 m  LAT:  27° 00' 16" S  LONG: 152° 51' 49" E

                   TEMPERATURE (°C), RAIN  (mm), WIND SPEED (km/hr)

                                      HEAT  COOL        AVG
    MEAN                              DEG   DEG         WIND                 DOM
DAY TEMP  HIGH   TIME   LOW    TIME   DAYS  DAYS  RAIN  SPEED HIGH   TIME    DIR
------------------------------------------------------------------------------------
 1  17.9  21.7   3:00p  14.8   7:30a   0.9   0.6   0.0   0.0   0.0     ---   ---
 2  18.0  22.6   2:00p  14.9  12:00m   0.8   0.6   0.0   0.0   0.0     ---   ---
 3  15.8  20.9   3:00p  11.8   8:00a   2.1   0.4   0.0   0.0   1.6  11:30a     N
 4  17.7  22.3   1:00p  12.4   1:30a   1.3   0.8   0.0   0.0   6.4  12:00p     S
 5  18.3  21.3   2:00p  15.4  12:30a   0.6   0.6   0.4   0.0   8.0  12:30p     S
 6  19.4  23.1   2:00p  16.8  12:30a   0.2   1.4   0.0   0.0   0.0     ---   ---
 7  18.9  23.7  12:30p  13.4  12:00m   0.5   1.1   0.0   0.0   4.8  12:00m    NE
 8  13.6  18.3   3:00p   9.0   7:30a   4.7   0.0   0.0   0.3  29.0   3:00a    NE
 9  12.3  18.7   2:30p   8.0  10:30p   6.0   0.0   0.0   0.0   9.7   4:30a    NE
10  12.8  19.7   3:00p   7.8   1:00a   5.6   0.1   0.0   0.0   6.4   3:00p   NNE
11  14.1  18.7  12:00p   9.6   1:00a   4.3   0.0   2.2   0.0   1.6  10:30a     N
12  15.1  19.9   2:30p  12.1   9:00p   3.3   0.2   1.4   0.0   4.8   3:00p    SE
13  13.3  19.8   3:00p   7.9  10:30p   5.1   0.1   0.2   0.0   4.8   2:30p    NE
14  11.2  18.2   2:30p   6.6  12:00m   7.2   0.0   0.0   0.0   1.6   4:30a   SSE
15  11.9  19.6   2:30p   5.9   2:30a   6.5   0.1   0.0   0.0   0.0     ---   ---
16  13.1  21.0   3:00p   8.2   6:00a   5.6   0.4   0.0   0.0   1.6  10:00a   NNE
17  12.3  21.2   3:00p   6.5   3:00a   6.4   0.4   0.0   0.0   1.6   6:00a   ESE
18  12.8  22.7   3:00p   6.8  12:30a   6.2   0.7   0.0   0.0   3.2  11:00a     S
19  12.5  21.8   2:30p   5.9   2:30a   6.4   0.6   0.0   0.0   0.0     ---   ---
20  15.5  23.4   2:30p   8.6   4:00a   3.9   1.1   0.0   0.0   8.0   4:00p    NE
21  11.9  17.7   3:00p   6.6  11:30p   6.3   0.0   0.0   0.0   6.4   4:30a   NNE
22  11.8  19.5   1:30p   6.1   1:30a   6.5   0.1   0.0   0.0   4.8   3:30p    NE
23  12.8  20.7   1:30p   7.6   4:30a   5.8   0.3   0.0   0.0   1.6   9:00a   NNE
24  14.2  23.2   3:00p   8.6   7:00a   4.8   0.8   0.0   0.0   1.6  12:00p    NE
25  15.2  22.7   1:30p  10.1   5:00a   3.9   0.8   0.0   0.0   1.6  11:00a   NNW
26  16.6  23.6   2:30p  11.4  11:30p   2.8   1.1   0.0   0.0   1.6  12:00p   ENE
27  15.9  23.9   3:00p   9.2   5:30a   3.5   1.1   0.0   0.0   1.6   1:30p     N
28  16.6  24.3   2:30p  10.6   7:30a   3.1   1.3   0.0   0.0   3.2  10:30a   ENE
29  16.9  24.1   2:30p   9.7   6:30a   2.7   1.3   0.0   0.0   1.6  12:30p     S
30  16.4  22.2   3:00p  11.3   7:00a   2.6   0.8   0.2   0.0  16.1  12:00p   NNE
31  13.9  21.7   2:30p   8.2  12:00m   4.9   0.5   0.0   0.0   1.6   5:30a    SE
-------------------------------------------------------------------------------------
    14.8  24.3    28     5.9    19   124.7  17.2   4.4   0.0  29.0     8      NE

Max >=  32.0:  0
Max <=   0.0:  0
Min <=   0.0:  0
Min <= -18.0:  0
Max Rain: 2.21 ON 11/07/18
Days of Rain: 5 (> .2 mm) 1 (> 2 mm) 0 (> 20 mm)
Heat Base:  18.3  Cool Base:  18.3  Method: Integration