NOAA-Style Climate Reports

Select a Year or Month report
2019: Jan Feb Mar Apr May Jun Jul Aug Sep Oct Nov Dec
2018: Jan Feb Mar Apr May Jun Jul Aug Sep Oct Nov Dec
2017: Jan Feb Mar Apr May Jun Jul Aug Sep Oct Nov Dec
2016: Jan Feb Mar Apr May Jun Jul Aug Sep Oct Nov Dec
2015: Jan Feb Mar Apr May Jun Jul Aug Sep Oct Nov Dec
2014: Jan Feb Mar Apr May Jun Jul Aug Sep Oct Nov Dec
2013: Jan Feb Mar Apr May Jun Jul Aug Sep Oct Nov Dec
2012: Jan Feb Mar Apr May Jun Jul Aug Sep Oct Nov Dec
2011: Jan Feb Mar Apr May Jun Jul Aug Sep Oct Nov Dec
2010: Jan Feb Mar Apr May Jun Jul Aug Sep Oct Nov Dec

Report for 2018 May
                   MONTHLY CLIMATOLOGICAL SUMMARY for MAY. 2018

NAME: Wamuran   CITY: Wamuran   STATE: Queensland 
ELEV:    75 m  LAT:  27° 00' 16" S  LONG: 152° 51' 49" E

                   TEMPERATURE (°C), RAIN  (mm), WIND SPEED (km/hr)

                                      HEAT  COOL        AVG
    MEAN                              DEG   DEG         WIND                 DOM
DAY TEMP  HIGH   TIME   LOW    TIME   DAYS  DAYS  RAIN  SPEED HIGH   TIME    DIR
------------------------------------------------------------------------------------
 1  18.1  24.2   1:00p  13.4   6:30a   1.7   1.5   0.0   0.0  12.9   1:30p     S
 2  18.7  23.7   2:30p  15.1  12:30a   1.0   1.4   0.0   0.0  12.9   2:00p     S
 3  18.9  25.9   1:00p  15.3   4:30a   1.0   1.6   0.0   0.0   1.6   7:30a     S
 4  19.7  26.1   2:30p  15.1   6:30a   0.8   2.2   0.0   0.0   1.6  10:00a     S
 5  20.6  25.6  12:30p  16.9   6:30a   0.2   2.5   0.0   0.0  14.5   2:30p     S
 6  19.6  24.0   1:00p  15.4   4:30a   0.6   1.9   0.0   0.0  16.1   1:00p     S
 7  19.1  23.7  11:30a  15.7  12:30a   0.6   1.4   0.2   0.0  17.7  12:00p     S
 8  19.2  22.0  11:00a  17.6  12:30a   0.2   1.0   0.0   0.0   4.8  12:30p     S
 9  19.4  24.9   1:00p  15.6  12:00m   0.5   1.7   0.0   0.0   4.8   1:30p     S
10  18.2  25.1   1:30p  14.7   7:00a   1.7   1.6   0.0   0.0   1.6   5:00a     S
11  15.6  21.4   3:00p   8.9  11:30p   3.3   0.5   0.4   0.2  20.9  10:30a     S
12  14.2  20.8   3:00p   8.2   4:30a   4.5   0.4   0.6   0.3  20.9   3:00p     S
13  15.4  21.7   2:30p  11.2  10:00p   3.5   0.5   0.0   0.0   8.0   6:00a     S
14  15.3  22.7   2:30p  10.8   3:00a   3.8   0.8   0.0   0.0   4.8  12:30p     S
15  15.4  22.3   3:00p  11.6  12:00m   3.6   0.8   0.0   0.0   4.8  11:30a     S
16  15.7  22.3   1:00p  10.7   5:00a   3.4   0.7   0.0   0.0   6.4  11:30a     S
17  16.3  21.5  12:30p  10.7   7:00a   2.6   0.6   0.6   0.0   8.0   9:30a     S
18  16.1  22.1   2:00p  12.1  11:30p   2.8   0.7   0.0   0.0   3.2  12:00p     S
19  15.8  22.6   3:00p  12.2  10:30p   3.3   0.7   0.0   0.0   1.6   9:30a     S
20  15.9  23.0   3:00p  12.1   8:00p   3.2   0.8   0.0   0.0  11.3  11:30a     S
21  14.8  22.3   3:00p  11.0   1:30a   4.1   0.6   0.0   0.0   6.4   4:00a     S
22  14.8  22.9   3:00p  10.4   6:30a   4.1   0.6   0.0   0.0   8.0  11:00a     S
23  15.6  22.9   1:00p   9.8   5:30a   3.8   1.1   0.0   0.0   9.7   1:30p     S
24  16.7  22.8   1:00p  12.8   7:00a   2.5   1.0   0.0   0.0   4.8  11:00a     S
25  17.3  22.3   1:00p  13.5   4:00a   1.9   0.9   0.6   0.0   6.4   2:00p     S
26  17.9  22.6  12:30p  15.3  12:30a   1.2   0.8   0.0   0.0  16.1  11:00a     S
27  16.2  20.6  12:30p  12.2   6:30a   2.4   0.4   3.6   0.0  11.3  11:30a     S
28  17.7  21.5   1:30p  14.2   1:00a   1.0   0.5   5.0   0.0   6.4   1:30p     S
29  17.6  22.0  12:30p  13.7  12:00m   1.2   0.7   3.0   0.0   3.2   2:00p     S
30  18.1  23.2   3:00p  13.1   1:00a   1.0   0.8   0.2   0.0   8.0   9:30p     S
31  14.9  19.6   3:00p   9.2   8:00a   2.5   0.1   0.0   0.0  11.3  12:30a     S
-------------------------------------------------------------------------------------
    17.1  26.1     4     8.2    12    67.9  30.9  14.2   0.0  20.9    11       S

Max >=  32.0:  0
Max <=   0.0:  0
Min <=   0.0:  0
Min <= -18.0:  0
Max Rain: 5.00 ON 28/05/18
Days of Rain: 9 (> .2 mm) 3 (> 2 mm) 0 (> 20 mm)
Heat Base:  18.3  Cool Base:  18.3  Method: Integration