NOAA-Style Climate Reports

Select a Year or Month report
2019: Jan Feb Mar Apr May Jun Jul Aug Sep Oct Nov Dec
2018: Jan Feb Mar Apr May Jun Jul Aug Sep Oct Nov Dec
2017: Jan Feb Mar Apr May Jun Jul Aug Sep Oct Nov Dec
2016: Jan Feb Mar Apr May Jun Jul Aug Sep Oct Nov Dec
2015: Jan Feb Mar Apr May Jun Jul Aug Sep Oct Nov Dec
2014: Jan Feb Mar Apr May Jun Jul Aug Sep Oct Nov Dec
2013: Jan Feb Mar Apr May Jun Jul Aug Sep Oct Nov Dec
2012: Jan Feb Mar Apr May Jun Jul Aug Sep Oct Nov Dec
2011: Jan Feb Mar Apr May Jun Jul Aug Sep Oct Nov Dec
2010: Jan Feb Mar Apr May Jun Jul Aug Sep Oct Nov Dec

Report for 2018 April
                   MONTHLY CLIMATOLOGICAL SUMMARY for MAR. 2018

NAME: Wamuran   CITY: Wamuran   STATE: Queensland 
ELEV:    75 m  LAT:  27° 00' 16" S  LONG: 152° 51' 49" E

                   TEMPERATURE (°C), RAIN  (mm), WIND SPEED (km/hr)

                                      HEAT  COOL        AVG
    MEAN                              DEG   DEG         WIND                 DOM
DAY TEMP  HIGH   TIME   LOW    TIME   DAYS  DAYS  RAIN  SPEED HIGH   TIME    DIR
------------------------------------------------------------------------------------
 1  26.3  37.3   1:30p  18.7  12:30a   0.0   8.0   0.0   0.0   4.8  10:30a     S
 2  25.4  29.7  11:30a  23.4  12:30a   0.0   7.1   0.0   0.0   6.4  11:30a     S
 3  26.3  33.6   1:00p  21.8   4:30a   0.0   8.0   0.0   0.0   3.2  12:30p     S
 4  26.6  36.4   1:00p  21.9   7:30p   0.0   8.3   0.0   0.0  16.1   5:00p     S
 5  24.8  29.6   1:00p  22.1  12:30a   0.0   6.5   0.0   0.0   1.6  10:00a     S
 6  20.6  23.4  12:30a  18.4   7:00p   0.0   2.3   3.2   0.0  11.3   3:00p     S
 7  21.1  23.9  11:00a  18.7  12:30a   0.0   2.8  12.0   0.0  14.5   2:00p   WNW
 8  21.2  25.1  10:00a  19.2   7:00a   0.0   2.9   5.0   0.2  16.1  11:30a   NNE
 9  22.2  26.9   1:30p  18.7   4:00a   0.0   3.9   3.6   0.2  19.3   2:00p   NNE
10  21.0  26.8  10:00a  17.6  12:00m   0.0   2.8   5.0   0.0   9.7  10:00a     N
11  20.0  24.0   9:00a  17.5  12:00m   0.0   1.7   7.4   0.0   8.0   1:30p   NNE
12  21.1  26.7   1:30p  15.8   4:30a   0.4   3.2   0.2   0.0   3.2  12:30p    SW
13  21.6  25.3  10:00a  18.2   4:30a   0.0   3.3   8.0   0.0   6.4  10:30a   NNE
14  22.6  27.3   1:30p  19.8   4:30a   0.0   4.3   6.6   0.2  19.3   3:00p     S
15  22.8  29.2  12:00p  17.9  12:00m   0.0   4.6   0.0   0.0  12.9   2:00p     S
16  22.6  30.4  12:00p  16.9   4:00a   0.2   4.5   0.0   0.0   6.4   9:00a     S
17  23.4  30.9   1:00p  18.7   4:30a   0.0   5.2   0.0   0.0   8.0  12:30p     S
18  24.2  30.3   1:00p  20.3  12:30a   0.0   5.9   0.0   0.0   4.8   9:00a     S
19  25.4  32.3   1:00p  20.4   4:30a   0.0   7.1   0.4   0.0   3.2  12:30p     S
20  24.4  28.9   1:30p  20.4  11:30p   0.0   6.1   5.6   0.0   9.7   3:00p     S
21  21.7  24.8   2:00p  20.1  12:00m   0.0   3.4  32.4   0.0  12.9  11:30a     S
22  22.4  28.4  12:00p  19.7  12:00m   0.0   4.2   4.6   0.0  12.9   1:00p     S
23  22.1  26.8  12:30p  18.6   3:30a   0.0   3.8   2.2   0.0  12.9  10:00a     S
24  21.9  27.0   1:00p  18.4  12:00m   0.0   3.6   0.2   0.0   9.7   1:30p     S
25  21.9  26.4  11:00a  17.8   4:00a   0.0   3.6   1.2   0.0   8.0   1:30p     S
26  24.4  29.8  12:30p  20.6  12:30a   0.0   6.1   0.4   0.0   1.6  11:00a     S
27  23.9  26.5   2:00p  21.9  12:00m   0.0   5.6   0.8   0.0   9.7   3:00p     S
28  24.4  30.3  12:00p  20.6   4:30a   0.0   6.1   0.4   0.0  11.3   2:30p     S
29  23.3  26.6  11:30a  21.4   4:30a   0.0   5.0   9.2   0.0  12.9   2:30a     S
30  24.1  28.4  11:00a  21.5   2:30a   0.0   5.8   1.2   0.0  11.3  12:00p     S
31  23.8  28.4  12:00p  20.8   3:00a   0.0   5.5   0.4   0.0  16.1  12:00p     S
-------------------------------------------------------------------------------------
    23.1  37.3     1    15.8    12     0.7 150.9 110.0   0.0  19.3     9       S

Max >=  32.0:  4
Max <=   0.0:  0
Min <=   0.0:  0
Min <= -18.0:  0
Max Rain: 32.41 ON 21/03/18
Days of Rain: 22 (> .2 mm) 13 (> 2 mm) 1 (> 20 mm)
Heat Base:  18.3  Cool Base:  18.3  Method: Integration