NOAA-Style Climate Reports

Select a Year or Month report
2019: Jan Feb Mar Apr May Jun Jul Aug Sep Oct Nov Dec
2018: Jan Feb Mar Apr May Jun Jul Aug Sep Oct Nov Dec
2017: Jan Feb Mar Apr May Jun Jul Aug Sep Oct Nov Dec
2016: Jan Feb Mar Apr May Jun Jul Aug Sep Oct Nov Dec
2015: Jan Feb Mar Apr May Jun Jul Aug Sep Oct Nov Dec
2014: Jan Feb Mar Apr May Jun Jul Aug Sep Oct Nov Dec
2013: Jan Feb Mar Apr May Jun Jul Aug Sep Oct Nov Dec
2012: Jan Feb Mar Apr May Jun Jul Aug Sep Oct Nov Dec
2011: Jan Feb Mar Apr May Jun Jul Aug Sep Oct Nov Dec
2010: Jan Feb Mar Apr May Jun Jul Aug Sep Oct Nov Dec

Report for 2018 March
                   MONTHLY CLIMATOLOGICAL SUMMARY for FEB. 2018

NAME: Wamuran   CITY: Wamuran   STATE: Queensland 
ELEV:    75 m  LAT:  27° 00' 16" S  LONG: 152° 51' 49" E

                   TEMPERATURE (°C), RAIN  (mm), WIND SPEED (km/hr)

                                      HEAT  COOL        AVG
    MEAN                              DEG   DEG         WIND                 DOM
DAY TEMP  HIGH   TIME   LOW    TIME   DAYS  DAYS  RAIN  SPEED HIGH   TIME    DIR
------------------------------------------------------------------------------------
 1  21.3  25.1  12:30p  18.9  10:30p   0.0   3.0   0.0   0.0   8.0   6:30a     S
 2  19.1  21.3   2:30p  18.4   9:00p   0.0   0.8   0.0   0.0   8.0  12:00p     S
 3  18.8  21.1  11:30a  17.6   8:30p   0.1   0.7   0.0   0.0   8.0   9:00a     S
 4  22.7  28.2   2:30p  18.6  12:30a   0.0   4.4   0.0   0.0  17.7  12:30p     S
 5  23.6  30.2   3:30p  19.1   6:00a   0.0   5.3   0.0   0.0  12.9   1:30p     S
 6  23.1  30.6   3:00p  17.2   5:00a   0.1   4.9   0.0   0.0  14.5   1:30p     S
 7  22.5  29.5   2:30p  16.3   6:00a   0.2   4.4   0.0   0.0  11.3  12:30p     S
 8  22.2  29.5   1:30p  16.3   5:00a   0.4   4.2   0.0   0.0  16.1  10:30a     S
 9  23.3  34.3   4:00p  16.4   5:30a   0.3   5.2   0.0   0.0   1.6   4:30p     N
10  25.3  36.9   2:00p  17.2   2:30a   0.2   7.2   0.0   0.0   4.8   3:30p     S
11  26.3  38.4   2:00p  19.6   5:00a   0.0   8.0   2.6   0.0  17.7   7:30p     S
12  27.8  38.3   2:30p  20.4   5:00a   0.0   9.5   0.0   0.0   4.8   4:00p     S
13  28.5  37.7   2:00p  23.1  10:30p   0.0  10.2   1.0   0.0   0.0     ---   ---
14  29.4  41.7   2:30p  22.4   3:00a   0.0  11.1   0.2   0.0   0.0     ---   ---
15  28.8  36.6  12:30p  23.2   9:00p   0.0  10.5   2.2   0.0  11.3  12:00p     S
16  26.8  37.0   1:00p  20.7   7:30p   0.0   8.5   7.0   0.0   8.0   7:00p     S
17  25.5  32.1   1:30p  21.1  12:30a   0.0   7.2   0.0   0.0   9.7   3:30p     S
18  25.5  33.6  12:30p  20.6  12:00m   0.0   7.2   0.0   0.0   1.6   7:30a     N
19  25.8  35.8   3:00p  19.2   5:30a   0.0   7.5   0.0   0.0   0.0     ---   ---
20  24.9  30.5   2:30p  21.4  12:00m   0.0   6.7   0.6   0.0   8.0   8:30p     S
21  22.3  24.0  11:30a  19.8  12:00m   0.0   4.0  34.2   0.0  12.9  11:30a     S
22  21.3  23.5  12:30p  19.8  12:30a   0.0   2.9  96.2   0.0   8.0  12:00p     S
23  23.3  26.8   9:30a  22.2  11:00p   0.0   5.0  48.2   0.0  11.3   1:00p     S
24  24.1  28.0   9:00a  22.1   2:30a   0.0   5.8  18.8   0.0   0.0     ---   ---
25  25.1  32.2  10:30a  21.4   5:00a   0.0   6.7   9.4   0.0   0.0     ---   ---
26  26.2  34.9   1:30p  21.2   5:00a   0.0   7.6   5.8   0.0   1.6   8:30p     N
27  23.6  28.1   1:30p  20.1  12:00m   0.0   5.3   0.0   0.0  19.3   6:30p     S
28  23.1  31.3  12:30p  18.1   4:30a   0.0   4.8   0.0   0.0   6.4  10:30a     S
-------------------------------------------------------------------------------------
    24.3  41.7    14    16.3     7     1.3 168.8 226.2   0.0  19.3    27       S

Max >=  32.0: 13
Max <=   0.0:  0
Min <=   0.0:  0
Min <= -18.0:  0
Max Rain: 96.19 ON 22/02/18
Days of Rain: 12 (> .2 mm) 9 (> 2 mm) 3 (> 20 mm)
Heat Base:  18.3  Cool Base:  18.3  Method: Integration