NOAA-Style Climate Reports

Select a Year or Month report
2019: Jan Feb Mar Apr May Jun Jul Aug Sep Oct Nov Dec
2018: Jan Feb Mar Apr May Jun Jul Aug Sep Oct Nov Dec
2017: Jan Feb Mar Apr May Jun Jul Aug Sep Oct Nov Dec
2016: Jan Feb Mar Apr May Jun Jul Aug Sep Oct Nov Dec
2015: Jan Feb Mar Apr May Jun Jul Aug Sep Oct Nov Dec
2014: Jan Feb Mar Apr May Jun Jul Aug Sep Oct Nov Dec
2013: Jan Feb Mar Apr May Jun Jul Aug Sep Oct Nov Dec
2012: Jan Feb Mar Apr May Jun Jul Aug Sep Oct Nov Dec
2011: Jan Feb Mar Apr May Jun Jul Aug Sep Oct Nov Dec
2010: Jan Feb Mar Apr May Jun Jul Aug Sep Oct Nov Dec

Report for 2018 January
                   MONTHLY CLIMATOLOGICAL SUMMARY for JAN. 2018

NAME: Wamuran   CITY: Wamuran   STATE: Queensland 
ELEV:    75 m  LAT:  27° 00' 16" S  LONG: 152° 51' 49" E

                   TEMPERATURE (°C), RAIN  (mm), WIND SPEED (km/hr)

                                      HEAT  COOL        AVG
    MEAN                              DEG   DEG         WIND                 DOM
DAY TEMP  HIGH   TIME   LOW    TIME   DAYS  DAYS  RAIN  SPEED HIGH   TIME    DIR
------------------------------------------------------------------------------------
 1  26.2  36.1   2:00p  22.1   4:30a   0.0   7.9   3.4   0.0   0.0     ---   ---
 2  25.1  32.8   1:30p  21.8  10:00p   0.0   6.8  25.0   0.0   0.0     ---   ---
 3  25.0  34.3   1:00p  20.4   5:00a   0.0   6.7   0.0   0.0   0.0     ---   ---
 4  24.6  31.4   1:00p  19.1   5:30a   0.0   6.2   0.0   0.0   9.7  11:00a     S
 5  25.0  30.6   2:30p  21.7   5:30a   0.0   6.7   0.0   0.0   6.4   2:00p     S
 6  25.0  33.7   4:00p  18.8  12:00m   0.0   6.7   0.0   0.0   6.4  12:00p     S
 7  24.8  35.4   3:30p  17.7   4:30a   0.0   6.6   0.0   0.0   4.8  11:00a     S
 8  25.3  35.7   1:30p  18.2   5:30a   0.0   7.0   0.0   0.0   9.7   4:00p     S
 9  25.4  35.7   1:30p  18.7   5:30a   0.0   7.2   0.0   0.0   4.8  10:30a     S
10  25.6  36.2   3:30p  19.0   5:30a   0.0   7.3   0.0   0.0   6.4   1:00p     S
11  25.2  34.1   3:00p  19.3   5:30a   0.0   6.9   0.0   0.0   6.4   1:00p     S
12  26.6  36.1   1:30p  19.8   1:30a   0.0   8.3   0.0   0.0   8.0   2:30p     S
13  28.7  41.9   3:30p  20.7   5:30a   0.0  10.3  14.4   0.0  35.4   7:00p     S
14  28.1  36.8   3:00p  19.7  12:00m   0.0   9.8   0.0   0.3  17.7   2:00p     S
15  22.7  32.2   3:00p  14.9   5:00a   0.5   4.9   0.0   0.0  16.1   4:00p     S
16  22.6  31.3  12:30p  15.6   3:00a   0.6   4.9   0.0   0.0  12.9   3:30p     S
17  22.6  32.3   2:00p  15.3   5:30a   0.5   4.8   0.0   0.0  12.9   1:00p     S
18  23.9  33.7   1:30p  17.6  12:00m   0.0   5.6   0.0   0.0   8.0   4:30p     S
19  23.6  35.4   2:00p  16.0   2:00a   0.5   5.8   0.0   0.0   6.4   2:00p     S
20  23.6  32.3   2:00p  16.2   5:00a   0.5   5.7   0.0   0.0   9.7  11:00a     S
21  24.2  30.5   3:30p  19.4   5:00a   0.0   5.9   0.0   0.0  11.3  10:30a     S
22  24.4  33.3   4:00p  19.3   5:30a   0.0   6.1   0.0   0.0  12.9   1:30p     S
23  24.9  35.1   1:30p  18.2   4:00a   0.0   6.6   0.0   0.0   6.4   1:30p     S
24  25.6  33.9   3:30p  19.8   3:30a   0.0   7.3   0.8   0.0   8.0   5:30p     S
25  26.2  34.2   3:30p  21.1   5:30a   0.0   7.9   0.0   0.0   9.7   3:30p     S
26  26.6  35.4   3:30p  20.8   5:30a   0.0   8.3   0.0   0.0  11.3   2:00p     S
27  25.5  32.2   4:00p  21.4   4:00a   0.0   7.2   1.8   0.0  14.5   4:30p     S
28  25.5  32.0  12:30p  20.5   6:00a   0.0   7.2   3.4   0.0  14.5   1:00p     S
29  25.0  31.4  12:00p  21.0   5:30a   0.0   6.7   1.4   0.0  14.5   1:00p     S
30  25.6  33.8   2:30p  20.5   4:00a   0.0   7.2   0.0   0.0  11.3   3:00p     S
31  27.2  37.5   1:30p  21.3   5:30a   0.0   8.9   5.2   0.0  12.9   6:00p     S
-------------------------------------------------------------------------------------
    25.2  41.9    13    14.9    15     2.6 215.7  55.4   0.0  35.4    13       S

Max >=  32.0: 26
Max <=   0.0:  0
Min <=   0.0:  0
Min <= -18.0:  0
Max Rain: 24.99 ON 02/01/18
Days of Rain: 8 (> .2 mm) 5 (> 2 mm) 1 (> 20 mm)
Heat Base:  18.3  Cool Base:  18.3  Method: Integration