NOAA-Style Climate Reports

Select a Year or Month report
2020: Jan Feb Mar Apr May Jun Jul Aug Sep Oct Nov Dec
2019: Jan Feb Mar Apr May Jun Jul Aug Sep Oct Nov Dec
2018: Jan Feb Mar Apr May Jun Jul Aug Sep Oct Nov Dec
2017: Jan Feb Mar Apr May Jun Jul Aug Sep Oct Nov Dec
2016: Jan Feb Mar Apr May Jun Jul Aug Sep Oct Nov Dec
2015: Jan Feb Mar Apr May Jun Jul Aug Sep Oct Nov Dec
2014: Jan Feb Mar Apr May Jun Jul Aug Sep Oct Nov Dec
2013: Jan Feb Mar Apr May Jun Jul Aug Sep Oct Nov Dec
2012: Jan Feb Mar Apr May Jun Jul Aug Sep Oct Nov Dec
2011: Jan Feb Mar Apr May Jun Jul Aug Sep Oct Nov Dec
2010: Jan Feb Mar Apr May Jun Jul Aug Sep Oct Nov Dec

Report for 2018
                            ANNUAL CLIMATOLOGICAL SUMMARY

NAME: Wamuran  CITY: Wamuran   STATE: Queensland  
ELEV:    75 m  LAT:  27° 00' 16" S  LONG: 152° 51' 49" E

               TEMPERATURE (°C), HEAT BASE 18.3, COOL BASE 18.3
                          DEP.  HEAT  COOL                                          
        MEAN  MEAN        FROM  DEG   DEG                        MAX  MAX  MIN  MIN 
 YR MO  MAX   MIN   MEAN  NORM  DAYS  DAYS  HI  DATE  LOW  DATE  >=32 <=0  <=0  <=-18 
------------------------------------------------------------------------------------
 18  1  34.1  19.2  25.2   0.0     3   216  41.9  13  14.9   15   26    0    0    0
 18  2  31.3  19.7  24.3   0.0     1   169  41.7  14  16.3    7   13    0    0    0
 18  3  28.4  19.6  23.1   0.0     1   151  37.3   1  15.8   12    4    0    0    0
 18  4  26.6  16.7  20.7   0.0    14    86  31.2  15  12.6   30    0    0    0    0
 18  5  22.8  12.8  17.1   0.0    68    31  26.1   4   8.2   12    0    0    0    0
 18  6  20.3  10.6  15.5   0.0    70     9  23.9  13   6.8   18    0    0    0    0
 18  7  21.4   9.7  14.8   0.0   125    17  24.3  28   5.9   19    0    0    0    0
 18  8  23.1   8.5  14.9   0.0   135    32  28.2  16   4.8   23    0    0    0    0
 18  9  25.2  11.7  17.4   0.0    77    49  31.4  29   9.1   10    0    0    0    0
 18 10  27.1  15.3  20.0   0.0    29    82  36.3  26  10.3    4    4    0    0    0
 18 11  32.2  16.4  23.3   0.0    14   165  39.0   4  11.9   10   14    0    0    0
 18 12  31.4  18.7  24.1   0.0     3   183  40.4   2  14.6   26   13    0    0    0
------------------------------------------------------------------------------------
        27.0  14.9  20.0   0.0   539  1190  41.9 JAN   4.8  AUG   74    0    0    0

                                PRECIPITATION (mm)

               DEP.   MAX        DAYS OF RAIN 
               FROM   OBS.          OVER
 YR MO  TOTAL  NORM   DAY  DATE  .2   2   20
---------------------------------------------
 18  1  55.4    0.0  25.0    2    8    5    1
 18  2 226.2    0.0  96.2   22   12    9    3
 18  3 110.0    0.0  32.4   21   22   13    1
 18  4  80.0    0.0  29.0   20   18    6    2
 18  5  14.2    0.0   5.0   28    9    3    0
 18  6  18.8    0.0   9.8   27    7    3    0
 18  7   4.4    0.0   2.2   11    5    1    0
 18  8  16.0    0.0  15.4   26    3    1    0
 18  9  61.0    0.0  28.8   30   10    4    1
 18 10 269.8    0.0  40.4   13   17   13    5
 18 11  15.4    0.0  10.4   17    6    2    0
 18 12 108.0    0.0  55.4   16   16    8    1
---------------------------------------------
       979.2   0.0  96.2  FEB  133   68   14

                                WIND SPEED (km/hr)
                          DOM
 YR MO   AVG.  HI   DATE  DIR
---------------------------------
 18  1   0.0  35.4   13     S
 18  2   0.0  19.3   27     S
 18  3   0.0  19.3    9     S
 18  4   0.0  14.5    3     S
 18  5   0.0  20.9   11     S
 18  6   0.0  20.9   18     S
 18  7   0.0  29.0    8    NE
 18  8   0.1  27.4   19    NE
 18  9   0.0  20.9    1    NE
 18 10   0.0  35.4    8     S
 18 11   0.2  27.4   23     S
 18 12   0.0  20.9    5     S
---------------------------------
         0.0  35.4  JAN    S