NOAA-Style Climate Reports

Select a Year or Month report
2019: Jan Feb Mar Apr May Jun Jul Aug Sep Oct Nov Dec
2018: Jan Feb Mar Apr May Jun Jul Aug Sep Oct Nov Dec
2017: Jan Feb Mar Apr May Jun Jul Aug Sep Oct Nov Dec
2016: Jan Feb Mar Apr May Jun Jul Aug Sep Oct Nov Dec
2015: Jan Feb Mar Apr May Jun Jul Aug Sep Oct Nov Dec
2014: Jan Feb Mar Apr May Jun Jul Aug Sep Oct Nov Dec
2013: Jan Feb Mar Apr May Jun Jul Aug Sep Oct Nov Dec
2012: Jan Feb Mar Apr May Jun Jul Aug Sep Oct Nov Dec
2011: Jan Feb Mar Apr May Jun Jul Aug Sep Oct Nov Dec
2010: Jan Feb Mar Apr May Jun Jul Aug Sep Oct Nov Dec

Report for 2018
                            ANNUAL CLIMATOLOGICAL SUMMARY

NAME: Wamuran  CITY: Wamuran   STATE: Queensland  
ELEV:    75 m  LAT:  27° 00' 16" S  LONG: 152° 51' 49" E

               TEMPERATURE (°C), HEAT BASE 18.3, COOL BASE 18.3
                          DEP.  HEAT  COOL                                          
        MEAN  MEAN        FROM  DEG   DEG                        MAX  MAX  MIN  MIN 
 YR MO  MAX   MIN   MEAN  NORM  DAYS  DAYS  HI  DATE  LOW  DATE  >=32 <=0  <=0  <=-18 
------------------------------------------------------------------------------------
 17  1  31.7  21.5  26.2   0.0     0   129  38.6  14  16.8    9   11    0    0    0
 17  2  33.9  20.2  25.8   0.0     0   195  44.7  12  17.9   28   19    0    0    0
 17  3  30.1  20.5  24.4   0.0     0   163  36.1  17  15.8   10   10    0    0    0
 17  4  25.6  14.9  19.5   0.0    31    68  28.9   1  11.2   27    0    0    0    0
 17  5  23.3  14.0  17.8   0.0    51    36  26.9   3   9.7   31    0    0    0    0
 17  6  21.4  11.6  15.6   0.0    96    17  23.6  26   7.1    1    0    0    0    0
 17  7  21.6   9.6  14.6   0.0   131    17  25.3   5   6.5   24    0    0    0    0
 17  8  24.1   9.8  16.0   0.0   113    41  31.2  17   6.3   10    0    0    0    0
 17  9  29.3  12.5  19.8   0.0    56   100  39.1  28   8.1   15    8    0    0    0
 17 10  28.2  17.0  21.6   0.0    14   115  36.6  30  12.4   24    8    0    0    0
 17 11  28.4  15.9  21.1   0.0    20   103  34.1   4  12.6   13    2    0    0    0
 17 12  33.7  18.5  24.4   0.0     2   190  41.1  25  15.4    6   21    0    0    0
------------------------------------------------------------------------------------
        27.5  15.3  20.4   0.0   515  1173  44.7 FEB   6.3  AUG   79    0    0    0

                                PRECIPITATION (mm)

               DEP.   MAX        DAYS OF RAIN 
               FROM   OBS.          OVER
 YR MO  TOTAL  NORM   DAY  DATE  .2   2   20
---------------------------------------------
 17  1  64.8    0.0  30.4   21    7    3    2
 17  2  78.6    0.0  37.4   19    5    4    1
 17  3 398.6    0.0 240.0   30   16   11    4
 17  4   7.8    0.0   3.8   22    5    2    0
 17  5  67.2    0.0  23.8   19   15    6    1
 17  6  90.2    0.0  36.2   14    9    7    2
 17  7  33.8    0.0  15.4    5   10    4    0
 17  8  18.8    0.0  16.4    6    4    1    0
 17  9  17.4    0.0  16.2   22    2    1    0
 17 10 335.8    0.0  81.2   17   16   11    6
 17 11 295.2    0.0 169.2   29   12   10    3
 17 12 176.8    0.0  68.0   25   15    9    3
---------------------------------------------
      1585.0   0.0 240.0  MAR  116   69   22

                                WIND SPEED (km/hr)
                          DOM
 YR MO   AVG.  HI   DATE  DIR
---------------------------------
 17  1   0.2  25.7   21     S
 17  2   0.0  20.9    8    SW
 17  3   0.0  19.3   31    SW
 17  4   0.1  19.3    4    NE
 17  5   0.0  17.7    3    NE
 17  6   0.0  17.7   13    NE
 17  7   0.1  24.1   19    NE
 17  8   0.1  25.7   18    NE
 17  9   0.2  35.4   14    NE
 17 10   0.0  22.5   27     S
 17 11   0.1  20.9   19     S
 17 12   0.0  20.9   25     S
---------------------------------
         0.1  35.4  SEP   NE