NOAA-Style Climate Reports

Select a Year or Month report
2019: Jan Feb Mar Apr May Jun Jul Aug Sep Oct Nov Dec
2018: Jan Feb Mar Apr May Jun Jul Aug Sep Oct Nov Dec
2017: Jan Feb Mar Apr May Jun Jul Aug Sep Oct Nov Dec
2016: Jan Feb Mar Apr May Jun Jul Aug Sep Oct Nov Dec
2015: Jan Feb Mar Apr May Jun Jul Aug Sep Oct Nov Dec
2014: Jan Feb Mar Apr May Jun Jul Aug Sep Oct Nov Dec
2013: Jan Feb Mar Apr May Jun Jul Aug Sep Oct Nov Dec
2012: Jan Feb Mar Apr May Jun Jul Aug Sep Oct Nov Dec
2011: Jan Feb Mar Apr May Jun Jul Aug Sep Oct Nov Dec
2010: Jan Feb Mar Apr May Jun Jul Aug Sep Oct Nov Dec

Report for 2017 December
                   MONTHLY CLIMATOLOGICAL SUMMARY for DEC. 2017

NAME: Wamuran   CITY: Wamuran   STATE: Queensland 
ELEV:    75 m  LAT:  27° 00' 16" S  LONG: 152° 51' 49" E

                   TEMPERATURE (°C), RAIN  (mm), WIND SPEED (km/hr)

                                      HEAT  COOL        AVG
    MEAN                              DEG   DEG         WIND                 DOM
DAY TEMP  HIGH   TIME   LOW    TIME   DAYS  DAYS  RAIN  SPEED HIGH   TIME    DIR
------------------------------------------------------------------------------------
 1  23.7  29.8  11:00a  19.7  12:00m   0.0   5.4   0.6   0.0   9.7   1:00p     S
 2  24.2  31.7  12:30p  19.4   5:00a   0.0   5.9   3.4   0.0   8.0  12:30p     S
 3  24.3  32.1  12:30p  20.7  12:00m   0.0   6.0   2.2   0.0   4.8  11:00a   ENE
 4  21.0  26.7   9:00a  18.9   5:00a   0.0   2.7  38.6   0.0   1.6   8:30a     N
 5  22.4  31.2   1:30p  17.1  12:00m   0.0   4.2   0.0   0.0   6.4  11:00a     S
 6  23.1  35.6   4:00p  15.4   3:00a   0.7   5.5   0.0   0.0   9.7  11:00a     S
 7  24.7  36.1   1:30p  15.8   5:00a   0.3   6.7   0.0   0.0   6.4   2:00p    NE
 8  23.5  35.4   1:00p  17.8   1:30a   0.1   5.2   4.2   0.2  16.1   3:00p     S
 9  23.8  34.3   1:30p  17.2   6:00a   0.0   5.3  14.4   0.0  17.7   6:30p     S
10  22.6  30.3   1:30p  17.2   5:30a   0.1   4.3   0.2   0.0  16.1   1:00p     S
11  22.7  29.1   2:30p  17.5   5:00a   0.1   4.5   0.0   0.0  12.9  12:00p     S
12  23.0  29.9   2:30p  16.7   4:30a   0.2   4.9   0.0   0.0  11.3   3:00p     S
13  23.3  31.6   1:30p  17.9   2:30a   0.0   5.1   0.0   0.0  12.9   3:30p     S
14  23.9  34.0   4:00p  16.7   5:00a   0.2   5.8   0.0   0.0   9.7  12:00p     S
15  24.7  35.3   2:00p  17.4   5:00a   0.1   6.5   0.0   0.0   8.0   1:00p     S
16  25.2  33.9   3:00p  19.7   3:30a   0.0   6.9   0.0   0.0   8.0  11:30a     S
17  24.4  33.5   2:30p  18.3   5:00a   0.0   6.1   0.0   0.0   6.4  12:30p     S
18  24.3  33.2   3:30p  18.2  12:00m   0.0   6.0   0.0   0.0  14.5   3:00p     S
19  25.1  35.4   3:30p  17.4   4:30a   0.1   7.0   0.0   0.0   8.0   2:30p     S
20  26.6  38.3   2:30p  18.5   5:30a   0.0   8.3   0.0   0.0   4.8   8:30a     S
21  26.1  37.0   2:00p  18.0   5:00a   0.0   7.8   0.0   0.0   8.0   4:30p     S
22  26.1  34.2   4:00p  20.4   4:30a   0.0   7.7   0.0   0.0  11.3  12:30p     S
23  26.2  35.7   3:30p  19.8  12:00m   0.0   7.9   0.2   0.0   6.4   4:30p     S
24  26.5  39.2   2:30p  17.9   5:00a   0.0   8.2   0.0   0.0   6.4   1:00p     S
25  24.8  41.1   2:30p  18.7   8:00p   0.0   6.1  68.0   0.0  20.9   7:00p     S
26  23.6  30.2  12:30p  19.0  12:30a   0.0   5.3   8.2   0.0   8.0   9:00a     S
27  23.9  31.2  12:00p  20.2  12:30a   0.0   5.1  12.6   0.0   8.0  10:00a     S
28  24.6  33.4   3:00p  19.3   5:30a   0.0   6.3   0.4   0.0  11.3  12:00p     S
29  25.1  32.6  12:00p  20.0   5:00a   0.0   6.8   0.6   0.0   4.8   3:30p     S
30  26.8  37.4   4:00p  20.3   5:30a   0.0   8.5   1.0   0.0   0.0     ---   ---
31  25.9  34.6   1:30p  22.1   4:00p   0.0   7.6  22.2   0.0   8.0   3:30p     S
-------------------------------------------------------------------------------------
    24.4  41.1    25    15.4     6     2.0 189.6 176.8   0.0  20.9    25       S

Max >=  32.0: 21
Max <=   0.0:  0
Min <=   0.0:  0
Min <= -18.0:  0
Max Rain: 68.00 ON 25/12/17
Days of Rain: 15 (> .2 mm) 9 (> 2 mm) 3 (> 20 mm)
Heat Base:  18.3  Cool Base:  18.3  Method: Integration