NOAA-Style Climate Reports

Select a Year or Month report
2019: Jan Feb Mar Apr May Jun Jul Aug Sep Oct Nov Dec
2018: Jan Feb Mar Apr May Jun Jul Aug Sep Oct Nov Dec
2017: Jan Feb Mar Apr May Jun Jul Aug Sep Oct Nov Dec
2016: Jan Feb Mar Apr May Jun Jul Aug Sep Oct Nov Dec
2015: Jan Feb Mar Apr May Jun Jul Aug Sep Oct Nov Dec
2014: Jan Feb Mar Apr May Jun Jul Aug Sep Oct Nov Dec
2013: Jan Feb Mar Apr May Jun Jul Aug Sep Oct Nov Dec
2012: Jan Feb Mar Apr May Jun Jul Aug Sep Oct Nov Dec
2011: Jan Feb Mar Apr May Jun Jul Aug Sep Oct Nov Dec
2010: Jan Feb Mar Apr May Jun Jul Aug Sep Oct Nov Dec

Report for 2017 October
                   MONTHLY CLIMATOLOGICAL SUMMARY for OCT. 2017

NAME: Wamuran   CITY: Wamuran   STATE: Queensland 
ELEV:    75 m  LAT:  27° 00' 16" S  LONG: 152° 51' 49" E

                   TEMPERATURE (°C), RAIN  (mm), WIND SPEED (km/hr)

                                      HEAT  COOL        AVG
    MEAN                              DEG   DEG         WIND                 DOM
DAY TEMP  HIGH   TIME   LOW    TIME   DAYS  DAYS  RAIN  SPEED HIGH   TIME    DIR
------------------------------------------------------------------------------------
 1  19.8  26.1  11:00a  16.5  12:00m   0.5   2.0   3.0   0.0  16.1  12:00p    SW
 2  18.2  21.4   9:30a  16.2  12:00m   0.6   0.5  45.4   0.0   8.0   8:30p    SW
 3  19.9  26.4  12:00p  15.9   1:00a   0.6   2.2  26.4   0.0   6.4   1:30p     S
 4  21.7  28.1  12:30p  16.9   5:00a   0.1   3.5   0.2   0.0   9.7   1:30p     S
 5  22.9  33.3   1:00p  18.1  12:00m   0.0   4.7   0.0   0.0   6.4  11:30a    SW
 6  25.1  36.4   1:30p  16.9   3:00a   0.2   6.9   2.8   0.0   9.7   9:30a    NE
 7  20.6  23.2  11:00a  18.5  12:00m   0.0   2.3   0.4   0.0  11.3  11:00a    NE
 8  21.2  27.7  10:00a  16.7  11:30p   0.3   3.1   0.0   0.0   0.0     ---   ---
 9  24.0  32.3   3:00p  17.2  12:30a   0.0   5.7   0.4   0.0   3.2   4:30p    NE
10  25.6  34.3  12:00p  19.6   5:00a   0.0   7.3   0.0   0.0  11.3   1:00p     S
11  24.2  29.9   2:00p  20.7  12:00m   0.0   5.9   0.0   0.0   6.4   2:30p     S
12  23.3  27.9  10:30a  19.9   4:00a   0.0   5.0   0.0   0.0   1.6   8:00a    SW
13  23.6  30.9  12:30p  19.9   5:00a   0.0   5.3   0.0   0.0  16.1  10:30a     S
14  20.0  24.0   8:30a  17.8  11:00p   0.1   1.8  69.0   0.0   8.0   8:00p    SW
15  18.6  22.1   1:00p  17.2   4:30a   0.3   0.5  50.2   0.0  11.3   1:00p     S
16  19.4  20.7  12:30p  18.1   2:00a   0.0   1.1  17.8   0.0  17.7   7:30a    SW
17  19.2  20.2  11:30a  18.2   5:00a   0.0   0.9  81.2   0.0  14.5   7:30a     S
18  20.0  23.6  11:00a  18.8   8:30p   0.0   1.7   7.8   0.0  19.3  11:30a     S
19  20.2  25.1  12:00p  17.1  12:00m   0.1   2.0   2.0   0.0  11.3   2:00p     S
20  20.9  28.7   2:00p  15.7  11:00p   0.6   3.1   0.0   0.0   3.2   9:00a     S
21  16.3  19.1  10:30a  13.7  12:00m   2.0   0.0  28.0   0.0   8.0  11:30a   NNE
22  18.4  27.1   2:00p  12.4   4:30a   2.0   2.1   0.2   0.0   3.2  10:30a     S
23  17.0  23.8   9:30a  12.9  10:30p   2.2   0.9   1.0   0.0  11.3   3:00p   NNE
24  18.8  28.3  12:30p  12.4   2:00a   2.0   2.6   0.0   0.0   6.4  11:30a    SW
25  21.1  32.5   1:30p  13.1   4:30a   1.3   4.0   0.0   0.0   8.0   2:00p     S
26  24.3  34.8   1:30p  14.3   3:00a   0.8   6.8   0.0   0.0   9.7   1:00p     S
27  24.7  31.6   1:30p  17.6  12:00m   0.0   6.4   0.0   0.8  22.5  12:00p    NE
28  22.8  30.6   2:00p  16.9   4:00a   0.2   4.7   0.0   0.0   8.0   1:00p    SW
29  26.2  35.9   1:30p  19.6   4:00a   0.0   7.9   0.0   0.0   6.4  10:30a     S
30  26.3  36.6   2:00p  20.1   3:00a   0.0   8.0   0.0   0.0   9.7  12:00m    SE
31  24.6  31.1   3:00p  18.3  12:00m   0.0   6.3   0.0   0.5  17.7   9:30a    NE
-------------------------------------------------------------------------------------
    21.6  36.6    30    12.4    24    13.7 115.4 335.8   0.0  22.5    27       S

Max >=  32.0:  8
Max <=   0.0:  0
Min <=   0.0:  0
Min <= -18.0:  0
Max Rain: 81.20 ON 17/10/17
Days of Rain: 16 (> .2 mm) 11 (> 2 mm) 6 (> 20 mm)
Heat Base:  18.3  Cool Base:  18.3  Method: Integration