NOAA-Style Climate Reports

Select a Year or Month report
2019: Jan Feb Mar Apr May Jun Jul Aug Sep Oct Nov Dec
2018: Jan Feb Mar Apr May Jun Jul Aug Sep Oct Nov Dec
2017: Jan Feb Mar Apr May Jun Jul Aug Sep Oct Nov Dec
2016: Jan Feb Mar Apr May Jun Jul Aug Sep Oct Nov Dec
2015: Jan Feb Mar Apr May Jun Jul Aug Sep Oct Nov Dec
2014: Jan Feb Mar Apr May Jun Jul Aug Sep Oct Nov Dec
2013: Jan Feb Mar Apr May Jun Jul Aug Sep Oct Nov Dec
2012: Jan Feb Mar Apr May Jun Jul Aug Sep Oct Nov Dec
2011: Jan Feb Mar Apr May Jun Jul Aug Sep Oct Nov Dec
2010: Jan Feb Mar Apr May Jun Jul Aug Sep Oct Nov Dec

Report for 2017 July
                   MONTHLY CLIMATOLOGICAL SUMMARY for JUL. 2017

NAME: Wamuran   CITY: Wamuran   STATE: Queensland 
ELEV:    75 m  LAT:  27° 00' 16" S  LONG: 152° 51' 49" E

                   TEMPERATURE (°C), RAIN  (mm), WIND SPEED (km/hr)

                                      HEAT  COOL        AVG
    MEAN                              DEG   DEG         WIND                 DOM
DAY TEMP  HIGH   TIME   LOW    TIME   DAYS  DAYS  RAIN  SPEED HIGH   TIME    DIR
------------------------------------------------------------------------------------
 1  11.6  17.7   1:30p   7.1  11:00p   6.7   0.0   0.0   0.0   8.0   9:00a   WNW
 2  12.2  19.0   1:30p   8.1  12:30a   6.1   0.0   0.0   0.0   6.4   3:00p   NNE
 3  14.6  21.9   1:30p   9.0   6:30a   4.2   0.5   0.2   0.0   1.6   9:30a    SW
 4  16.6  24.4   1:00p  12.3   6:00a   2.8   1.1   0.0   0.0   4.8   9:30a    NE
 5  17.6  25.3  12:30p  12.5   5:30a   2.1   1.4  15.4   0.0   8.0   3:00p   NNE
 6  16.1  22.4   1:00p  12.6  12:00m   2.8   0.6   0.0   0.0   4.8   8:00a    NE
 7  15.6  18.2   2:00p  12.7  12:30a   2.7   0.0   5.8   0.0   1.6  12:00m   NNE
 8  13.6  20.7  12:30p   8.3  10:30p   5.0   0.3   0.2   0.0   6.4  10:00a    NE
 9  13.2  19.7  12:30p   7.6   3:00a   5.2   0.1   0.0   0.0   1.6   3:00a   ENE
10  15.2  20.0  12:30p  11.6   5:00a   3.3   0.2   1.8   0.0   8.0  10:30a    NE
11  14.6  20.5  12:30p   9.5  12:00m   4.0   0.3   1.4   0.0   9.7  11:00a    SW
12  13.1  19.7   1:30p   8.6   2:30a   5.4   0.1   0.0   0.0   8.0   2:30p   NNE
13  13.0  18.7  10:30a   8.9   1:00a   5.3   0.0   0.0   0.0   6.4   9:30a   NNE
14  13.4  20.4  12:30p   8.3   5:00a   5.1   0.3   0.2   0.0   4.8  10:30a    NE
15  16.5  23.4  11:30a  10.9  12:30a   2.8   1.0   2.8   0.0   3.2   8:00a   NNE
16  16.2  21.6  12:00p  12.9  12:00m   2.5   0.5   4.6   0.0   3.2   4:00a   NNE
17  15.9  22.8   1:00p  11.6   5:30a   3.1   0.7   0.0   0.0   1.6   6:00a    NE
18  16.9  24.6   1:00p  11.9   5:30a   2.6   1.3   1.4   0.0   4.8  10:00a    NE
19  14.9  18.0  12:00p  10.9  11:30p   3.3   0.0   0.0   1.3  24.1  10:00a    NE
20  14.8  19.9  12:30p  11.4   2:00a   3.6   0.1   0.0   0.6  19.3   4:30a    NE
21  12.0  19.7   1:00p   6.6  11:30p   6.4   0.1   0.0   0.0   8.0   8:00a    NE
22  12.3  19.9   1:00p   6.7  12:30a   6.1   0.1   0.0   0.0   3.2   7:00a   ENE
23  13.6  21.7   1:00p   8.3  12:00m   5.2   0.5   0.0   0.0   9.7  11:30a    NE
24  14.1  23.7   1:00p   6.5   2:30a   4.8   0.9   0.0   0.0   4.8   6:30a   NNE
25  13.6  22.3   3:00p   8.1  10:30p   5.5   0.7   0.0   0.0  11.3   1:00p    NE
26  15.2  24.1   3:00p   8.4  12:30a   4.1   1.0   0.0   0.0   6.4  12:00p    NE
27  15.4  22.1   1:00p  10.3   4:00a   3.7   0.8   0.0   0.0   9.7  11:00a   NNE
28  15.4  24.6   3:00p   9.6   5:00a   4.0   1.1   0.0   0.0   8.0   2:00p   NNE
29  15.2  22.9   3:00p   9.7  12:00m   4.0   0.9   0.0   0.0   4.8   1:00p    SW
30  14.9  24.9   3:00p   7.4   7:30a   4.6   1.3   0.0   0.0   8.0   4:00a   ESE
31  15.6  24.8   3:00p   8.6   6:30a   4.0   1.3   0.0   0.0   1.6  10:30a    SW
-------------------------------------------------------------------------------------
    14.6  25.3     5     6.5    24   131.2  17.3  33.8   0.1  24.1    19      NE

Max >=  32.0:  0
Max <=   0.0:  0
Min <=   0.0:  0
Min <= -18.0:  0
Max Rain: 15.39 ON 05/07/17
Days of Rain: 10 (> .2 mm) 4 (> 2 mm) 0 (> 20 mm)
Heat Base:  18.3  Cool Base:  18.3  Method: Integration