NOAA-Style Climate Reports

Select a Year or Month report
2019: Jan Feb Mar Apr May Jun Jul Aug Sep Oct Nov Dec
2018: Jan Feb Mar Apr May Jun Jul Aug Sep Oct Nov Dec
2017: Jan Feb Mar Apr May Jun Jul Aug Sep Oct Nov Dec
2016: Jan Feb Mar Apr May Jun Jul Aug Sep Oct Nov Dec
2015: Jan Feb Mar Apr May Jun Jul Aug Sep Oct Nov Dec
2014: Jan Feb Mar Apr May Jun Jul Aug Sep Oct Nov Dec
2013: Jan Feb Mar Apr May Jun Jul Aug Sep Oct Nov Dec
2012: Jan Feb Mar Apr May Jun Jul Aug Sep Oct Nov Dec
2011: Jan Feb Mar Apr May Jun Jul Aug Sep Oct Nov Dec
2010: Jan Feb Mar Apr May Jun Jul Aug Sep Oct Nov Dec

Report for 2017 May
                   MONTHLY CLIMATOLOGICAL SUMMARY for MAY. 2017

NAME: Wamuran   CITY: Wamuran   STATE: Queensland 
ELEV:    75 m  LAT:  27° 00' 16" S  LONG: 152° 51' 49" E

                   TEMPERATURE (°C), RAIN  (mm), WIND SPEED (km/hr)

                                      HEAT  COOL        AVG
    MEAN                              DEG   DEG         WIND                 DOM
DAY TEMP  HIGH   TIME   LOW    TIME   DAYS  DAYS  RAIN  SPEED HIGH   TIME    DIR
------------------------------------------------------------------------------------
 1  18.3  25.3   2:30p  13.9   4:00a   1.8   1.8   0.0   0.0   9.7  12:00p    SW
 2  19.3  25.7   3:00p  14.3   4:30a   1.1   2.1   0.0   0.0   1.6   9:00a    NE
 3  20.4  26.9  12:30p  16.6   4:30a   0.4   2.6   0.0   0.0  17.7   2:00p   NNE
 4  19.4  23.2  12:30p  15.6   6:30a   0.5   1.6   0.0   0.2  14.5   2:30p   WNW
 5  18.7  24.0   1:00p  13.9  12:00m   1.1   1.5   0.0   0.2  17.7   1:30p    NE
 6  17.5  23.9  12:30p  12.8   6:30a   2.1   1.3   0.0   0.0  11.3   2:30p    SW
 7  18.8  24.8   1:00p  14.1  12:00m   1.1   1.6   0.0   0.0  11.3   1:00p    NE
 8  16.8  20.1   9:30a  13.3   1:30a   1.7   0.1  11.6   0.0  11.3  10:30a   WNW
 9  18.6  22.7   1:30p  15.6  12:00m   1.0   1.2   4.2   0.3  17.7   2:00p    NE
10  15.7  16.8  12:30p  15.1   5:30a   2.6   0.0  13.2   0.0   1.6   3:00a    NE
11  16.4  22.9   1:00p  11.7   6:30a   2.9   1.1   0.2   0.0  11.3  12:00p    NE
12  17.2  23.5   1:00p  11.5   2:00a   2.3   1.3   0.0   0.0  14.5   2:00p    SW
13  17.6  19.3  11:00a  15.9  12:30a   0.8   0.1   7.6   0.0   3.2   5:30a     N
14  18.3  22.1   1:00p  15.7  11:00p   0.8   0.8   0.4   0.0   1.6   8:00a    SW
15  18.1  24.6   2:30p  14.4   4:30a   1.7   1.5   0.2   0.2   9.7   9:00a    NE
16  17.2  24.3   3:00p  12.3   6:00a   2.5   1.4   0.0   0.0   4.8   1:00p    NE
17  17.2  23.7   3:00p  11.6   6:00a   2.4   1.3   0.0   0.0   9.7  12:00p   NNE
18  18.8  22.2   1:00p  17.2   6:30a   0.5   1.0   4.8   0.0  11.3   1:00p    SW
19  18.3  20.0   1:30p  17.2   5:00a   0.3   0.4  23.8   0.0   3.2   1:30a     N
20  18.6  22.9   3:00p  15.1  12:00m   0.8   1.0   0.2   0.0   1.6   9:30a    NE
21  18.1  24.7   2:30p  14.2   2:30a   1.5   1.3   0.0   0.0   3.2   4:30p   NNE
22  19.3  24.7   1:00p  16.8   4:30a   0.5   1.6   0.0   0.0   6.4   1:00p    NE
23  18.7  24.7   2:30p  15.6  12:00m   1.0   1.4   0.2   0.0   3.2   1:30p     N
24  18.8  25.8   3:00p  15.1   7:00a   1.1   1.7   0.2   0.0   4.8  12:30p    SE
25  17.6  23.2  12:00p  13.7   6:00a   1.8   1.1   0.0   0.0   9.7  11:00a    NE
26  16.4  23.7   3:00p  12.5   4:30a   2.9   0.9   0.2   0.0   4.8   8:00a   ENE
27  16.4  22.8   1:00p  11.8   6:00a   2.8   0.9   0.0   0.0   6.4  12:30p   NNE
28  17.2  23.9   2:30p  12.4   6:00a   2.2   1.2   0.2   0.0   1.6   7:30a   NNE
29  17.9  24.8   1:30p  13.3   9:00p   2.0   1.6   0.2   0.0   8.0  11:00a    SE
30  15.7  22.7   2:30p  12.1  11:30p   3.3   0.7   0.0   0.0   1.6   9:00a   ENE
31  14.8  21.1   2:30p   9.7   7:30a   3.9   0.4   0.0   0.0   9.7   8:30p    NE
-------------------------------------------------------------------------------------
    17.8  26.9     3     9.7    31    51.4  36.4  67.2   0.0  17.7     3      NE

Max >=  32.0:  0
Max <=   0.0:  0
Min <=   0.0:  0
Min <= -18.0:  0
Max Rain: 23.80 ON 19/05/17
Days of Rain: 15 (> .2 mm) 6 (> 2 mm) 1 (> 20 mm)
Heat Base:  18.3  Cool Base:  18.3  Method: Integration