NOAA-Style Climate Reports

Select a Year or Month report
2019: Jan Feb Mar Apr May Jun Jul Aug Sep Oct Nov Dec
2018: Jan Feb Mar Apr May Jun Jul Aug Sep Oct Nov Dec
2017: Jan Feb Mar Apr May Jun Jul Aug Sep Oct Nov Dec
2016: Jan Feb Mar Apr May Jun Jul Aug Sep Oct Nov Dec
2015: Jan Feb Mar Apr May Jun Jul Aug Sep Oct Nov Dec
2014: Jan Feb Mar Apr May Jun Jul Aug Sep Oct Nov Dec
2013: Jan Feb Mar Apr May Jun Jul Aug Sep Oct Nov Dec
2012: Jan Feb Mar Apr May Jun Jul Aug Sep Oct Nov Dec
2011: Jan Feb Mar Apr May Jun Jul Aug Sep Oct Nov Dec
2010: Jan Feb Mar Apr May Jun Jul Aug Sep Oct Nov Dec

Report for 2017 March
                   MONTHLY CLIMATOLOGICAL SUMMARY for FEB. 2017

NAME: Wamuran   CITY: Wamuran   STATE: Queensland 
ELEV:    75 m  LAT:  27° 00' 16" S  LONG: 152° 51' 49" E

                   TEMPERATURE (°C), RAIN  (mm), WIND SPEED (km/hr)

                                      HEAT  COOL        AVG
    MEAN                              DEG   DEG         WIND                 DOM
DAY TEMP  HIGH   TIME   LOW    TIME   DAYS  DAYS  RAIN  SPEED HIGH   TIME    DIR
------------------------------------------------------------------------------------
 1  27.1  38.2   3:00p  18.9   5:30a   0.0   8.7   0.0   0.0  11.3   2:00p    SW
 2  24.1  30.8   6:00p  20.9   6:00a   0.0   3.5   0.0   0.0   3.2   6:00p    SW
 3  27.0  35.7   3:00p  20.8   5:00a   0.0   8.7   0.0   0.0   9.7   2:00p    SW
 4  26.9  35.6   2:30p  20.0   6:00a   0.0   8.6   0.0   0.0   9.7   4:00p    SW
 5  23.7  30.0   5:30p  21.4   2:30a   0.0   2.3   0.0   0.0   4.8   6:00p    SW
 6  26.4  36.4   2:00p  20.2   6:00a   0.0   6.9   0.0   0.0   9.7   1:00p    SW
 7  27.6  36.4   1:00p  20.9   5:30a   0.0   9.3   0.0   0.0  12.9  11:00a    SW
 8  27.3  32.8   2:30p  23.0   3:00a   0.0   9.0   0.0   0.5  20.9   4:30p   NNE
 9  25.9  31.9   3:30p  22.2  11:30p   0.0   7.6  19.2   0.2  11.3  12:30p    NE
10  26.4  35.2   3:30p  22.5   2:00a   0.0   4.2   6.4   0.0   6.4   6:00p    SW
11  28.1  39.7   2:00p  20.6   6:00a   0.0   9.8   0.0   0.0   8.0   2:30p    SW
12  32.1  44.7   2:30p  20.4   4:00a   0.0  11.5   0.0   0.0   9.7   1:30p    SW
13  27.7  36.3   2:30p  21.8   6:30p   0.0   9.3  14.6   0.0  11.3   4:00p    SW
14  24.9  28.3   2:00p  22.6  12:00m   0.0   6.6   1.0   0.0  11.3   4:30p   NNE
15  25.1  31.4   1:30p  20.2   6:30a   0.0   6.7   0.0   0.0  11.3   4:00p    SW
16  24.6  33.6   3:00p  19.1   5:30a   0.0   6.3   0.0   0.0  14.5   5:30p    SW
17  25.4  35.3   2:00p  19.5  12:30a   0.0   7.2   0.0   0.0   6.4   1:00p    SW
18  26.4  36.7   1:30p  18.9   4:00a   0.0   8.1   0.0   0.0  12.9   2:00p    SW
19  25.5  35.3  12:30p  20.8   6:00a   0.0   7.2  37.4   0.0  14.5   3:30p   NNE
20  25.5  34.0   2:30p  20.6   5:00a   0.0   5.1   0.0   0.0   6.4   1:00p   NNE
21  25.4  32.7   1:30p  19.8   5:00a   0.0   7.1   0.0   0.0   9.7  10:00a    NE
22  24.4  29.3   2:00p  19.4  12:00m   0.0   5.9   0.0   0.0  17.7   2:00p    NE
23  24.4  31.3   3:00p  18.7   2:00a   0.0   6.1   0.0   0.0  11.3   1:30p    SW
24  24.6  32.6   2:30p  18.4   6:30a   0.0   6.1   0.0   0.0  11.3  12:00p   NNE
25  25.1  32.5   2:00p  18.3   6:00a   0.0   6.5   0.0   0.0  14.5   2:00p    SW
26  24.3  30.8   2:30p  18.4   5:30a   0.0   5.9   0.0   0.3  19.3   6:30p   NNE
27  23.1  29.2  12:30p  18.7  11:00p   0.0   4.8   0.0   0.2  12.9   2:30p   NNE
28  24.1  32.2   2:30p  17.9   2:00a   0.0   5.8   0.0   0.0  12.9   1:30p    SW
-------------------------------------------------------------------------------------
    25.8  44.7    12    17.9    28     0.0 194.7  78.6   0.0  20.9     8      SW

Max >=  32.0: 19
Max <=   0.0:  0
Min <=   0.0:  0
Min <= -18.0:  0
Max Rain: 37.39 ON 19/02/17
Days of Rain: 5 (> .2 mm) 4 (> 2 mm) 1 (> 20 mm)
Heat Base:  18.3  Cool Base:  18.3  Method: Integration