NOAA-Style Climate Reports

Select a Year or Month report
2019: Jan Feb Mar Apr May Jun Jul Aug Sep Oct Nov Dec
2018: Jan Feb Mar Apr May Jun Jul Aug Sep Oct Nov Dec
2017: Jan Feb Mar Apr May Jun Jul Aug Sep Oct Nov Dec
2016: Jan Feb Mar Apr May Jun Jul Aug Sep Oct Nov Dec
2015: Jan Feb Mar Apr May Jun Jul Aug Sep Oct Nov Dec
2014: Jan Feb Mar Apr May Jun Jul Aug Sep Oct Nov Dec
2013: Jan Feb Mar Apr May Jun Jul Aug Sep Oct Nov Dec
2012: Jan Feb Mar Apr May Jun Jul Aug Sep Oct Nov Dec
2011: Jan Feb Mar Apr May Jun Jul Aug Sep Oct Nov Dec
2010: Jan Feb Mar Apr May Jun Jul Aug Sep Oct Nov Dec

Report for 2017 February
                   MONTHLY CLIMATOLOGICAL SUMMARY for JAN. 2017

NAME: Wamuran   CITY: Wamuran   STATE: Queensland 
ELEV:    75 m  LAT:  27° 00' 16" S  LONG: 152° 51' 49" E

                   TEMPERATURE (°C), RAIN  (mm), WIND SPEED (km/hr)

                                      HEAT  COOL        AVG
    MEAN                              DEG   DEG         WIND                 DOM
DAY TEMP  HIGH   TIME   LOW    TIME   DAYS  DAYS  RAIN  SPEED HIGH   TIME    DIR
------------------------------------------------------------------------------------
 1  30.8  38.4   1:30p  23.1   1:30a   0.0   9.9   0.0   0.6  14.5   1:30p     W
 2  28.4  33.8  12:30p  22.0  11:30p   0.0   8.0  27.8   0.5  14.5   4:00p   WSW
 3  22.3  22.6   2:30a  22.1  12:30a   0.0   0.4   0.0   0.0   4.8  12:30a     N
 4   ---   ---     ---   ---     ---   0.0   0.0   0.0   0.0   0.0     ---   ---
 5   ---   ---     ---   ---     ---   0.0   0.0   0.0   0.0   0.0     ---   ---
 6  22.7  23.9   7:00p  21.9   9:30p   0.0   1.0   0.0   0.0   1.6  11:30p     N
 7  23.8  28.4   1:30p  20.7  12:00m   0.0   5.6   4.2   0.8  14.5  11:00a     N
 8  22.4  28.9   2:00p  17.5  12:00m   0.0   3.7   0.0   0.6  14.5   2:30p     S
 9  23.9  31.1  12:30p  16.8   4:00a   0.2   5.7   0.0   0.5   8.0   6:00p     S
10  26.0  33.5  11:30a  20.2   6:00a   0.0   7.7   0.0   0.6  11.3  12:00p     S
11  22.6  28.8   9:00a  19.7   5:30a   0.0   1.7   0.0   0.0   6.4   8:00a     S
12  29.4  34.5   4:00p  24.8  11:30p   0.0   4.2   0.0   0.0   9.7   4:30p     S
13  28.9  35.8   1:30p  24.1  12:00m   0.0  10.6   0.2   0.5   9.7  10:00a     S
14  30.2  38.6   1:00p  22.1   4:00a   0.0   9.9   0.0   0.6  11.3   4:30p     S
15
16  27.2  31.1   2:30p  22.1  12:00m   0.0   4.4   0.0   0.5   9.7   1:00p     S
17  22.1  22.1  12:30a  22.0  12:30a   0.0   0.1   0.0   0.0   0.0     ---   ---
18  31.6  37.4   3:30p  24.4  12:00m   0.0   8.0   0.8   0.2  17.7   2:30p    NW
19  26.4  29.6  10:00a  23.0   4:00a   0.0   8.1   0.0   0.5  12.9   5:30p     N
20  28.7  37.0   4:00p  23.0   6:00a   0.0   6.5   0.0   0.0   4.8   3:30p     E
21  27.2  36.3  12:30p  22.0  12:00m   0.0   8.9  30.4   0.0  25.7  11:00a     E
22  23.7  26.4   1:00p  21.1  12:00m   0.0   5.4   0.2   0.0   8.0   9:30a     N
23  23.6  29.8  12:00p  18.4   5:30a   0.0   5.3   0.0   0.0   8.0  12:00p     S
24  25.3  33.5   3:00p  17.6   5:30a   0.0   6.8   0.0   0.0   8.0   3:30p     S
25   ---   ---     ---   ---     ---   0.0   0.0   0.0   0.0   0.0     ---   ---
26   ---   ---     ---   ---     ---   0.0   0.0   0.0   0.0   0.0     ---   ---
27   ---   ---     ---   ---     ---   0.0   0.0   0.0   0.0   0.0     ---   ---
28   ---   ---     ---   ---     ---   0.0   0.0   0.0   0.0   0.0     ---   ---
29   ---   ---     ---   ---     ---   0.0   0.0   0.0   0.0   0.0     ---   ---
30  27.4  31.6   4:30p  23.7   8:30p   0.0   1.7   1.2   0.0  24.1   4:30p   WSW
31  28.8  35.2   2:00p  21.5  12:00m   0.0   5.5   0.0   0.0  14.5  12:00p     W
-------------------------------------------------------------------------------------
    26.2  38.6    14    16.8     9     0.3 128.9  64.8   0.2  25.7    21       S

Max >=  32.0: 11
Max <=   0.0:  0
Min <=   0.0:  0
Min <= -18.0:  0
Max Rain: 30.40 ON 21/01/17
Days of Rain: 7 (> .2 mm) 3 (> 2 mm) 2 (> 20 mm)
Heat Base:  18.3  Cool Base:  18.3  Method: Integration