NOAA-Style Climate Reports

Select a Year or Month report
2019: Jan Feb Mar Apr May Jun Jul Aug Sep Oct Nov Dec
2018: Jan Feb Mar Apr May Jun Jul Aug Sep Oct Nov Dec
2017: Jan Feb Mar Apr May Jun Jul Aug Sep Oct Nov Dec
2016: Jan Feb Mar Apr May Jun Jul Aug Sep Oct Nov Dec
2015: Jan Feb Mar Apr May Jun Jul Aug Sep Oct Nov Dec
2014: Jan Feb Mar Apr May Jun Jul Aug Sep Oct Nov Dec
2013: Jan Feb Mar Apr May Jun Jul Aug Sep Oct Nov Dec
2012: Jan Feb Mar Apr May Jun Jul Aug Sep Oct Nov Dec
2011: Jan Feb Mar Apr May Jun Jul Aug Sep Oct Nov Dec
2010: Jan Feb Mar Apr May Jun Jul Aug Sep Oct Nov Dec

Report for 2016 December
                   MONTHLY CLIMATOLOGICAL SUMMARY for DEC. 2016

NAME: Wamuran   CITY: Wamuran   STATE: Queensland 
ELEV:    75 m  LAT:  27° 00' 16" S  LONG: 152° 51' 49" E

                   TEMPERATURE (°C), RAIN  (mm), WIND SPEED (km/hr)

                                      HEAT  COOL        AVG
    MEAN                              DEG   DEG         WIND                 DOM
DAY TEMP  HIGH   TIME   LOW    TIME   DAYS  DAYS  RAIN  SPEED HIGH   TIME    DIR
------------------------------------------------------------------------------------
 1  24.9  34.9   1:00p  17.3   6:00a   0.0   4.7  10.8   0.8  12.9   3:00p    SE
 2  26.7  33.9  12:30p  17.2   6:00a   0.0   6.9   0.0   0.5  12.9   8:30a     W
 3  26.9  34.9   1:30p  20.2   8:00p   0.0   7.2  15.0   1.0  49.9   7:00p   NNE
 4  26.4  33.2  12:30p  19.9   6:00a   0.0   7.0   0.0   0.5  14.5   3:00p     W
 5  28.4  36.2  12:30p  20.7   6:00a   0.0   8.7   0.0   0.5  12.9   1:00p     W
 6  29.8  36.7   4:30p  23.6   7:00a   0.0   9.1   0.0   0.5  19.3  11:00a     W
 7  25.7  33.1   2:30p  21.8   6:00a   0.0   6.2   2.4   0.2   9.7   3:30p   NNE
 8  26.0  33.3   1:30p  22.3  10:00p   0.0   6.6  11.6   0.2  17.7   6:30p     W
 9  24.0  26.9   5:00p  19.9  10:30p   0.0   5.0   0.0   0.5  12.9   7:00a    NE
10  22.4  25.2   1:30p  18.9  12:00m   0.0   3.7   0.2   0.6  20.9   9:00a   NNE
11  22.1  27.4  12:00p  17.4   6:00a   0.0   3.3   0.0   0.5  12.9  10:00a   NNE
12  22.6  28.1  11:30a  16.7   2:30a   0.2   4.0   0.0   1.0  12.9  10:30a   NNE
13  23.1  30.3   1:00p  15.0   3:30a   0.4   4.8   0.0   0.5  12.9   4:30p     W
14  24.9  32.3  12:30p  16.9   1:30a   0.1   5.6   0.0   0.5  20.9   2:30p     W
15  26.8  35.3  12:30p  17.1   6:00a   0.1   7.1   0.0   0.5  14.5   4:30p     W
16  26.1  30.9  10:30a  20.8  12:00m   0.0   6.5   0.0   0.5  16.1   5:00p     W
17  27.7  34.9  12:30p  19.7   2:00a   0.0   8.0   0.0   0.6  17.7   3:00p     W
18  26.1  34.4  12:00p  22.2   6:00p   0.0   6.9   0.4   1.3  20.9   2:30p   NNE
19  23.1  25.1  10:30a  21.0  11:00p   0.0   3.8   0.0   1.0  12.9   7:30a   NNE
20  26.1  31.5  12:30p  19.9   6:00a   0.0   6.1   1.0   0.3  12.9   2:00p     W
21  26.8  34.6   3:30p  20.2  11:00p   0.0   7.3   3.4   1.0  25.7   6:00p    SE
22  24.2  29.9   1:00p  18.4   3:00a   0.0   5.2   4.8   1.0  16.1   1:00p   NNE
23  23.2  27.3   3:00p  18.4  12:00m   0.0   4.1   0.2   0.5  11.3   2:30p   NNE
24  21.8  27.4   3:00p  17.1   3:30a   0.1   3.2   9.0   0.2  11.3   3:00p   WSW
25  21.7  25.1   4:00p  17.3   2:30a   0.1   3.1   7.4   0.2   8.0   2:00p   NNE
26  23.9  30.3   1:00p  17.2   3:00a   0.1   4.9   0.0   0.5  16.1   3:00p     W
27  24.2  30.4   1:00p  16.9   3:00a   0.1   5.3   0.0   0.5  14.5   2:00p     W
28  25.2  31.7   1:00p  17.6   3:00a   0.0   5.9   0.0   0.6  14.5  10:00a     W
29  25.9  32.7  12:30p  18.9   3:00a   0.0   6.7   0.0   0.5  16.1   2:00p     W
30  27.9  36.1  12:00p  18.6   2:00a   0.0   8.2   0.0   0.6  14.5   2:00p     W
31  30.6  37.5   1:30p  22.1   1:30a   0.0   9.7   0.0   0.5  19.3   2:30p   WSW
-------------------------------------------------------------------------------------
    25.3  37.5    31    15.0    13     1.1 184.7  66.2   0.6  49.9     3       W

Max >=  32.0: 16
Max <=   0.0:  0
Min <=   0.0:  0
Min <= -18.0:  0
Max Rain: 15.01 ON 03/12/16
Days of Rain: 12 (> .2 mm) 8 (> 2 mm) 0 (> 20 mm)
Heat Base:  18.3  Cool Base:  18.3  Method: Integration