NOAA-Style Climate Reports

Select a Year or Month report
2019: Jan Feb Mar Apr May Jun Jul Aug Sep Oct Nov Dec
2018: Jan Feb Mar Apr May Jun Jul Aug Sep Oct Nov Dec
2017: Jan Feb Mar Apr May Jun Jul Aug Sep Oct Nov Dec
2016: Jan Feb Mar Apr May Jun Jul Aug Sep Oct Nov Dec
2015: Jan Feb Mar Apr May Jun Jul Aug Sep Oct Nov Dec
2014: Jan Feb Mar Apr May Jun Jul Aug Sep Oct Nov Dec
2013: Jan Feb Mar Apr May Jun Jul Aug Sep Oct Nov Dec
2012: Jan Feb Mar Apr May Jun Jul Aug Sep Oct Nov Dec
2011: Jan Feb Mar Apr May Jun Jul Aug Sep Oct Nov Dec
2010: Jan Feb Mar Apr May Jun Jul Aug Sep Oct Nov Dec

Report for 2016 November
                   MONTHLY CLIMATOLOGICAL SUMMARY for NOV. 2016

NAME: Wamuran   CITY: Wamuran   STATE: Queensland 
ELEV:    75 m  LAT:  27° 00' 16" S  LONG: 152° 51' 49" E

                   TEMPERATURE (°C), RAIN  (mm), WIND SPEED (km/hr)

                                      HEAT  COOL        AVG
    MEAN                              DEG   DEG         WIND                 DOM
DAY TEMP  HIGH   TIME   LOW    TIME   DAYS  DAYS  RAIN  SPEED HIGH   TIME    DIR
------------------------------------------------------------------------------------
 1  21.4  24.9   9:30a  17.2  10:30p   0.0   2.7  14.4   0.2   6.4  11:30p   ENE
 2  22.5  29.3  10:00a  13.9   3:30a   0.4   3.8   0.0   0.6  11.3  10:30a   NNE
 3  21.9  28.3   8:30a  16.0   3:00a   0.2   3.4   0.0   0.3  12.9   9:30a     W
 4  23.5  30.8   8:30a  15.6  11:00p   0.2   4.6   0.0   0.5  12.9  12:00p     W
 5  26.7  35.0  11:30a  15.5   3:00a   0.1   7.0   0.0   1.1  20.9  11:00a    NE
 6  25.9  34.7  10:00a  16.8  10:00p   0.1   6.3   0.0   0.8  17.7   8:30a   NNE
 7  25.2  30.1   9:30a  17.8   3:00a   0.0   5.8   0.0   0.5  19.3  10:00a     W
 8  27.3  36.7  10:00a  18.9   3:00a   0.0   7.5   0.0   0.6  16.1   2:30p   NNE
 9  26.8  33.1  10:00a  21.1   2:30a   0.0   7.4   0.0   0.5  14.5   2:00p     W
10  27.9  36.2  10:00a  19.2   3:00a   0.0   8.0   0.0   0.6  14.5   9:30a   NNE
11  25.8  33.3  10:00a  20.4  11:00p   0.0   6.4   0.0   0.5  12.9  10:30a     W
12  26.8  37.4  10:30a  20.1   3:00a   0.0   7.6   0.8   0.6  14.5  10:00a     W
13  28.6  37.7  10:00a  20.8   4:00p   0.0   7.7   0.0   2.3  29.0  10:00p    NE
14  23.0  29.3  12:30a  15.0  10:00a   0.4   4.3   0.0   1.1  27.4   1:00a   NNE
15  22.1  28.5   9:00p  16.0  10:30a   0.4   3.6   0.0   0.6  12.9   7:00p     W
16  20.6  26.8   8:00p  13.9  10:30a   0.7   2.6   1.6   0.6  12.9   8:30p   NNE
17  22.6  28.0   8:30p  16.6   2:30p   0.0   3.9   0.2   0.6  14.5  10:00p     W
18  22.1  28.5  11:00p  16.0   9:00a   0.3   3.6   0.0   0.5  12.9   7:30p     W
19  23.3  30.2   9:30p  16.1  10:00a   0.3   4.5   0.0   0.6  16.1  10:00p     W
20  23.6  30.3   9:00p  16.2  10:00a   0.2   4.6   0.0   0.6  14.5   8:00p   NNE
21  22.6  28.6  10:00p  14.9  10:00a   0.5   4.0   0.0   1.0  16.1   9:00p   NNE
22  24.6  31.9  10:00p  18.6   6:30a   0.0   5.4   0.0   1.0  12.9   2:00a   NNE
23  26.6  37.4   8:00p  18.7  10:00a   0.0   6.0   0.0   1.1  30.6   9:00p    NE
24  23.4  28.4   3:30p  21.2  12:00m   0.0   1.7   0.0   1.6  14.5   5:30p   NNE
25  24.1  31.3  12:00p  18.3   5:30a   0.0   5.0   0.0   0.5  16.1  12:00p     W
26  22.4  27.3   8:00a  18.8  11:00p   0.0   3.4  17.6   0.3  16.1   8:00a     W
27  22.9  30.2  12:30p  16.8  12:00m   0.1   4.1   0.0   0.3  14.5   2:30p     W
28  24.2  31.0  11:00a  16.5   4:30a   0.0   4.9   0.0   0.6  17.7   1:30p     W
29  25.0  32.5  11:30a  17.2   4:30a   0.0   5.7   0.0   0.6  12.9  11:00a   ENE
30  25.0  34.3  12:00p  17.3   6:00a   0.0   5.6   0.4   0.8  14.5  12:30p     W
-------------------------------------------------------------------------------------
    24.3  37.7    13    13.9     2     4.1 151.2  35.0   0.7  30.6    23       W

Max >=  32.0: 11
Max <=   0.0:  0
Min <=   0.0:  0
Min <= -18.0:  0
Max Rain: 17.60 ON 26/11/16
Days of Rain: 6 (> .2 mm) 2 (> 2 mm) 0 (> 20 mm)
Heat Base:  18.3  Cool Base:  18.3  Method: Integration