NOAA-Style Climate Reports

Select a Year or Month report
2019: Jan Feb Mar Apr May Jun Jul Aug Sep Oct Nov Dec
2018: Jan Feb Mar Apr May Jun Jul Aug Sep Oct Nov Dec
2017: Jan Feb Mar Apr May Jun Jul Aug Sep Oct Nov Dec
2016: Jan Feb Mar Apr May Jun Jul Aug Sep Oct Nov Dec
2015: Jan Feb Mar Apr May Jun Jul Aug Sep Oct Nov Dec
2014: Jan Feb Mar Apr May Jun Jul Aug Sep Oct Nov Dec
2013: Jan Feb Mar Apr May Jun Jul Aug Sep Oct Nov Dec
2012: Jan Feb Mar Apr May Jun Jul Aug Sep Oct Nov Dec
2011: Jan Feb Mar Apr May Jun Jul Aug Sep Oct Nov Dec
2010: Jan Feb Mar Apr May Jun Jul Aug Sep Oct Nov Dec

Report for 2016 October
                   MONTHLY CLIMATOLOGICAL SUMMARY for SEP. 2016

NAME: Wamuran   CITY: Wamuran   STATE: Queensland 
ELEV:    75 m  LAT:  27° 00' 16" S  LONG: 152° 51' 49" E

                   TEMPERATURE (°C), RAIN  (mm), WIND SPEED (km/hr)

                                      HEAT  COOL        AVG
    MEAN                              DEG   DEG         WIND                 DOM
DAY TEMP  HIGH   TIME   LOW    TIME   DAYS  DAYS  RAIN  SPEED HIGH   TIME    DIR
------------------------------------------------------------------------------------
 1  20.2  26.0   1:30p  11.9   1:00a   0.7   2.1   0.0   0.0   9.7  11:30a     W
 2  21.4  26.9   1:30p  16.3  12:30a   0.2   2.7   0.0   0.2   9.7  12:30p    SE
 3  18.6  22.6   1:30p  13.4   9:30p   0.8   1.1   3.4   2.1  24.1  10:30a   ENE
 4  17.7  24.7   1:30p  11.3  12:00m   1.8   1.3   0.0   0.6  16.1   9:30a   NNE
 5  17.6  22.8   1:30p  11.2   7:30a   1.6   1.0   0.0   0.6  14.5   2:30p   NNE
 6  17.5  21.2   2:30p  12.6   7:00a   1.2   0.6   2.2   0.5  12.9  10:30a   NNE
 7  18.2  22.3  12:30p  14.4   1:00a   0.9   0.9   1.2   0.5  16.1   9:30a   NNE
 8  18.5  23.4  11:00a  13.7   2:30a   1.0   1.1   3.6   0.5  12.9  12:30p   NNE
 9  18.0  20.9   9:00a  15.5   7:00a   0.6   0.3  15.6   0.0  16.1   8:30a     W
10  19.3  23.7   1:30p  16.4   7:00a   0.3   1.1  33.6   0.2  16.1   6:00p   NNE
11  17.7  24.2   2:00p  11.4   7:00a   1.8   1.3   0.0   0.0   9.7   1:30p   ENE
12  18.4  25.2   1:30p  11.7   7:00a   1.6   1.8   0.0   0.0   8.0  11:00a     W
13  20.0  26.8   2:00p  13.6   3:00a   0.9   2.4   0.0   0.0  19.3   3:30p     W
14  21.1  27.7   1:00p  14.8   7:00a   0.6   2.9   0.0   0.3  16.1   4:00p   WSW
15  20.1  25.4   1:00p  16.9   2:00a   0.2   1.6   4.2   0.0   8.0  12:00p    NE
16  20.7  26.3  12:00p  13.4  12:00m   0.5   2.4   0.4   1.0  19.3   3:00p   ENE
17  19.6  25.1   1:30p  12.4   1:30a   0.9   1.9   0.0   0.2  11.3   2:00p     W
18  19.9  21.4   1:30p  17.8   2:30a   0.0   1.3   8.0   0.0   8.0  11:30p    NE
19  18.3  21.8   2:30p  14.1  12:00m   0.7   0.7   0.2   0.6  17.7  10:00a   ENE
20  19.4  25.4   1:00p  14.3  12:30a   0.8   1.7   0.0   0.2   8.0   7:30a   NNE
21  18.8  22.4   4:00p  15.7   1:00a   0.4   0.8   5.0   0.0  14.5   4:30p     W
22  19.1  23.3   1:30p  12.4  12:00m   0.9   1.5   0.0   1.8  19.3  12:30p   ENE
23  18.2  23.7   1:30p  12.0   2:30a   1.5   1.4   0.0   1.3  19.3   8:30a   ENE
24  19.3  26.9   4:00p  12.9  12:00m   1.5   2.4   0.0   0.5  16.1   1:30p   ENE
25  21.9  28.5   2:30p  11.6   2:30a   0.7   3.7   0.0   1.1  22.5   4:30p   ENE
26  20.8  27.3   1:30p  14.5   9:30p   0.6   2.7   0.0   0.6  12.9   1:00a   ENE
27  19.0  24.7   3:30p  12.9  11:00p   1.0   1.6   0.0   1.0  16.1   9:30a   ENE
28  20.0  28.7  12:30p  12.7   6:30a   1.3   2.8   0.0   0.6  19.3  12:30p     W
29  18.4  24.8  11:00a  12.3   2:30a   1.0   1.1   0.4   0.0   9.7  10:00a    SE
30  19.8  25.3  12:30p  11.3  12:00m   0.9   2.1   0.0   1.4  25.7   2:00p    NE
-------------------------------------------------------------------------------------
    19.3  28.7    28    11.2     5    26.9  50.2  77.8   0.5  25.7    30     ENE

Max >=  32.0:  0
Max <=   0.0:  0
Min <=   0.0:  0
Min <= -18.0:  0
Max Rain: 33.60 ON 10/09/16
Days of Rain: 12 (> .2 mm) 8 (> 2 mm) 1 (> 20 mm)
Heat Base:  18.3  Cool Base:  18.3  Method: Integration