NOAA-Style Climate Reports

Select a Year or Month report
2019: Jan Feb Mar Apr May Jun Jul Aug Sep Oct Nov Dec
2018: Jan Feb Mar Apr May Jun Jul Aug Sep Oct Nov Dec
2017: Jan Feb Mar Apr May Jun Jul Aug Sep Oct Nov Dec
2016: Jan Feb Mar Apr May Jun Jul Aug Sep Oct Nov Dec
2015: Jan Feb Mar Apr May Jun Jul Aug Sep Oct Nov Dec
2014: Jan Feb Mar Apr May Jun Jul Aug Sep Oct Nov Dec
2013: Jan Feb Mar Apr May Jun Jul Aug Sep Oct Nov Dec
2012: Jan Feb Mar Apr May Jun Jul Aug Sep Oct Nov Dec
2011: Jan Feb Mar Apr May Jun Jul Aug Sep Oct Nov Dec
2010: Jan Feb Mar Apr May Jun Jul Aug Sep Oct Nov Dec

Report for 2016 September
                   MONTHLY CLIMATOLOGICAL SUMMARY for AUG. 2016

NAME: Wamuran   CITY: Wamuran   STATE: Queensland 
ELEV:    75 m  LAT:  27° 00' 16" S  LONG: 152° 51' 49" E

                   TEMPERATURE (°C), RAIN  (mm), WIND SPEED (km/hr)

                                      HEAT  COOL        AVG
    MEAN                              DEG   DEG         WIND                 DOM
DAY TEMP  HIGH   TIME   LOW    TIME   DAYS  DAYS  RAIN  SPEED HIGH   TIME    DIR
------------------------------------------------------------------------------------
 1  16.7  24.9   2:00p   7.8   7:30a   2.6   1.3   0.0   0.0  11.3   4:00p   ENE
 2  17.3  22.3   2:00p  11.6   2:00a   1.3   0.6   0.8   0.2   9.7   1:00p   ENE
 3  14.1  17.8   1:30p  11.2  11:30p   3.0   0.0   0.2   2.4  24.1   9:00p   ENE
 4  16.1  20.1  12:30p  11.1  12:00m   2.0   0.2   0.0   2.7  25.7  12:00p   NNE
 5  14.8  20.1   2:30p   8.9   7:00a   2.9   0.2   0.0   1.0  16.1   9:00a   NNE
 6  15.7  20.7   1:30p   9.9   7:00a   2.3   0.3   0.0   0.3   8.0  12:00p   NNE
 7  16.3  21.6   1:30p  10.8   1:00a   2.0   0.4   0.0   0.2   8.0  10:30a     W
 8  15.8  21.9   1:30p  10.3  12:00m   2.5   0.5   0.0   0.0   6.4  10:00a     W
 9  15.3  22.3   1:30p   9.5   1:30a   2.9   0.5   0.0   0.0   8.0   1:00p   NNE
10  17.5  24.7   2:00p  10.9   1:00a   1.9   1.3   0.0   0.0   6.4  10:00a     W
11  17.9  25.4   1:30p  10.9   1:00a   1.6   1.3   1.4   0.3  14.5   4:30p    NE
12  16.1  22.1   2:00p  10.8  11:30p   2.3   0.6   0.0   0.2   9.7   2:00p   NNE
13  15.0  22.6   2:30p   8.7  12:00m   3.0   0.7   0.0   0.3  11.3  11:30a    NE
14  15.9  22.1   1:30p   8.4  12:30a   2.7   0.7   0.0   0.2  11.3  12:00p   NNE
15  17.6  22.0  12:30p  10.8  12:30a   1.3   0.8   0.0   1.0  17.7   1:30p   NNE
16  16.3  21.6  11:00a  10.9  12:00m   2.1   0.6   0.0   0.6  14.5  12:00p   NNE
17  16.7  21.8   2:00p  11.1  12:30a   1.8   0.6   0.0   0.2   8.0  11:30a   NNE
18  15.4  20.7   1:00p  12.1  12:00m   2.6   0.3   0.4   0.2   8.0  11:30a   NNE
19  16.6  22.7   2:00p  10.6   2:00a   2.3   0.9   0.0   0.0  12.9  11:30a     W
20  18.7  26.1   2:30p  11.6   2:00a   1.4   1.7   0.0   0.2   9.7  12:30p     E
21  15.4  21.9   2:00p  10.3  12:00m   2.9   0.6   0.0   0.2   8.0   2:30p   NNE
22  18.0  23.7   1:00p   9.9   1:30a   1.5   1.2   0.0   0.2  11.3   3:00p     W
23  21.0  26.1   2:30p  14.6  12:30a   0.3   2.6   1.8   0.0   8.0   9:30a    NE
24  18.6  23.9  11:30a  15.6  11:00p   0.7   0.9   4.2   0.2  17.7   1:00p    NE
25  15.9  19.5   3:00p  11.2  12:00m   1.9   0.1   0.0   2.1  25.7  10:00a   ENE
26  14.8  20.4   1:30p   9.6   1:00a   3.0   0.3   0.0   0.3  12.9   9:00a   ENE
27  14.7  21.0   2:30p   8.4  12:00m   3.2   0.4   0.0   0.8  16.1  11:00a   NNE
28  15.8  23.1   2:00p   8.6   1:00a   3.0   1.0   0.0   0.2   9.7  12:00p   NNE
29  17.1  24.2   2:00p   9.6   7:30a   2.2   1.2   0.0   0.2   9.7   2:30p     W
30  16.6  22.4   1:00p  10.3   1:30a   2.3   0.9   0.0   0.0   9.7   9:30a   WSW
31  17.1  23.0  12:00p  10.1   1:00a   2.0   1.0   0.0   0.0   6.4  11:30a     W
-------------------------------------------------------------------------------------
    16.5  26.1    20     7.8     1    67.4  23.6   8.8   0.4  25.7     4     NNE

Max >=  32.0:  0
Max <=   0.0:  0
Min <=   0.0:  0
Min <= -18.0:  0
Max Rain: 4.19 ON 24/08/16
Days of Rain: 6 (> .2 mm) 1 (> 2 mm) 0 (> 20 mm)
Heat Base:  18.3  Cool Base:  18.3  Method: Integration