NOAA-Style Climate Reports

Select a Year or Month report
2019: Jan Feb Mar Apr May Jun Jul Aug Sep Oct Nov Dec
2018: Jan Feb Mar Apr May Jun Jul Aug Sep Oct Nov Dec
2017: Jan Feb Mar Apr May Jun Jul Aug Sep Oct Nov Dec
2016: Jan Feb Mar Apr May Jun Jul Aug Sep Oct Nov Dec
2015: Jan Feb Mar Apr May Jun Jul Aug Sep Oct Nov Dec
2014: Jan Feb Mar Apr May Jun Jul Aug Sep Oct Nov Dec
2013: Jan Feb Mar Apr May Jun Jul Aug Sep Oct Nov Dec
2012: Jan Feb Mar Apr May Jun Jul Aug Sep Oct Nov Dec
2011: Jan Feb Mar Apr May Jun Jul Aug Sep Oct Nov Dec
2010: Jan Feb Mar Apr May Jun Jul Aug Sep Oct Nov Dec

Report for 2016 July
                   MONTHLY CLIMATOLOGICAL SUMMARY for JUL. 2016

NAME: Wamuran   CITY: Wamuran   STATE: Queensland 
ELEV:    75 m  LAT:  27° 00' 16" S  LONG: 152° 51' 49" E

                   TEMPERATURE (°C), RAIN  (mm), WIND SPEED (km/hr)

                                      HEAT  COOL        AVG
    MEAN                              DEG   DEG         WIND                 DOM
DAY TEMP  HIGH   TIME   LOW    TIME   DAYS  DAYS  RAIN  SPEED HIGH   TIME    DIR
------------------------------------------------------------------------------------
 1  13.7  19.8   2:00p   8.0  11:00p   3.7   0.1   0.0   0.2  14.5   1:30a   ENE
 2  13.7  20.8   2:00p   7.9  12:30a   3.8   0.3   0.0   0.0   6.4   8:30a     W
 3  15.6  21.7   2:00p   8.1   2:00a   2.5   0.5   0.0   0.0  14.5   2:00p     W
 4  15.3  18.6   3:30p  10.6  12:00m   2.2   0.0   5.2   0.0   4.8  10:30a   NNE
 5  13.5  16.3   3:00p   9.0   8:00a   3.6   0.0   0.0   2.1  20.9  10:30a    NE
 6  15.4  19.8   2:00p  12.4  12:00m   2.3   0.1   0.0   2.3  27.4   9:00a   ENE
 7  16.4  21.8   2:30p  11.7   8:00a   2.0   0.6   0.0   0.6  11.3   8:30a    NE
 8  15.0  21.4   2:00p   9.1  12:00m   3.0   0.5   0.0   0.2   6.4   8:30a     E
 9  15.6  21.9   2:00p   8.4   2:00a   2.6   0.5   0.0   0.2   8.0   1:00p   NNE
10  16.5  21.9   3:30p  11.1   2:00a   1.9   0.5   0.4   0.0   8.0   3:30p     W
11  19.9  25.4   1:00p  13.3  12:30a   0.5   1.7   0.0   0.0   6.4  11:30a     N
12  16.8  17.7   9:30a  14.4   6:30a   0.2   0.0   0.0   0.8  19.3   8:30a   ENE
13  16.1  20.1   2:30p  11.9  11:00p   1.4   0.2   0.0   1.8  14.5  12:00p   ENE
14  14.3  17.9   2:00p  10.4   2:00a   3.1   0.0   0.0   0.0   4.8   2:00p     E
15  15.1  17.0  10:30a  12.1   1:30a   2.1   0.0   2.0   0.3   8.0  10:30a   NNE
16  14.4  15.3  10:00a  13.9   5:30p   1.3   0.0   9.0   0.0   6.4   2:30p   NNE
17  18.6  22.0   2:30p  15.6   8:30a   0.4   0.6   0.2   0.3  11.3   1:00p   NNE
18  18.2  21.7   1:00p  15.0   1:30a   0.7   0.6   0.0   0.0   3.2   8:30a     W
19  17.9  24.7   1:30p  12.9   7:00a   1.4   1.1   0.0   0.0   4.8  11:30a     W
20  19.4  24.2  12:30p  13.2   1:00a   0.6   1.5   0.0   0.0   8.0   8:00a    NE
21  20.6  25.9   1:30p  14.9   1:30a   0.4   2.2   0.0   0.3  14.5  10:30a    NE
22  21.5  28.2   1:30p  14.5   7:30a   0.2   2.7   0.0   0.0   6.4  11:30a    NE
23  23.2  28.3  12:30p  15.8  12:00m   0.1   4.0   0.0   1.3  20.9  12:00p    NE
24  15.9  22.8   1:30p  10.3  11:30p   2.4   0.6   0.0   0.0   6.4  12:30a     W
25  15.2  21.6   2:00p   9.4  11:00p   3.0   0.5   0.0   0.5  11.3   8:30a   ENE
26  14.8  19.3   1:30p  10.0   1:30a   2.8   0.0   0.0   0.0   9.7   1:00p   ENE
27  14.1  18.2   2:30p   8.7   9:00p   3.0   0.0   0.0   0.2   6.4  12:00p   ENE
28  14.7  21.6   2:30p   8.7   1:30a   3.2   0.4   0.0   0.2   8.0  10:00a    NE
29  15.6  23.1   2:30p  10.1   1:30a   2.9   0.7   0.0   0.0   8.0  11:00a     E
30  14.9  22.8   2:30p   8.0  11:30p   3.3   0.7   0.0   0.0   8.0  12:30p   ENE
31  15.8  24.2   2:30p   8.0   2:00a   2.9   1.0   0.0   0.2   9.7   3:00p    NE
-------------------------------------------------------------------------------------
    16.4  28.3    23     7.9     2    63.6  21.4  16.8   0.4  27.4     6     ENE

Max >=  32.0:  0
Max <=   0.0:  0
Min <=   0.0:  0
Min <= -18.0:  0
Max Rain: 8.99 ON 16/07/16
Days of Rain: 5 (> .2 mm) 3 (> 2 mm) 0 (> 20 mm)
Heat Base:  18.3  Cool Base:  18.3  Method: Integration