NOAA-Style Climate Reports

Select a Year or Month report
2019: Jan Feb Mar Apr May Jun Jul Aug Sep Oct Nov Dec
2018: Jan Feb Mar Apr May Jun Jul Aug Sep Oct Nov Dec
2017: Jan Feb Mar Apr May Jun Jul Aug Sep Oct Nov Dec
2016: Jan Feb Mar Apr May Jun Jul Aug Sep Oct Nov Dec
2015: Jan Feb Mar Apr May Jun Jul Aug Sep Oct Nov Dec
2014: Jan Feb Mar Apr May Jun Jul Aug Sep Oct Nov Dec
2013: Jan Feb Mar Apr May Jun Jul Aug Sep Oct Nov Dec
2012: Jan Feb Mar Apr May Jun Jul Aug Sep Oct Nov Dec
2011: Jan Feb Mar Apr May Jun Jul Aug Sep Oct Nov Dec
2010: Jan Feb Mar Apr May Jun Jul Aug Sep Oct Nov Dec

Report for 2016 June
                   MONTHLY CLIMATOLOGICAL SUMMARY for MAY. 2016

NAME: Wamuran   CITY: Wamuran   STATE: Queensland 
ELEV:    75 m  LAT:  27° 00' 16" S  LONG: 152° 51' 49" E

                   TEMPERATURE (°C), RAIN  (mm), WIND SPEED (km/hr)

                                      HEAT  COOL        AVG
    MEAN                              DEG   DEG         WIND                 DOM
DAY TEMP  HIGH   TIME   LOW    TIME   DAYS  DAYS  RAIN  SPEED HIGH   TIME    DIR
------------------------------------------------------------------------------------
 1  21.3  23.2   2:00p  19.3   9:30p   0.0   2.3   9.6   0.0   4.8  11:30a   NNE
 2  22.9  27.2   1:00p  19.1   6:30a   0.0   3.7  30.6   0.0   9.7  11:30p     W
 3  22.4  27.7   2:00p  18.6  11:30p   0.0   3.2   0.0   0.0   8.0   1:00p   NNE
 4  21.2  28.0   2:00p  15.7  12:00m   0.5   2.6   0.0   0.3   9.7  11:00a     E
 5  20.5  25.8   1:30p  15.2  12:00m   0.6   2.2   0.0   0.0   8.0  11:00a   NNE
 6  20.8  26.2  12:30p  14.9  12:30a   0.3   2.2   0.0   0.0   6.4  10:30a     W
 7  20.5  26.2   1:00p  15.3   7:00a   0.4   2.1   0.0   0.0   8.0   2:00p   NNE
 8  21.1  26.1  12:30p  16.3   1:00a   0.1   2.3   0.0   0.0   9.7   1:00p   NNE
 9  22.6  28.6   1:30p  16.7   1:00a   0.1   3.5   0.0   0.0   6.4  10:00a   SSE
10  23.2  27.4   1:00p  18.4  12:30a   0.0   3.7   0.0   0.3  11.3   9:00a   ENE
11  18.8  24.0   1:00p  12.9  12:00m   1.1   1.5   0.0   0.3  11.3  11:30a   NNE
12  19.1  25.3   2:00p  12.8   1:30a   0.9   1.5   0.0   0.6  14.5  10:30a    NE
13  19.3  25.6   2:30p  14.0  12:00m   1.0   1.8   0.0   0.0   8.0  11:30a     W
14  18.9  25.4   2:30p  13.6  12:00m   1.2   1.7   0.0   0.0   6.4  11:00a    SE
15  18.7  25.6   1:30p  12.7  12:00m   1.4   1.7   0.0   0.0   6.4  12:00p     W
16  19.2  26.9   2:00p  12.3   7:30a   1.3   2.0   0.0   0.0   6.4   3:00p     W
17  20.1  26.9   2:00p  13.4   1:30a   0.8   2.2   0.0   0.0   6.4  10:30a     W
18  20.2  27.9   2:30p  13.6   1:30a   0.9   2.3   0.0   0.0   6.4   1:00p     W
19  20.8  26.7   2:30p  14.8   1:30a   0.4   2.3   0.0   0.0   6.4  12:30p     W
20  19.4  27.8   2:00p  12.8  11:00p   1.3   2.2   0.0   0.2   8.0   1:00p   NNE
21  21.0  25.1   2:00p  13.6  12:30a   0.3   2.4   0.0   0.5  16.1  12:30p   NNE
22  19.9  25.3   2:00p  14.4  12:00m   0.6   1.8   0.0   0.0   6.4  11:00a     W
23  20.4  25.9   2:00p  14.3  12:30a   0.5   2.1   0.0   0.0   4.8   7:30a     W
24  19.8  25.6   2:00p  13.3  11:30p   1.0   2.1   0.0   0.2  12.9  12:00p     W
25  16.9  24.8   2:00p  10.4  12:00m   2.3   1.2   0.0   0.0   8.0   1:30p     W
26  21.4  28.9   3:00p   9.2   1:30a   0.9   3.2   0.0   0.0   6.4  12:30p     W
27  21.2  24.5   2:00p  14.2  12:00m   0.2   2.4   0.0   1.1  24.1   3:30p    NE
28  17.9  22.6   2:00p  11.8   8:00a   1.3   1.0   0.0   1.3  19.3   3:00p   ENE
29  15.6  21.5   2:00p   9.9   1:30a   2.5   0.5   0.0   0.2   9.7  10:30a    NE
30  15.6  22.6   2:00p  10.1  12:00m   2.7   0.7   0.0   0.0   6.4   8:30a   WNW
31  17.5  23.3   1:30p   9.6   1:30a   1.7   1.0   0.0   0.0   8.0   1:00p    NE
-------------------------------------------------------------------------------------
    19.9  28.9    26     9.2    26    26.2  65.4  40.2   0.2  24.1    27     NNE

Max >=  32.0:  0
Max <=   0.0:  0
Min <=   0.0:  0
Min <= -18.0:  0
Max Rain: 30.61 ON 02/05/16
Days of Rain: 2 (> .2 mm) 2 (> 2 mm) 1 (> 20 mm)
Heat Base:  18.3  Cool Base:  18.3  Method: Integration