NOAA-Style Climate Reports

Select a Year or Month report
2019: Jan Feb Mar Apr May Jun Jul Aug Sep Oct Nov Dec
2018: Jan Feb Mar Apr May Jun Jul Aug Sep Oct Nov Dec
2017: Jan Feb Mar Apr May Jun Jul Aug Sep Oct Nov Dec
2016: Jan Feb Mar Apr May Jun Jul Aug Sep Oct Nov Dec
2015: Jan Feb Mar Apr May Jun Jul Aug Sep Oct Nov Dec
2014: Jan Feb Mar Apr May Jun Jul Aug Sep Oct Nov Dec
2013: Jan Feb Mar Apr May Jun Jul Aug Sep Oct Nov Dec
2012: Jan Feb Mar Apr May Jun Jul Aug Sep Oct Nov Dec
2011: Jan Feb Mar Apr May Jun Jul Aug Sep Oct Nov Dec
2010: Jan Feb Mar Apr May Jun Jul Aug Sep Oct Nov Dec

Report for 2016 March
                   MONTHLY CLIMATOLOGICAL SUMMARY for MAR. 2016

NAME: Wamuran   CITY: Wamuran   STATE: Queensland 
ELEV:    75 m  LAT:  27° 00' 16" S  LONG: 152° 51' 49" E

                   TEMPERATURE (°C), RAIN  (mm), WIND SPEED (km/hr)

                                      HEAT  COOL        AVG
    MEAN                              DEG   DEG         WIND                 DOM
DAY TEMP  HIGH   TIME   LOW    TIME   DAYS  DAYS  RAIN  SPEED HIGH   TIME    DIR
------------------------------------------------------------------------------------
 1  25.4  30.1   1:30p  22.2  11:00p   0.0   5.8  37.8   0.6  12.9  12:00p   NNE
 2  24.8  29.2  12:00p  21.7   2:30a   0.0   5.5   6.8   0.2  11.3  12:30p   NNE
 3  24.9  29.8  12:30p  20.6  12:00m   0.0   5.7   0.0   0.2  11.3   2:30p   NNE
 4  24.1  29.8  12:30p  18.7  12:00m   0.0   4.8   0.0   0.5  14.5   3:30p   NNE
 5  23.2  27.6   2:30p  18.6  12:30a   0.0   4.1   2.0   0.3   9.7  10:00a   NNE
 6  24.2  29.0   1:30p  19.6   7:00a   0.0   4.9   0.8   0.5  11.3   1:00p   NNE
 7  24.1  29.4   2:00p  20.2  12:00m   0.0   5.0   1.2   0.5  14.5   1:00p   NNE
 8  23.1  28.4  12:30p  20.1   1:00a   0.0   4.0   8.4   0.0   9.7   8:00a   NNE
 9  23.6  27.9  11:30a  20.4   1:00a   0.0   4.5  11.4   0.3  11.3   1:00p   NNE
10  24.0  28.8  12:30p  20.9   1:30a   0.0   4.7   2.6   0.2   9.7  11:30a   NNE
11  23.8  27.5  10:00a  21.1   1:00a   0.0   4.8  16.6   0.0  11.3  10:00a   NNE
12  24.6  29.8  12:30p  20.1   2:30a   0.0   5.2   0.8   0.8  16.1   3:00p   NNE
13  23.5  27.2  12:00p  21.7   2:30a   0.0   4.2  28.0   0.2  12.9  12:00p   NNE
14  24.7  29.1  11:30a  20.7  12:00m   0.0   5.2   0.4   0.2  14.5  12:30p   NNE
15  25.2  30.2   1:30p  19.6   7:00a   0.0   5.7   0.0   0.8  17.7   6:00p   NNE
16  25.1  29.7  12:30p  21.1   2:30a   0.0   5.6   0.4   1.0  16.1  12:30p   NNE
17  24.4  28.4  12:30p  20.6  12:00m   0.0   5.2   1.0   0.8  14.5   3:00p   NNE
18  25.2  30.3   2:30p  19.6   3:00a   0.0   5.8   2.4   0.0   9.7   2:30p     W
19  26.8  33.6  12:30p  21.9   2:30a   0.0   7.1   1.6   0.0   9.7   2:30p   NNE
20  24.6  28.8   1:30p  21.6  12:00m   0.0   5.0   1.6   0.5  16.1   4:30p   NNE
21  24.3  28.2  12:30p  20.4   2:00a   0.0   4.8   0.0   0.8  12.9   1:00p   NNE
22  23.2  27.3   2:00p  19.2  12:00m   0.0   3.9   0.0   0.3   9.7   9:30a   NNE
23  23.0  28.8  12:00p  18.5   3:00a   0.0   4.0   0.2   0.0  11.3  10:30a   NNE
24  24.0  29.1  11:30a  19.2  12:00m   0.0   4.8   0.0   0.2   9.7   4:30p     W
25  23.3  29.2  12:30p  18.1   2:30a   0.0   4.1   0.0   0.0   8.0  12:30p     W
26  24.1  30.1   3:00p  17.1   2:30a   0.1   4.8   3.6   0.2  14.5   9:30p     W
27  22.0  25.0   2:30p  19.4   2:00a   0.0   3.0   0.4   0.0   8.0  11:30a     E
28  22.9  27.9   1:30p  18.3  12:00m   0.0   3.7   0.0   0.0   9.7   2:00p   NNE
29  23.7  29.6   2:00p  17.6   2:00a   0.0   4.5   0.0   0.2   9.7   2:00p     W
30  24.7  31.0   2:00p  18.2   1:30a   0.0   5.0   0.2   0.0   6.4  10:00a   NNE
31  25.4  30.4   1:30p  20.4   1:00a   0.0   5.5   0.0   0.2   6.4  10:30a    SE
-------------------------------------------------------------------------------------
    24.2  33.6    19    17.1    26     0.1 150.7 128.2   0.3  17.7    15     NNE

Max >=  32.0:  1
Max <=   0.0:  0
Min <=   0.0:  0
Min <= -18.0:  0
Max Rain: 37.80 ON 01/03/16
Days of Rain: 21 (> .2 mm) 10 (> 2 mm) 2 (> 20 mm)
Heat Base:  18.3  Cool Base:  18.3  Method: Integration