NOAA-Style Climate Reports

Select a Year or Month report
2019: Jan Feb Mar Apr May Jun Jul Aug Sep Oct Nov Dec
2018: Jan Feb Mar Apr May Jun Jul Aug Sep Oct Nov Dec
2017: Jan Feb Mar Apr May Jun Jul Aug Sep Oct Nov Dec
2016: Jan Feb Mar Apr May Jun Jul Aug Sep Oct Nov Dec
2015: Jan Feb Mar Apr May Jun Jul Aug Sep Oct Nov Dec
2014: Jan Feb Mar Apr May Jun Jul Aug Sep Oct Nov Dec
2013: Jan Feb Mar Apr May Jun Jul Aug Sep Oct Nov Dec
2012: Jan Feb Mar Apr May Jun Jul Aug Sep Oct Nov Dec
2011: Jan Feb Mar Apr May Jun Jul Aug Sep Oct Nov Dec
2010: Jan Feb Mar Apr May Jun Jul Aug Sep Oct Nov Dec

Report for 2016 January
                   MONTHLY CLIMATOLOGICAL SUMMARY for JAN. 2016

NAME: Wamuran   CITY: Wamuran   STATE: Queensland 
ELEV:    75 m  LAT:  27° 00' 16" S  LONG: 152° 51' 49" E

                   TEMPERATURE (°C), RAIN  (mm), WIND SPEED (km/hr)

                                      HEAT  COOL        AVG
    MEAN                              DEG   DEG         WIND                 DOM
DAY TEMP  HIGH   TIME   LOW    TIME   DAYS  DAYS  RAIN  SPEED HIGH   TIME    DIR
------------------------------------------------------------------------------------
 1  23.1  29.3   2:00p  16.6   2:00a   0.2   4.6   0.0   1.0  16.1  11:00a   NNE
 2  24.8  31.4  12:30p  17.1   1:30a   0.0   5.4   0.0   0.5  14.5   2:00p     W
 3  23.4  26.8  12:30p  19.3   7:00a   0.0   4.3   2.4   0.3  11.3  12:30p   NNE
 4  20.9  22.5   4:00p  19.2   2:30a   0.0   2.2   5.8   0.0   4.8  10:30a   NNE
 5  21.1  22.1   2:00p  19.8   2:00a   0.0   2.3  55.2   0.0   8.0   9:30a   NNE
 6  26.2  31.6   2:00p  18.7   6:30a   0.0   6.4   2.0   1.0  14.5  10:00a    NE
 7  25.9  31.7  12:00p  19.2   6:30a   0.0   6.2   2.0   0.3  14.5   3:00p     W
 8  24.0  29.7  12:30p  17.8   6:30a   0.0   5.0   0.0   0.5  11.3  10:00a     W
 9  24.8  30.6  12:00p  17.3   2:00a   0.0   5.6   0.0   0.2   9.7  11:30a     W
10  25.3  31.3   2:00p  19.5   2:00a   0.0   5.9   0.0   0.3  11.3   3:00p     W
11  25.5  31.3   3:00p  19.3  12:00m   0.0   6.0   0.0   0.5   9.7  11:30a   NNE
12  26.8  34.1   1:30p  18.5   1:30a   0.0   7.0   0.0   0.5  12.9   3:00p     W
13  26.0  33.6  12:30p  19.1   6:00a   0.0   6.4   0.0   0.3  12.9   3:30p     W
14  26.2  32.8   1:00p  18.7   6:30a   0.0   6.4   0.0   0.3   9.7  10:00a     W
15  26.6  33.2   1:00p  19.2   1:30a   0.0   6.8   0.0   1.6  20.9  12:00m   NNE
16  22.1  24.4   1:00p  19.1   7:30a   0.0   3.1   0.0   1.9  19.3   1:00p   NNE
17  23.3  27.3   1:30p  18.7  12:00m   0.0   4.3   0.0   1.3  20.9   2:00p   NNE
18  22.7  28.4   2:00p  16.5   2:30a   0.2   4.0   0.0   0.6  12.9   1:30p   NNE
19  24.3  31.3   1:00p  16.3   2:30a   0.2   5.3   0.0   0.3  12.9   2:30p     W
20  25.5  33.3   1:00p  17.8   6:30a   0.0   6.0   0.0   0.5  14.5   1:30p     W
21  26.6  34.2  12:30p  17.1   1:30a   0.0   6.8   0.0   0.5  11.3   1:30p     W
22  27.5  35.3   2:00p  17.8   6:30a   0.0   7.7   0.0   0.6  11.3  11:30a     W
23  27.4  34.9   2:30p  20.2   3:00a   0.0   7.9   0.0   0.0   9.7   9:30p     W
24  25.4  29.3   2:30p  20.7  11:30p   0.0   5.8   0.4   0.3  12.9  12:30p   NNE
25  25.8  31.6  12:30p  20.7   3:00a   0.0   6.5   0.0   0.3  11.3   2:00p     W
26  23.6  26.9  10:00a  21.3  12:00m   0.0   4.6  18.6   0.0   6.4  10:30a   NNE
27  24.5  29.8   1:30p  20.8   3:00a   0.0   5.4   0.8   0.3  11.3  12:00p   NNE
28  24.7  28.3   4:00p  20.2   3:00a   0.0   5.5  16.8   0.0   4.8  11:00a   WNW
29  27.3  36.2   2:00p  22.3   2:00a   0.0   7.5   3.2   0.2   9.7  10:30a    NE
30  25.8  29.0  12:00p  22.5  12:00m   0.0   5.6   7.2   0.0   6.4  11:00a   ENE
31  26.6  31.4   1:30p  22.3   2:30a   0.0   6.9   0.0   0.2  20.9   3:30p   SSE
-------------------------------------------------------------------------------------
    25.0  36.2    29    16.3    19     0.7 173.2 114.4   0.5  20.9    15     NNE

Max >=  32.0:  9
Max <=   0.0:  0
Min <=   0.0:  0
Min <= -18.0:  0
Max Rain: 55.19 ON 05/01/16
Days of Rain: 11 (> .2 mm) 9 (> 2 mm) 1 (> 20 mm)
Heat Base:  18.3  Cool Base:  18.3  Method: Integration