NOAA-Style Climate Reports

Select a Year or Month report
2019: Jan Feb Mar Apr May Jun Jul Aug Sep Oct Nov Dec
2018: Jan Feb Mar Apr May Jun Jul Aug Sep Oct Nov Dec
2017: Jan Feb Mar Apr May Jun Jul Aug Sep Oct Nov Dec
2016: Jan Feb Mar Apr May Jun Jul Aug Sep Oct Nov Dec
2015: Jan Feb Mar Apr May Jun Jul Aug Sep Oct Nov Dec
2014: Jan Feb Mar Apr May Jun Jul Aug Sep Oct Nov Dec
2013: Jan Feb Mar Apr May Jun Jul Aug Sep Oct Nov Dec
2012: Jan Feb Mar Apr May Jun Jul Aug Sep Oct Nov Dec
2011: Jan Feb Mar Apr May Jun Jul Aug Sep Oct Nov Dec
2010: Jan Feb Mar Apr May Jun Jul Aug Sep Oct Nov Dec

Report for 2016
                            ANNUAL CLIMATOLOGICAL SUMMARY

NAME: Wamuran  CITY: Wamuran   STATE: Queensland  
ELEV:    75 m  LAT:  27° 00' 16" S  LONG: 152° 51' 49" E

               TEMPERATURE (°C), HEAT BASE 18.3, COOL BASE 18.3
                          DEP.  HEAT  COOL                                          
        MEAN  MEAN        FROM  DEG   DEG                        MAX  MAX  MIN  MIN 
 YR MO  MAX   MIN   MEAN  NORM  DAYS  DAYS  HI  DATE  LOW  DATE  >=32 <=0  <=0  <=-18 
------------------------------------------------------------------------------------
 16  1  30.4  19.2  25.0   0.0     1   173  36.2  29  16.3   19    9    0    0    0
 16  2  31.2  20.7  26.0   0.0     0   186  37.9   1  18.2    9   10    0    0    0
 16  3  29.1  19.9  24.2   0.0     0   151  33.6  19  17.1   26    1    0    0    0
 16  4  27.6  17.2  22.4   0.0     3   100  30.8  10  14.6   24    0    0    0    0
 16  5  25.8  14.0  19.9   0.0    26    65  28.9  26   9.2   26    0    0    0    0
 16  6  20.6  12.5  16.6   0.0    52    13  28.9   9   7.3   25    0    0    0    0
 16  7  21.5  11.2  16.4   0.0    64    21  28.3  23   7.9    2    0    0    0    0
 16  8  22.3  10.5  16.5   0.0    67    24  26.1  20   7.8    1    0    0    0    0
 16  9  24.7  13.5  19.3   0.0    27    50  28.7  28  11.2    5    0    0    0    0
 16 10  27.9  13.3  20.8   0.0    28    93  32.2  11   9.2   15    2    0    0    0
 16 11  31.4  17.4  24.3   0.0     4   151  37.7  13  13.9    2   11    0    0    0
 16 12  31.7  19.1  25.3   0.0     1   185  37.5  31  15.0   13   16    0    0    0
------------------------------------------------------------------------------------
        27.0  15.7  21.4   0.0   273  1212  37.9 FEB   7.3  JUN   49    0    0    0

                                PRECIPITATION (mm)

               DEP.   MAX        DAYS OF RAIN 
               FROM   OBS.          OVER
 YR MO  TOTAL  NORM   DAY  DATE  .2   2   20
---------------------------------------------
 16  1 114.4    0.0  55.2    5   11    9    1
 16  2  68.2    0.0  28.8    3   12    6    2
 16  3 128.2    0.0  37.8    1   21   10    2
 16  4  20.6    0.0  10.2   29    9    3    0
 16  5  40.2    0.0  30.6    2    2    2    1
 16  6  85.6    0.0  28.8   19   10    5    2
 16  7  16.8    0.0   9.0   16    5    3    0
 16  8   8.8    0.0   4.2   24    6    1    0
 16  9  77.8    0.0  33.6   10   12    8    1
 16 10  19.4    0.0   9.0    3    6    3    0
 16 11  35.0    0.0  17.6   26    6    2    0
 16 12  66.2    0.0  15.0    3   12    8    0
---------------------------------------------
       681.2   0.0  55.2  JAN  112   60    9

                                WIND SPEED (km/hr)
                          DOM
 YR MO   AVG.  HI   DATE  DIR
---------------------------------
 16  1   0.5  20.9   15   NNE
 16  2   0.8  24.1   29   NNE
 16  3   0.3  17.7   15   NNE
 16  4   0.4  22.5   25   NNE
 16  5   0.2  24.1   27   NNE
 16  6   0.6  32.2    5    NE
 16  7   0.4  27.4    6   ENE
 16  8   0.4  25.7    4   NNE
 16  9   0.5  25.7   30   ENE
 16 10   0.6  29.0    3     W
 16 11   0.7  30.6   23     W
 16 12   0.6  49.9    3     W
---------------------------------
         0.5  49.9  DEC  NNE