NOAA-Style Climate Reports

Select a Year or Month report
2019: Jan Feb Mar Apr May Jun Jul Aug Sep Oct Nov Dec
2018: Jan Feb Mar Apr May Jun Jul Aug Sep Oct Nov Dec
2017: Jan Feb Mar Apr May Jun Jul Aug Sep Oct Nov Dec
2016: Jan Feb Mar Apr May Jun Jul Aug Sep Oct Nov Dec
2015: Jan Feb Mar Apr May Jun Jul Aug Sep Oct Nov Dec
2014: Jan Feb Mar Apr May Jun Jul Aug Sep Oct Nov Dec
2013: Jan Feb Mar Apr May Jun Jul Aug Sep Oct Nov Dec
2012: Jan Feb Mar Apr May Jun Jul Aug Sep Oct Nov Dec
2011: Jan Feb Mar Apr May Jun Jul Aug Sep Oct Nov Dec
2010: Jan Feb Mar Apr May Jun Jul Aug Sep Oct Nov Dec

Report for 2015 December
                   MONTHLY CLIMATOLOGICAL SUMMARY for DEC. 2015

NAME: Wamuran   CITY: Wamuran   STATE: Queensland 
ELEV:    75 m  LAT:  27° 00' 16" S  LONG: 152° 51' 49" E

                   TEMPERATURE (°C), RAIN  (mm), WIND SPEED (km/hr)

                                      HEAT  COOL        AVG
    MEAN                              DEG   DEG         WIND                 DOM
DAY TEMP  HIGH   TIME   LOW    TIME   DAYS  DAYS  RAIN  SPEED HIGH   TIME    DIR
------------------------------------------------------------------------------------
 1  27.3  32.5   1:00p  20.2   6:00a   0.0   6.9   0.0   0.0  11.3  11:00a     W
 2  23.3  28.3  11:30a  19.8  11:30p   0.0   4.4   6.2   0.0  11.3  11:30a    NE
 3  22.7  26.2   2:30p  19.2   1:30a   0.0   3.7   0.0   1.6  20.9   1:30p   NNE
 4  21.3  25.1   1:00p  16.3  11:30p   0.1   2.9   0.0   1.1  12.9   7:30a   NNE
 5  22.3  27.9  12:30p  15.8   6:00a   0.2   3.7   0.0   0.8  16.1   2:30p   NNE
 6  22.9  29.0  12:00p  15.7   2:30a   0.3   4.3   0.0   0.8  12.9   2:30p   NNE
 7  23.9  29.5  12:30p  16.4   2:00a   0.1   4.9   0.0   0.6  16.1   3:00p   NNE
 8  25.2  31.3  12:00p  18.7   6:00a   0.0   5.9   0.0   0.5  12.9   9:30a     W
 9  26.2  32.1  12:30p  19.7   1:30a   0.0   6.6   0.0   0.3  11.3   2:00p     W
10  26.2  33.8   2:00p  20.7   6:00a   0.0   6.5   0.0   0.3  14.5   2:00p     W
11  29.2  37.7   1:00p  21.1   6:00a   0.0   9.1   0.4   0.6  17.7   7:30p    NE
12  20.6  25.4   1:00a  18.4   7:00p   0.0   1.3   9.4   0.2   8.0   1:00a   NNE
13  21.9  26.2   1:00p  16.7  12:00m   0.1   2.8   0.0   0.8  16.1   1:30p   NNE
14  23.1  29.0   2:00p  16.2   1:30a   0.3   4.6   0.0   0.5   9.7  11:30a   NNE
15  24.6  31.1  12:30p  17.4   1:30a   0.0   5.3   0.0   0.2  11.3  11:30a     W
16  23.2  26.3   2:00p  18.9  12:00m   0.0   4.3   0.0   0.0   6.4   9:30a   NNE
17  23.9  29.6   1:00p  18.3   2:30a   0.0   4.9   6.4   1.1  16.1  11:00a   NNE
18  22.8  27.9  11:30a  17.7  12:00m   0.0   4.0   1.8   0.5  11.3  10:30a   NNE
19  23.1  29.2  12:30p  16.4  12:00m   0.2   4.3   0.0   0.5  14.5   4:00p     W
20  24.1  31.4  12:00p  16.4  12:30a   0.2   5.3   0.0   0.6  16.1   3:00p     W
21  25.6  32.0  11:30a  18.2   1:30a   0.0   6.2   0.0   0.6  16.1   3:30p     W
22  25.1  30.4   1:00p  19.6   6:00a   0.0   5.6   0.0   0.5  11.3   9:00a     W
23  26.0  32.6   1:00p  19.0   3:00a   0.0   6.7   0.0   0.5  16.1  11:00a     W
24  22.3  25.6  12:30p  20.1  12:00m   0.0   3.2   4.0   0.2  12.9   5:30p   NNE
25  23.6  28.8  12:30p  19.6   6:30a   0.0   4.3   0.2   0.6  14.5  12:00p   NNE
26  25.8  32.2   1:30p  18.1   3:00a   0.0   6.7   0.0   0.2  12.9  12:30p     W
27  25.7  30.9   3:00p  21.2  12:00m   0.0   5.9  15.4   0.2  11.3   7:30p   NNE
28  23.2  27.6  12:00p  20.1   2:30a   0.0   4.2   0.2   1.6  27.4   6:30p   NNE
29  22.3  25.9  10:00a  18.1  11:00p   0.0   3.2   0.0   1.3  17.7   7:30a   NNE
30  23.2  29.2  12:30p  16.6  12:00m   0.1   4.4   0.0   1.3  14.5   9:00a   NNE
31  23.4  28.4   1:00p  16.4  12:30a   0.2   4.5   0.0   1.6  19.3   4:30p   NNE
-------------------------------------------------------------------------------------
    24.0  37.7    11    15.7     6     1.8 150.8  44.0   0.6  27.4    28     NNE

Max >=  32.0:  7
Max <=   0.0:  0
Min <=   0.0:  0
Min <= -18.0:  0
Max Rain: 15.39 ON 27/12/15
Days of Rain: 9 (> .2 mm) 5 (> 2 mm) 0 (> 20 mm)
Heat Base:  18.3  Cool Base:  18.3  Method: Integration