NOAA-Style Climate Reports

Select a Year or Month report
2019: Jan Feb Mar Apr May Jun Jul Aug Sep Oct Nov Dec
2018: Jan Feb Mar Apr May Jun Jul Aug Sep Oct Nov Dec
2017: Jan Feb Mar Apr May Jun Jul Aug Sep Oct Nov Dec
2016: Jan Feb Mar Apr May Jun Jul Aug Sep Oct Nov Dec
2015: Jan Feb Mar Apr May Jun Jul Aug Sep Oct Nov Dec
2014: Jan Feb Mar Apr May Jun Jul Aug Sep Oct Nov Dec
2013: Jan Feb Mar Apr May Jun Jul Aug Sep Oct Nov Dec
2012: Jan Feb Mar Apr May Jun Jul Aug Sep Oct Nov Dec
2011: Jan Feb Mar Apr May Jun Jul Aug Sep Oct Nov Dec
2010: Jan Feb Mar Apr May Jun Jul Aug Sep Oct Nov Dec

Report for 2015 November
                   MONTHLY CLIMATOLOGICAL SUMMARY for OCT. 2015

NAME: Wamuran   CITY: Wamuran   STATE: Queensland 
ELEV:    75 m  LAT:  27° 00' 16" S  LONG: 152° 51' 49" E

                   TEMPERATURE (°C), RAIN  (mm), WIND SPEED (km/hr)

                                      HEAT  COOL        AVG
    MEAN                              DEG   DEG         WIND                 DOM
DAY TEMP  HIGH   TIME   LOW    TIME   DAYS  DAYS  RAIN  SPEED HIGH   TIME    DIR
------------------------------------------------------------------------------------
 1  20.4  29.0   1:00p  13.1   6:30a   1.1   2.9   0.0   0.2  12.9   2:30p   NNE
 2  21.0  29.5  12:30p  13.0   2:00a   1.3   3.5   0.0   0.5  11.3  12:00p   NNE
 3  20.0  27.2  11:30a  13.1  12:00m   1.3   2.8   0.0   0.6  12.9  11:00a   NNE
 4  20.6  29.7   1:30p  12.0  12:00m   1.5   3.4   0.0   0.2   8.0  11:00a     W
 5  23.1  34.0   1:00p  10.7   2:00a   1.3   5.2   0.0   0.3  14.5   2:30p     W
 6  21.6  31.2   1:30p  10.4   6:30a   1.2   3.8   0.0   0.3   9.7   1:30p     W
 7  21.7  30.1   1:30p  12.6   6:30a   0.6   3.4   0.0   0.5  11.3   4:30p     W
 8  21.3  26.1  10:30a  15.5   6:30a   0.1   2.6   7.0   1.8  20.9   5:00p   NNE
 9  18.9  22.8   1:00p  15.8  12:00m   0.3   0.7  12.8   0.6  14.5  12:30p   NNE
10  18.8  25.3   1:30p  12.8  12:00m   1.4   1.8   0.0   0.2  12.9  11:30a   NNE
11  19.6  26.3   1:30p  12.2   1:30a   1.3   2.3   0.0   0.2  11.3  12:30p     W
12  21.7  29.2   1:00p  12.8   2:00a   0.7   3.6   0.0   0.3  11.3   2:30p     W
13  23.1  31.8  12:30p  15.1   6:30a   0.2   4.2   2.8   0.3  14.5   1:30p   WSW
14  21.0  27.6   1:00p  16.6   1:30a   0.2   2.4   0.6   0.2   9.7  10:30a     W
15  21.3  26.7  12:00p  17.0  10:30p   0.2   2.7   0.4   0.2  12.9   3:30p   NNE
16  20.7  26.8   1:00p  15.4  12:00m   0.6   2.7   0.0   0.5  12.9  12:00p   NNE
17  21.4  28.9  12:30p  14.4   3:00a   0.8   3.5   0.0   0.5  12.9   4:00p     W
18  21.2  27.8  12:30p  14.4  12:00m   0.7   3.1   0.0   0.5  12.9   1:00p   NNE
19  20.2  26.9   1:30p  14.0   1:00a   1.0   2.7   0.0   0.6  12.9   2:30p   NNE
20  20.3  27.1   1:00p  13.4   2:00a   1.1   2.7   0.0   0.5  14.5   3:00p     W
21  21.8  29.7   1:30p  13.7   1:00a   0.7   3.7   0.0   0.5  11.3  11:30a     W
22  24.6  32.0   2:30p  14.7   1:30a   0.2   5.3   9.4   0.5  24.1   6:00p   WSW
23  22.3  28.1  12:30p  16.8   6:00a   0.1   3.5   0.2   0.6  14.5   4:30p   NNE
24  20.1  22.8  11:00a  17.9   1:30a   0.0   1.5   2.6   0.2   8.0   9:00a   NNE
25  20.7  24.3   2:30p  16.2  12:00m   0.2   2.1   0.0   0.0  11.3   3:30p   WSW
26  23.6  30.3   1:00p  16.1  12:30a   0.2   4.6   4.4   0.5  12.9   4:30p   WSW
27  23.6  31.5  12:30p  17.4   6:30a   0.0   4.5  17.6   0.6  11.3   3:00p   NNE
28  18.3  19.4  12:00p  17.2  11:30p   0.2   0.2  11.8   0.2   8.0  10:00a   NNE
29  18.7  21.0   1:00p  17.0   1:00a   0.2   0.6   1.0   0.2   8.0  10:00a   NNE
30  19.2  24.2  10:00a  15.2   9:00p   0.6   1.3   0.6   0.2   8.0   9:00a   NNE
31  20.6  26.9  11:30a  14.9  12:00m   0.8   2.7   0.0   0.3  11.3   9:30a   WSW
-------------------------------------------------------------------------------------
    21.0  34.0     5    10.4     6    20.1  90.0  71.2   0.4  24.1    22     NNE

Max >=  32.0:  2
Max <=   0.0:  0
Min <=   0.0:  0
Min <= -18.0:  0
Max Rain: 17.60 ON 27/10/15
Days of Rain: 13 (> .2 mm) 8 (> 2 mm) 0 (> 20 mm)
Heat Base:  18.3  Cool Base:  18.3  Method: Integration