NOAA-Style Climate Reports

Select a Year or Month report
2019: Jan Feb Mar Apr May Jun Jul Aug Sep Oct Nov Dec
2018: Jan Feb Mar Apr May Jun Jul Aug Sep Oct Nov Dec
2017: Jan Feb Mar Apr May Jun Jul Aug Sep Oct Nov Dec
2016: Jan Feb Mar Apr May Jun Jul Aug Sep Oct Nov Dec
2015: Jan Feb Mar Apr May Jun Jul Aug Sep Oct Nov Dec
2014: Jan Feb Mar Apr May Jun Jul Aug Sep Oct Nov Dec
2013: Jan Feb Mar Apr May Jun Jul Aug Sep Oct Nov Dec
2012: Jan Feb Mar Apr May Jun Jul Aug Sep Oct Nov Dec
2011: Jan Feb Mar Apr May Jun Jul Aug Sep Oct Nov Dec
2010: Jan Feb Mar Apr May Jun Jul Aug Sep Oct Nov Dec

Report for 2015 August
                   MONTHLY CLIMATOLOGICAL SUMMARY for JUL. 2015

NAME: Wamuran   CITY: Wamuran   STATE: Queensland 
ELEV:    75 m  LAT:  27° 00' 16" S  LONG: 152° 51' 49" E

                   TEMPERATURE (°C), RAIN  (mm), WIND SPEED (km/hr)

                                      HEAT  COOL        AVG
    MEAN                              DEG   DEG         WIND                 DOM
DAY TEMP  HIGH   TIME   LOW    TIME   DAYS  DAYS  RAIN  SPEED HIGH   TIME    DIR
------------------------------------------------------------------------------------
 1  16.9  22.7   2:00p  12.1  12:00m   1.8   0.7   0.0   0.0   6.4  12:00p   ENE
 2  14.7  18.3   1:30p  10.8  12:00m   2.8   0.0   0.0   1.3  22.5   5:00p    NE
 3  13.0  18.9   2:00p   8.0   8:00a   4.1   0.0   0.0   0.5  11.3   1:30a   NNE
 4  14.2  19.5   2:30p  10.2  12:30a   3.2   0.1   0.0   0.0   6.4   9:00a    NE
 5  14.2  21.2   2:00p   9.1   2:00a   3.5   0.3   0.0   0.0   6.4   1:00p    NE
 6  15.7  22.4   2:00p   9.4   2:00a   2.6   0.6   0.0   0.0   6.4  12:30p    NE
 7  14.7  21.5   2:30p   9.0  11:30p   3.2   0.5   0.0   0.3   8.0   9:00a    NE
 8  14.6  19.2   1:30p   8.1   2:00a   3.0   0.1   0.0   0.3   9.7  10:30a   NNE
 9  14.6  19.2   1:00p  10.0  12:00m   3.0   0.0   0.0   0.3  11.3   1:30p   NNE
10  14.2  19.2   2:00p   8.8   2:00a   3.2   0.0   0.0   0.0   4.8  11:30a     W
11  16.1  21.6  12:30p   9.0   2:30a   2.2   0.5   0.2   0.0   6.4  12:00p    SE
12  11.8  16.6   2:00p   4.9  12:00m   5.0   0.0   0.0   1.3  27.4  10:30a    NE
13  13.3  17.0   3:00p   4.8  12:30a   3.7   0.0   0.0   2.3  27.4   2:00p    NE
14  13.8  17.9   2:30p   9.9   8:00a   3.4   0.0   0.0   1.1  17.7  11:30a   ENE
15  12.2  16.9   2:30p   7.2  12:00m   4.7   0.0   0.0   0.0   8.0   1:00a   ENE
16  12.4  17.3  12:30p   6.6   1:30a   4.5   0.0   0.0   0.2   9.7  12:00p   ENE
17  11.6  15.6   2:00p   7.8   8:30a   5.1   0.0   0.0   1.9  33.8   3:00p   ENE
18  11.5  17.3   2:00p   6.5  12:00m   5.2   0.0   0.0   0.2   9.7  10:30a    NE
19  14.3  18.7   2:00p   6.5  12:30a   3.0   0.0   0.0   0.2  11.3  10:30a   NNE
20  15.2  19.6   1:30p  10.4   2:00a   2.5   0.1   0.0   0.6  16.1   1:30p   NNE
21  14.2  19.7   1:00p  10.2  11:30p   3.2   0.0   6.4   0.2   9.7  10:30a   NNE
22  15.8  18.9   2:00p  10.4  12:30a   1.9   0.0   3.2   0.0   4.8  12:30p   NNE
23  17.4  22.3   2:30p  14.3  11:30p   1.2   0.5   0.0   0.0   4.8   1:00p    SE
24  19.2  24.1   2:00p  13.9   1:00a   0.6   1.3   0.0   0.0   6.4  11:00a     W
25  18.2  23.6   3:00p  14.0  11:30p   1.0   1.0   0.0   0.0   6.4  11:30a    NE
26  19.1  25.9   1:30p  12.8   8:00a   1.0   1.7   0.0   0.0   8.0  12:30p   NNE
27  17.2  21.3   2:00p  11.8  12:00m   1.4   0.6   0.0   0.8  14.5  10:00a    NE
28  14.0  19.6   2:30p   9.0  12:00m   3.5   0.1   0.0   0.2  11.3  12:00p   NNE
29  13.8  19.9   2:30p   7.8   1:30a   3.6   0.2   0.0   0.2   9.7  10:00a   NNE
30  14.4  21.8   2:30p   8.2   1:00a   3.4   0.3   0.0   0.0   8.0   4:30p     E
31  15.7  23.1   2:30p   9.8  11:30p   2.8   0.8   0.0   0.0   9.7  12:00p    NE
-------------------------------------------------------------------------------------
    14.8  25.9    26     4.8    13    93.4   9.4   9.8   0.4  33.8    17      NE

Max >=  32.0:  0
Max <=   0.0:  0
Min <=   0.0:  0
Min <= -18.0:  0
Max Rain: 6.40 ON 21/07/15
Days of Rain: 3 (> .2 mm) 2 (> 2 mm) 0 (> 20 mm)
Heat Base:  18.3  Cool Base:  18.3  Method: Integration