NOAA-Style Climate Reports

Select a Year or Month report
2019: Jan Feb Mar Apr May Jun Jul Aug Sep Oct Nov Dec
2018: Jan Feb Mar Apr May Jun Jul Aug Sep Oct Nov Dec
2017: Jan Feb Mar Apr May Jun Jul Aug Sep Oct Nov Dec
2016: Jan Feb Mar Apr May Jun Jul Aug Sep Oct Nov Dec
2015: Jan Feb Mar Apr May Jun Jul Aug Sep Oct Nov Dec
2014: Jan Feb Mar Apr May Jun Jul Aug Sep Oct Nov Dec
2013: Jan Feb Mar Apr May Jun Jul Aug Sep Oct Nov Dec
2012: Jan Feb Mar Apr May Jun Jul Aug Sep Oct Nov Dec
2011: Jan Feb Mar Apr May Jun Jul Aug Sep Oct Nov Dec
2010: Jan Feb Mar Apr May Jun Jul Aug Sep Oct Nov Dec

Report for 2015 June
                   MONTHLY CLIMATOLOGICAL SUMMARY for JUN. 2015

NAME: Wamuran   CITY: Wamuran   STATE: Queensland 
ELEV:    75 m  LAT:  27° 00' 16" S  LONG: 152° 51' 49" E

                   TEMPERATURE (°C), RAIN  (mm), WIND SPEED (km/hr)

                                      HEAT  COOL        AVG
    MEAN                              DEG   DEG         WIND                 DOM
DAY TEMP  HIGH   TIME   LOW    TIME   DAYS  DAYS  RAIN  SPEED HIGH   TIME    DIR
------------------------------------------------------------------------------------
 1  17.2  19.5  12:00p  12.9  12:00m   0.9   0.1   0.0   0.5  14.5   9:30p    NE
 2  12.4  19.1  12:30p   6.8  10:30p   4.6   0.0   0.0   0.0   6.4   6:30a   ENE
 3  14.2  21.1   6:00p   7.9   5:30p   4.3   0.3   0.0   0.0   6.4   5:00a   ENE
 4  11.2  11.7  12:30a  10.1   5:30a   1.6   0.0   0.0   0.0   1.6   4:00a   ESE
 5
 6
 7
 8
 9
10
11
12
13
14  16.4  16.8  10:00p  15.7  11:30p   0.3   0.0   0.0   0.0   0.0     ---   ---
15  18.2  22.1   2:30p  15.3   8:00p   0.8   0.7   0.4   0.2   8.0  11:30a   NNE
16  17.9  20.0   4:00p  15.4  12:00m   0.5   0.3   1.8   0.0   1.6  11:30a   WNW
17  17.5  19.2  11:30a  15.2   2:30a   0.6   0.1   3.4   0.0   3.2   1:30p   NNE
18  16.2  21.8   2:30p  11.3  11:30p   2.0   0.5   0.0   0.2   8.0  12:30p    NE
19  14.5  19.3   2:00p  10.8   8:00a   3.0   0.1   0.0   0.6  17.7  12:30p    NE
20  13.6  19.4   2:00p   9.3  12:00m   3.6   0.0   0.0   0.0   4.8   1:30a     E
21  14.2  19.4   2:00p   8.1   2:00a   3.3   0.1   0.0   0.2   8.0  11:00a   NNE
22  15.6  19.4  12:30p  11.1  12:30a   2.2   0.1   0.0   0.0   9.7  12:30p   NNE
23  16.2  20.7   2:30p  11.5   1:00a   1.9   0.3   0.0   0.0   9.7   2:30p   NNE
24  16.3  19.7   1:30p  12.9  12:00m   1.6   0.1   2.0   0.0   6.4   1:30p   NNE
25  15.6  19.3   1:00p  12.2  12:00m   2.2   0.1   0.4   0.0   6.4  11:30a   ESE
26  17.5  21.2   1:30p  11.2   1:30a   1.1   0.5   0.0   0.6  11.3   9:30a   NNE
27  17.7  21.0   3:30p  14.5   8:00a   1.0   0.6   0.0   0.3   9.7   9:30a   NNE
28  18.0  22.6   2:30p  14.8   8:00a   0.8   0.6   0.8   0.0  11.3   2:00p   NNE
29  16.4  18.6   1:00p  14.7   8:30p   1.4   0.0   2.2   0.2   6.4   9:30a   NNE
30  17.0  21.9   2:00p  13.6  12:00m   1.4   0.5   0.2   0.0   4.8  10:00a    NE
-------------------------------------------------------------------------------------
    15.9  22.6    28     6.8     2    39.3   5.0  11.2   0.1  17.7    19     NNE

Max >=  32.0:  0
Max <=   0.0:  0
Min <=   0.0:  0
Min <= -18.0:  0
Max Rain: 3.40 ON 17/06/15
Days of Rain: 8 (> .2 mm) 3 (> 2 mm) 0 (> 20 mm)
Heat Base:  18.3  Cool Base:  18.3  Method: Integration