NOAA-Style Climate Reports

Select a Year or Month report
2019: Jan Feb Mar Apr May Jun Jul Aug Sep Oct Nov Dec
2018: Jan Feb Mar Apr May Jun Jul Aug Sep Oct Nov Dec
2017: Jan Feb Mar Apr May Jun Jul Aug Sep Oct Nov Dec
2016: Jan Feb Mar Apr May Jun Jul Aug Sep Oct Nov Dec
2015: Jan Feb Mar Apr May Jun Jul Aug Sep Oct Nov Dec
2014: Jan Feb Mar Apr May Jun Jul Aug Sep Oct Nov Dec
2013: Jan Feb Mar Apr May Jun Jul Aug Sep Oct Nov Dec
2012: Jan Feb Mar Apr May Jun Jul Aug Sep Oct Nov Dec
2011: Jan Feb Mar Apr May Jun Jul Aug Sep Oct Nov Dec
2010: Jan Feb Mar Apr May Jun Jul Aug Sep Oct Nov Dec

Report for 2015 May
                   MONTHLY CLIMATOLOGICAL SUMMARY for APR. 2015

NAME: Wamuran   CITY: Wamuran   STATE: Queensland 
ELEV:    75 m  LAT:  27° 00' 16" S  LONG: 152° 51' 49" E

                   TEMPERATURE (°C), RAIN  (mm), WIND SPEED (km/hr)

                                      HEAT  COOL        AVG
    MEAN                              DEG   DEG         WIND                 DOM
DAY TEMP  HIGH   TIME   LOW    TIME   DAYS  DAYS  RAIN  SPEED HIGH   TIME    DIR
------------------------------------------------------------------------------------
 1  20.1  22.6   3:30p  18.7   2:00a   0.0   1.3  34.4   0.0   8.0   7:00p     N
 2  21.7  25.2  10:00a  18.7   7:30a   0.0   2.7  65.6   0.2  11.3  12:30p   NNE
 3  23.3  27.4   2:00p  20.4  11:00p   0.0   4.0   1.6   0.3  16.1   3:00p   NNE
 4  24.1  28.0   1:30p  20.2   2:00a   0.0   4.7   7.6   0.0   6.4   2:30p     W
 5  23.3  27.7   1:30p  18.3  11:30p   0.0   4.1   0.4   0.5  14.5  11:30a    NE
 6  24.3  30.9   2:30p  17.4   1:30a   0.0   4.7   0.0   0.0   6.4   8:30a    NE
 7  23.3  27.7  10:00a  19.6   7:00a   0.0   3.9   0.8   0.2  12.9  11:00a    NE
 8  19.9  25.4   3:00p  12.7   7:00a   0.6   2.0   0.0   0.6  14.5   1:30p    NE
 9  19.9  26.1   2:30p  14.7   7:30a   0.8   2.1   0.0   0.2   6.4  12:30p   NNE
10  20.1  25.7   2:00p  14.8   2:00a   0.7   2.2   0.0   0.5  11.3  10:30a   NNE
11  20.7  25.0  12:30p  16.3  12:00m   0.3   2.2   0.0   0.2  11.3   4:00p   NNE
12  21.3  27.1   1:30p  15.3   2:30a   0.3   2.8   0.0   0.0   6.4  12:00p     S
13  21.4  26.8  11:00a  16.3   2:00a   0.2   2.8   0.0   0.3   9.7   1:00p   NNE
14  21.1  26.1   1:30p  15.9   7:30a   0.3   2.6   0.0   0.2   9.7  11:30a   NNE
15  21.0  26.0  11:30a  16.2  11:30p   0.4   2.5   0.0   0.0   8.0  11:30a   NNE
16  20.9  26.7   2:00p  15.6   2:00a   0.5   2.5   0.0   0.0   8.0  12:30p   NNE
17  21.9  26.8   1:30p  16.2   1:30a   0.1   2.9   1.0   0.2   9.7  10:30a   WSW
18  22.4  27.4   2:30p  17.8   7:00a   0.0   3.4   0.4   0.0  11.3   1:30p   WSW
19  23.4  28.5   2:00p  17.8   7:00a   0.0   4.1  11.2   0.0   6.4  12:30p     E
20  18.9  22.1  11:30a  15.3  12:00m   0.5   1.1   3.4   0.0  12.9  10:00p    NE
21  16.4  20.3   3:00p  10.8  12:00m   1.8   0.3   0.0   1.1  19.3  12:00p    NE
22  16.7  22.8   2:30p   9.9   1:30a   2.0   0.7   0.0   0.6  16.1   8:30a    NE
23  18.5  24.8   2:30p  12.4  12:30a   1.4   1.5   0.0   0.0   1.6  12:30a     E
24  20.7  26.8   3:00p  14.1  12:30a   0.6   2.5   0.0   0.0   1.6   1:00p    NE
25  22.1  28.7   2:30p  15.6  12:30a   0.2   3.1   0.0   0.0   0.0     ---   ---
26  18.7  22.6   2:00p  13.7   9:00p   0.7   1.0   0.0   1.4  27.4  12:00p    NE
27  18.0  24.7   2:30p  13.1   7:30a   1.5   1.2   0.0   0.0   8.0   1:00a   ESE
28  18.8  24.1   1:30p  14.1  11:30p   1.1   1.5   0.0   0.3   9.7  10:00a   NNE
29  18.0  22.2   3:00p  14.1  12:30a   1.1   0.8   1.0   0.5  14.5   4:00p   NNE
30  16.2  17.4  12:30p  15.3   1:30a   1.4   0.0  30.4   0.0   4.8  10:00p     N
-------------------------------------------------------------------------------------
    20.6  30.9     6     9.9    22    16.7  71.2 157.8   0.2  27.4    26      NE

Max >=  32.0:  0
Max <=   0.0:  0
Min <=   0.0:  0
Min <= -18.0:  0
Max Rain: 65.61 ON 02/04/15
Days of Rain: 12 (> .2 mm) 6 (> 2 mm) 3 (> 20 mm)
Heat Base:  18.3  Cool Base:  18.3  Method: Integration