NOAA-Style Climate Reports

Select a Year or Month report
2019: Jan Feb Mar Apr May Jun Jul Aug Sep Oct Nov Dec
2018: Jan Feb Mar Apr May Jun Jul Aug Sep Oct Nov Dec
2017: Jan Feb Mar Apr May Jun Jul Aug Sep Oct Nov Dec
2016: Jan Feb Mar Apr May Jun Jul Aug Sep Oct Nov Dec
2015: Jan Feb Mar Apr May Jun Jul Aug Sep Oct Nov Dec
2014: Jan Feb Mar Apr May Jun Jul Aug Sep Oct Nov Dec
2013: Jan Feb Mar Apr May Jun Jul Aug Sep Oct Nov Dec
2012: Jan Feb Mar Apr May Jun Jul Aug Sep Oct Nov Dec
2011: Jan Feb Mar Apr May Jun Jul Aug Sep Oct Nov Dec
2010: Jan Feb Mar Apr May Jun Jul Aug Sep Oct Nov Dec

Report for 2015 March
                   MONTHLY CLIMATOLOGICAL SUMMARY for MAR. 2015

NAME: Wamuran   CITY: Wamuran   STATE: Queensland 
ELEV:    75 m  LAT:  27° 00' 16" S  LONG: 152° 51' 49" E

                   TEMPERATURE (°C), RAIN  (mm), WIND SPEED (km/hr)

                                      HEAT  COOL        AVG
    MEAN                              DEG   DEG         WIND                 DOM
DAY TEMP  HIGH   TIME   LOW    TIME   DAYS  DAYS  RAIN  SPEED HIGH   TIME    DIR
------------------------------------------------------------------------------------
 1  26.0  32.3   1:30p  20.7  12:30a   0.0   6.4   0.0   0.0   9.7   5:30p   WSW
 2  25.7  30.1  11:00a  20.9   2:30a   0.0   6.2   0.0   0.6  17.7  12:30p   NNE
 3  25.5  30.6   1:00p  20.4   7:00a   0.0   5.9   0.0   0.3  11.3  12:30p   NNE
 4  25.3  31.6   1:30p  20.1   7:00a   0.0   5.9   0.0   0.0   8.0  12:30p     W
 5  28.8  36.3   4:00p  19.8   2:30a   0.0   8.8   0.0   0.5  11.3  12:30p    NE
 6  24.9  28.2   2:30p  20.2  11:30p   0.0   5.3   0.0   0.3  16.1   1:00a   NNE
 7  24.8  30.6  12:30p  19.6   3:00a   0.0   5.6   0.0   0.0  11.3   3:30p     S
 8  25.9  32.1   1:00p  19.8   2:00a   0.0   6.2   0.0   0.0  11.3   3:00p   SSW
 9  26.3  32.3   1:00p  21.4   2:30a   0.0   6.9   0.0   0.0   9.7   3:00p   SSW
10  25.8  30.7   1:30p  20.8  12:00m   0.0   6.2   0.0   0.5  11.3  11:30a   NNE
11  25.2  30.3  12:00p  19.5   2:30a   0.0   5.6   0.0   0.5  16.1  12:30p   NNE
12  24.0  29.9  12:30p  18.9  12:00m   0.0   4.7   0.4   0.5   9.7   1:30p   NNE
13  24.6  29.4  11:30a  18.4   2:00a   0.0   5.1   0.0   1.0  16.1  12:00p   NNE
14  23.2  29.0  12:30p  17.7  12:00m   0.0   4.2   0.0   1.0  17.7  10:00a   NNE
15  23.8  31.4   1:30p  16.4   2:30a   0.1   4.7   0.0   0.5  14.5  12:30p   NNE
16  23.6  28.6  12:30p  16.5   7:00a   0.1   4.3   0.0   0.5  14.5  12:00p   NNE
17  22.9  27.8  12:30p  17.6  12:00m   0.0   3.9   0.0   0.0   8.0   9:00a     W
18  23.2  28.8   3:00p  17.4   7:00a   0.1   4.1   2.2   0.2  12.9  10:30a   NNE
19  28.3  36.6   2:00p  19.7   1:00a   0.0   8.1   0.0   0.2   9.7   1:30p    NE
20  28.0  34.3  12:30p  21.4   7:00a   0.0   7.5   0.0   0.2  11.3   2:00p   WSW
21  25.0  30.2   1:30p  21.1  12:00m   0.0   5.2  15.4   0.2   9.7   3:30p    NE
22  22.3  27.6  11:30a  19.9  12:00m   0.0   3.1  30.4   0.0  12.9  12:00p     N
23  22.8  27.5   2:00p  19.0  12:00m   0.0   3.4   0.0   0.0   6.4   8:30a   NNE
24  24.7  31.1   1:30p  18.9   2:00a   0.0   5.2   0.0   0.0   9.7   4:00p   WSW
25  27.2  33.3   1:30p  19.9   1:30a   0.0   6.9   0.0   0.0   8.0   3:30p     W
26  27.0  33.2   2:00p  23.2   7:00a   0.0   7.1   0.0   0.0   6.4  12:00p   WSW
27  26.4  32.2   2:30p  21.9   7:00a   0.0   6.6   0.0   0.5  14.5  10:00a   NNE
28  23.7  27.5   2:30p  19.4  12:00m   0.0   4.2   0.6   0.2   8.0  12:00p     N
29  22.6  28.6  12:00p  17.9  12:00m   0.0   3.6   0.0   0.2   9.7  11:00a   WSW
30  22.1  28.1   2:30p  17.2   2:00a   0.1   3.2   0.0   0.0   9.7   2:30p   WSW
31  21.1  25.9  11:30a  18.6  12:30a   0.0   2.2  15.0   0.0   6.4   2:00p   NNE
-------------------------------------------------------------------------------------
    24.9  36.6    19    16.4    15     0.4 166.0  64.0   0.2  17.7     2     NNE

Max >=  32.0:  9
Max <=   0.0:  0
Min <=   0.0:  0
Min <= -18.0:  0
Max Rain: 30.40 ON 22/03/15
Days of Rain: 6 (> .2 mm) 4 (> 2 mm) 1 (> 20 mm)
Heat Base:  18.3  Cool Base:  18.3  Method: Integration