NOAA-Style Climate Reports

Select a Year or Month report
2019: Jan Feb Mar Apr May Jun Jul Aug Sep Oct Nov Dec
2018: Jan Feb Mar Apr May Jun Jul Aug Sep Oct Nov Dec
2017: Jan Feb Mar Apr May Jun Jul Aug Sep Oct Nov Dec
2016: Jan Feb Mar Apr May Jun Jul Aug Sep Oct Nov Dec
2015: Jan Feb Mar Apr May Jun Jul Aug Sep Oct Nov Dec
2014: Jan Feb Mar Apr May Jun Jul Aug Sep Oct Nov Dec
2013: Jan Feb Mar Apr May Jun Jul Aug Sep Oct Nov Dec
2012: Jan Feb Mar Apr May Jun Jul Aug Sep Oct Nov Dec
2011: Jan Feb Mar Apr May Jun Jul Aug Sep Oct Nov Dec
2010: Jan Feb Mar Apr May Jun Jul Aug Sep Oct Nov Dec

Report for 2015 February
                   MONTHLY CLIMATOLOGICAL SUMMARY for FEB. 2015

NAME: Wamuran   CITY: Wamuran   STATE: Queensland 
ELEV:    75 m  LAT:  27° 00' 16" S  LONG: 152° 51' 49" E

                   TEMPERATURE (°C), RAIN  (mm), WIND SPEED (km/hr)

                                      HEAT  COOL        AVG
    MEAN                              DEG   DEG         WIND                 DOM
DAY TEMP  HIGH   TIME   LOW    TIME   DAYS  DAYS  RAIN  SPEED HIGH   TIME    DIR
------------------------------------------------------------------------------------
 1  27.5  34.5   2:00p  20.7   2:00a   0.0   7.7   0.0   0.3   9.7   1:00p     W
 2  25.0  30.7  10:30a  20.4  12:00m   0.0   5.4   3.2   1.1  14.5   5:00p   NNE
 3  23.4  28.2   1:30p  18.9   3:30a   0.0   4.6   2.8   1.3  20.9   4:00p   NNE
 4  23.7  27.4   1:30p  19.3   7:00a   0.0   4.6   1.4   1.0  20.9   5:00p   NNE
 5  23.9  28.6   1:30p  19.1   1:00a   0.0   4.7   0.0   1.4  17.7   2:00p   NNE
 6  24.0  28.4   1:00p  19.0   1:30a   0.0   5.0   0.4   1.9  19.3  11:00a   NNE
 7  24.6  29.1  11:00a  20.1   2:30a   0.0   5.4   0.0   0.6  14.5   1:30p   NNE
 8  25.1  31.3   1:30p  19.3   6:30a   0.0   6.1   0.0   0.5  11.3   3:00p   NNE
 9  25.0  30.3   1:00p  18.3   2:30a   0.0   5.7   0.0   1.1  20.9   1:00p   NNE
10  23.7  28.6  12:00p  20.1   3:00a   0.0   4.8   6.0   1.0  24.1   1:00p   NNE
11  23.3  28.4   2:00p  19.6   2:00a   0.0   4.5  15.4   0.8  12.9  11:00a   NNE
12  23.4  28.1   2:00p  20.2  11:00p   0.0   4.5   3.6   0.2  14.5  10:30a   NNE
13  23.4  28.7   1:30p  19.1   3:00a   0.0   4.5  11.2   1.1  19.3   5:00p   NNE
14  23.4  28.4   2:00p  18.6   3:00a   0.0   4.4   0.0   0.6  14.5  12:30p   NNE
15  23.7  28.3  12:30p  18.8   2:30a   0.0   4.5   2.0   0.3  12.9   2:30p   NNE
16  24.2  30.1   1:00p  18.0   2:30a   0.0   5.0   0.0   0.6  12.9  11:30a   NNE
17  24.6  29.5   1:00p  18.8   2:00a   0.0   5.2   0.0   1.0  19.3   3:30p   NNE
18  23.6  27.8  12:00p  20.8   2:00a   0.0   4.4  11.8   0.8  19.3  10:30a   NNE
19  22.9  23.8   9:00a  21.4  11:30p   0.0   3.7  66.2   0.6  17.7   3:30p     N
20  21.8  22.3   9:30a  21.0   9:30p   0.0   2.2  88.2   0.5  11.3  10:00a   NNW
21  23.5  24.6   3:00p  22.1  10:00a   0.0   3.1  65.0   0.6   9.7  10:00a     N
22  25.8  30.2   1:00p  22.4   2:30a   0.0   6.2   2.8   1.0  14.5   9:30a     N
23  25.4  29.7   2:00p  22.4   7:00a   0.0   6.0   0.0   0.8  17.7   4:00p     N
24  25.4  29.7   1:30p  21.9   2:00a   0.0   5.8   0.4   0.8  14.5  11:30a     N
25  25.1  29.7   1:00p  20.9  11:30p   0.0   6.0   0.0   0.6  11.3  12:30p     N
26  25.0  30.5   2:00p  19.7   7:00a   0.0   5.5   0.0   0.0   8.0  11:30a   WSW
27  24.6  30.4   1:30p  20.1   3:00a   0.0   5.0   1.0   0.0   9.7   4:30p     W
28  25.2  30.7   2:00p  20.0   2:30a   0.0   5.7   0.0   0.0  12.9   1:30p     W
-------------------------------------------------------------------------------------
    24.3  34.5     1    18.0    16     0.0 139.8 281.4   0.7  24.1    10     NNE

Max >=  32.0:  1
Max <=   0.0:  0
Min <=   0.0:  0
Min <= -18.0:  0
Max Rain: 88.19 ON 20/02/15
Days of Rain: 16 (> .2 mm) 12 (> 2 mm) 3 (> 20 mm)
Heat Base:  18.3  Cool Base:  18.3  Method: Integration