NOAA-Style Climate Reports

Select a Year or Month report
2019: Jan Feb Mar Apr May Jun Jul Aug Sep Oct Nov Dec
2018: Jan Feb Mar Apr May Jun Jul Aug Sep Oct Nov Dec
2017: Jan Feb Mar Apr May Jun Jul Aug Sep Oct Nov Dec
2016: Jan Feb Mar Apr May Jun Jul Aug Sep Oct Nov Dec
2015: Jan Feb Mar Apr May Jun Jul Aug Sep Oct Nov Dec
2014: Jan Feb Mar Apr May Jun Jul Aug Sep Oct Nov Dec
2013: Jan Feb Mar Apr May Jun Jul Aug Sep Oct Nov Dec
2012: Jan Feb Mar Apr May Jun Jul Aug Sep Oct Nov Dec
2011: Jan Feb Mar Apr May Jun Jul Aug Sep Oct Nov Dec
2010: Jan Feb Mar Apr May Jun Jul Aug Sep Oct Nov Dec

Report for 2015 January
                   MONTHLY CLIMATOLOGICAL SUMMARY for JAN. 2015

NAME: Wamuran   CITY:    STATE:  
ELEV:    75 m  LAT:  27° 00' 00" S  LONG: 152° 54' 00" E

                   TEMPERATURE (°C), RAIN  (mm), WIND SPEED (km/hr)

                                      HEAT  COOL        AVG
    MEAN                              DEG   DEG         WIND                 DOM
DAY TEMP  HIGH   TIME   LOW    TIME   DAYS  DAYS  RAIN  SPEED HIGH   TIME    DIR
------------------------------------------------------------------------------------
 1  27.0  33.1   1:30p  22.1  12:00m   0.0   7.4   3.4   0.2  14.5   3:00p   WSW
 2  26.4  31.1  10:30a  21.4   2:30a   0.0   6.9   1.0   0.5  17.7   4:00p   WSW
 3  23.2  26.2   4:00p  20.9  12:00m   0.0   4.2  12.6   0.0  16.1  10:00a   NNE
 4  24.9  30.4   1:00p  19.4  12:00m   0.0   6.1   0.4   0.6  14.5  11:30a   NNE
 5  22.5  26.3  10:00a  19.2   1:00a   0.0   3.7  28.8   0.2  17.7   5:30p   NNE
 6  24.3  29.1   1:30p  19.2  11:30p   0.0   5.2   0.8   1.1  19.3   2:00p   NNE
 7  22.7  26.7  11:30a  19.1  12:30a   0.0   3.8   0.6   0.8  12.9  11:00a   NNE
 8  22.0  27.8  11:30a  18.3   3:00a   0.0   3.2   3.6   0.2  12.9   2:00p   NNE
 9  25.1  31.3   1:30p  18.3   3:00a   0.0   5.9   0.0   0.5  14.5   3:00p     W
10  26.3  32.3  12:00p  19.9   2:30a   0.0   6.8   0.0   0.6  12.9  12:30p     W
11  26.3  31.3  11:30a  20.6   3:00a   0.0   6.9   0.0   0.5   9.7  11:30a   NNE
12  24.9  30.6  11:30a  22.1   3:00a   0.0   5.8   3.4   0.2  12.9   4:30p     W
13  25.0  28.9  12:00p  22.2   1:30a   0.0   5.4   2.0   0.0   8.0   3:30p   NNE
14  26.4  32.1   2:00p  22.1   7:00a   0.0   6.9   1.0   0.0   9.7  11:00a    NE
15  29.2  35.7   3:00p  22.3  12:00m   0.0   9.1   0.0   1.1  17.7   4:00p    NE
16  28.3  34.8  12:30p  21.6   2:00a   0.0   8.3   0.0   0.5   9.7   9:00a   WSW
17  30.4  39.1  12:30p  21.9   2:00a   0.0  10.1   0.0   0.5  14.5   2:30p     W
18  30.4  38.9   1:00p  23.4   2:00a   0.0  10.1   0.0   0.5  14.5   2:00p     W
19  26.9  34.7  11:00a  22.6   1:30p   0.0   7.2   4.2   0.3  14.5  11:30a     W
20  24.7  30.3   1:00p  20.3   2:30a   0.0   5.4   1.6   0.3  16.1   2:30p     W
21  25.9  32.0  12:30p  19.6   6:30a   0.0   6.4   0.0   0.5  12.9   9:30a     W
22  23.9  28.3  12:00p  21.2  11:00p   0.0   4.9   7.0   0.2   9.7   3:00p   NNE
23  21.4  22.8  11:00a  19.7   7:00p   0.0   2.2  76.4   1.4  19.3   6:30p   NNE
24  24.7  28.9   4:30p  21.1  12:00m   0.0   4.8   0.4   0.5  14.5  10:30a   NNE
25  28.7  36.6   1:30p  20.5   2:30a   0.0   8.8   0.0   0.5  11.3  10:00a    NE
26  28.0  34.0  11:00a  24.2  12:00m   0.0   8.1   0.2   0.5   9.7  11:30a   NNE
27  26.4  31.2  11:00a  22.2  12:00m   0.0   7.0   0.6   0.8  12.9   2:00p   NNE
28  22.2  26.2   3:00p  19.3  12:00m   0.0   3.2  16.0   0.5  11.3   2:30p   NNE
29  23.7  28.1   1:00p  18.7   6:30a   0.0   4.4   0.0   0.5  11.3  12:30p   NNE
30  23.7  29.1   1:00p  19.6  11:30p   0.0   4.7   5.4   0.2  12.9   2:00p     W
31  26.6  33.8   1:30p  18.3   3:00a   0.0   7.2   0.0   0.5   9.7  12:30p    NE
-------------------------------------------------------------------------------------
    25.6  39.1    17    18.3     8     0.0 190.1 169.4   0.5  19.3     6     NNE

Max >=  32.0: 12
Max <=   0.0:  0
Min <=   0.0:  0
Min <= -18.0:  0
Max Rain: 76.40 ON 23/01/15
Days of Rain: 20 (> .2 mm) 11 (> 2 mm) 2 (> 20 mm)
Heat Base:  18.3  Cool Base:  18.3  Method: Integration